{"id":10051,"date":"2023-05-18T17:12:28","date_gmt":"2023-05-18T10:12:28","guid":{"rendered":"https:\/\/anpiano.com\/?post_type=product&#038;p=10051"},"modified":"2025-09-08T17:36:40","modified_gmt":"2025-09-08T10:36:40","slug":"kawai-ca-12r","status":"publish","type":"product","link":"https:\/\/anpiano.com\/?product=kawai-ca-12r","title":{"rendered":"Kawai CA 12R"},"content":{"rendered":"<p>Kawai CA 12R \u0111em kh\u00f4ng gian cho ng\u00f4i nh\u00e0 b\u1ea1n. C\u00f9ng v\u1edbi \u00e2m thanh chu\u1ea9n ch\u1ea5t l\u01b0\u1ee3ng t\u1ea1o n\u00ean \u00e2m s\u1eafc \u0111a d\u1ea1ng ri\u00eang c\u1ee7a Kawai CA 12. Thi\u1ebft k\u1ebf ho\u00e0n to\u00e0n m\u1edbi, ch\u1ea5t l\u01b0\u1ee3ng cao, k\u1ebft c\u1ea5u \u1ed5n \u0111\u1ecbnh. B\u00e0n ph\u00edm \u0111\u01b0\u1ee3c c\u1ea3i ti\u1ebfn linh ho\u1ea1t h\u01a1n, h\u1ec7 th\u1ed1ng loa m\u1ea1nh m\u1ebd c\u00f4ng su\u1ea5t l\u1edbn, \u00c2m thanh Piano \u0111\u01b0\u1ee3c c\u1ea3i ti\u1ebfn r\u1ea5t \u0111\u00e1ng k\u1ec3.<\/p>\n<p><img fetchpriority=\"high\" decoding=\"async\" class=\"alignnone size-medium wp-image-10053\" src=\"https:\/\/anpiano.com\/wp-content\/uploads\/2023\/05\/2-31-300x225.png\" alt=\"Kawai CA 12R\" width=\"300\" height=\"225\" srcset=\"https:\/\/anpiano.com\/wp-content\/uploads\/2023\/05\/2-31-300x225.png 300w, https:\/\/anpiano.com\/wp-content\/uploads\/2023\/05\/2-31-247x185.png 247w, https:\/\/anpiano.com\/wp-content\/uploads\/2023\/05\/2-31-510x383.png 510w, https:\/\/anpiano.com\/wp-content\/uploads\/2023\/05\/2-31.png 600w\" sizes=\"(max-width: 300px) 100vw, 300px\" \/><\/p>\n<p>Piano Kawai CA 12R l\u00e0 d\u00f2ng Piano \u0111i\u1ec7n ph\u00e2n kh\u00fac cao c\u1ea5p t\u1eeb h\u00e3ng Kawai \u2013 Nh\u1eadt B\u1ea3n. Kawai CA 12R c\u0169ng l\u00e0 \u0111\u00e0n Piano thu\u1ed9c d\u00f2ng Concert Artist (CA) n\u1ed5i ti\u1ebfng nh\u1ea5t c\u1ee7a h\u00e3ng n\u00e0y. Kawai CA 12R \u0111\u01b0\u1ee3c gi\u1edbi chuy\u00ean m\u00f4n \u0111\u00e1nh gi\u00e1 cao v\u1ec1 h\u00ecnh th\u1ee9c hi\u1ec7n \u0111\u1ea1i, ch\u1ea5t l\u01b0\u1ee3ng \u00e2m thanh Grand Piano tuy\u1ec7t v\u1eddi v\u00e0 h\u1ec7 ph\u00edm g\u1ed7 t\u00e1i t\u1ea1o c\u00f3 bi\u1ec3u c\u1ea3m \u00e2m thanh \u0111a d\u1ea1ng.<\/p>\n<h2><span id=\"Uu_diem_noi_troi_cua_Piano_Kawai_CA_12\">\u01afu \u0111i\u1ec3m n\u1ed5i tr\u1ed9i c\u1ee7a Piano Kawai CA 12R<\/span><\/h2>\n<figure id=\"attachment_1460\" class=\"wp-caption aligncenter\" aria-describedby=\"caption-attachment-1460\"><figcaption id=\"caption-attachment-1460\" class=\"wp-caption-text\">Kawai CA 12R gi\u00e1 ph\u1ea3i ch\u0103ng, ch\u1ea5t l\u01b0\u1ee3ng Grand Piano, c\u00f4ng ngh\u1ec7 RM3 Grand II n\u1ed5i b\u1eadt<\/figcaption><\/figure>\n<p><span style=\"background-color: #ffffff; color: #282828;\">Piano Kawai CA 12R mang nh\u1eefng \u01b0u \u0111i\u1ec3m n\u1ed5i b\u1eadt so v\u1edbi c\u00e1c d\u00f2ng Piano kh\u00e1c tr\u00ean th\u1ecb tr\u01b0\u1eddng:\u00a0<\/span><\/p>\n<ul>\n<li>Gi\u00e1 c\u1ea3 c\u1ea1nh tranh so v\u1edbi Yamaha, Roland. S\u1edf h\u1eefu nh\u1eefng t\u00ednh n\u0103ng cao c\u1ea5p t\u01b0\u01a1ng t\u1ef1 tr\u00ean d\u00f2ng Piano \u0111i\u1ec7n c\u1ee7a Yamaha v\u00e0 Roland nh\u01b0ng Kawai CA 12R l\u1ea1i c\u00f3 m\u1ee9c gi\u00e1 v\u00f4 c\u00f9ng ph\u1ea3i ch\u0103ng. Ngo\u00e0i ra trong c\u00f9ng ph\u00e2n kh\u00fac gi\u00e1, ch\u00fang ta r\u1ea5t kh\u00f3 \u0111\u1ec3 t\u00ecm \u0111\u01b0\u1ee3c 1 model n\u00e0o t\u1eeb Yamaha v\u00e0 Roland c\u00f3 h\u1ec7 ph\u00edm g\u1ed7 m\u00e0 bi\u1ec3u c\u1ea3m \u00e2m thanh \u0111a d\u1ea1ng nh\u01b0 v\u1eady.<\/li>\n<li>L\u1ea5y m\u1eabu t\u1eeb Piano Kawai EX Grand \u0111\u1eb3ng c\u1ea5p th\u1ebf gi\u1edbi mang l\u1ea1i tr\u1ea3i nghi\u1ec7m \u00e2m thanh ch\u00e2n th\u1ef1c, h\u00e0i h\u00f2a nh\u01b0 ch\u01a1i \u0111\u00e0n Piano c\u01a1.<\/li>\n<li>C\u00f4ng ngh\u1ec7 ph\u00edm g\u1ed7 n\u1ed5i b\u1eadt RM3 Grand II t\u1ea1o \u0111\u1ed9 nh\u1ea1y b\u00e9n, \u00e2m s\u1eafc nh\u1ea1c \u0111i\u1ec7u m\u01b0\u1ee3t m\u00e0.<\/li>\n<\/ul>\n<h2><span id=\"Hinh_thuc_ben_ngoai\">H\u00ecnh th\u1ee9c b\u00ean ngo\u00e0i\u00a0<\/span><\/h2>\n<p>\u0110\u00e0n Piano \u0110i\u1ec7n\u00a0<b>Kawai CA12R<\/b>\u00a0 c\u00f3 thi\u1ebft k\u1ebf \u0111\u1eb9p, h\u00e0i h\u00f2a, nh\u1ecf g\u1ecdn. M\u00e0u n\u00e2u \u0111en l\u00e0 m\u00e0u kinh \u0111i\u1ec3n c\u1ee7a Piano mang l\u1ea1i n\u00e9t \u0111\u1eb9p c\u1ed5 \u0111i\u1ec3n, tinh t\u1ebf. V\u1ebb hi\u1ec7n \u0111\u1ea1i, sang tr\u1ecdng c\u1ee7a Kawai CA12R \u0111\u01b0\u1ee3c t\u00f4 \u0111i\u1ec3m b\u1edfi 1 d\u1ea3i m\u00e0u v\u00e0ng \u0111\u1ed3ng tr\u00ean n\u1eafp \u0111\u00e0n. Thi\u1ebft k\u1ebf d\u00e1ng \u0111\u1ee9ng Upright c\u1ee7a c\u00e2y \u0111\u00e0n r\u1ea5t ph\u00f9 h\u1ee3p v\u1edbi kh\u00f4ng gian s\u1ed1ng hi\u1ec7n \u0111\u1ea1i.<\/p>\n<p><img decoding=\"async\" class=\"alignnone size-medium wp-image-10052\" src=\"https:\/\/anpiano.com\/wp-content\/uploads\/2023\/05\/1-31-300x225.png\" alt=\"Kawai CA 12R\" width=\"300\" height=\"225\" srcset=\"https:\/\/anpiano.com\/wp-content\/uploads\/2023\/05\/1-31-300x225.png 300w, https:\/\/anpiano.com\/wp-content\/uploads\/2023\/05\/1-31-247x185.png 247w, https:\/\/anpiano.com\/wp-content\/uploads\/2023\/05\/1-31-510x383.png 510w, https:\/\/anpiano.com\/wp-content\/uploads\/2023\/05\/1-31.png 600w\" sizes=\"(max-width: 300px) 100vw, 300px\" \/><\/p>\n<p>To\u00e0n b\u1ed9 ph\u00edm \u0111\u00e0n Kawai CA12R\u00a0 \u0111\u01b0\u1ee3c l\u00e0m t\u1eeb g\u1ed7 ch\u1ea5t l\u01b0\u1ee3ng cao. C\u00f2n b\u1ec1 m\u1eb7t ph\u00edm tr\u1eafng l\u00e0m t\u1eeb Ng\u00e0 voi t\u1ed5ng h\u1ee3p \u201cIvory Touch\u201d t\u0103ng th\u00eam ph\u1ea7n sang tr\u1ecdng c\u0169ng nh\u01b0 gi\u1ea3m \u0111\u1ed9 tr\u01a1n tr\u01b0\u1ee3t khi thao t\u00e1c tr\u00ean c\u00e1c ph\u00edm \u0111\u00e0n.<\/p>\n<h2><span id=\"Cac_dac_diem_cua_Piano_dien_Kawai_CA_12\">C\u00e1c \u0111\u1eb7c \u0111i\u1ec3m c\u1ee7a Piano \u0111i\u1ec7n Kawai CA 12R<\/span><\/h2>\n<h3><span id=\"Ban_phim_RM3_Grand_II_voi_88_phim_go_mat_Ivory_Touch\">B\u00e0n ph\u00edm RM3 Grand II v\u1edbi 88 ph\u00edm g\u1ed7 m\u1eb7t Ivory Touch<\/span><\/h3>\n<p>Kawai CA12R\u00a0 l\u00e0 d\u00f2ng \u0111\u00e0n Piano \u0111i\u1ec7n ph\u00edm g\u1ed7 truy\u1ec1n th\u1ed1ng. To\u00e0n b\u1ed9 88 ph\u00edm c\u1ee7a <strong>Kawai CA 12R<\/strong>\u00a0l\u00e0 ph\u00edm n\u1eb7ng l\u00e0m t\u1eeb g\u1ed7 t\u1ef1 nhi\u00ean. C\u00e1c ph\u00edm c\u00f3 chi\u1ec1u d\u00e0i v\u00e0 l\u1ef1c ph\u00edm t\u01b0\u01a1ng \u0111\u01b0\u01a1ng v\u1edbi Grand Piano. V\u00ec v\u1eady, \u0111\u00e2y \u0111\u01b0\u1ee3c xem l\u00e0\u00a0lo\u1ea1i \u0111\u00e0n Piano \u0111i\u1ec7n c\u00f3 d\u00f2ng ph\u00edm l\u1edbn nh\u1ea5t th\u1ebf gi\u1edbi.<\/p>\n<p><i>Kawai CA12R<\/i>\u00a0 c\u00f3 c\u00f4ng ngh\u1ec7 ph\u00edm n\u1ed5i b\u1eadt c\u1ee7a d\u00f2ng Piano \u0111i\u1ec7n Kawai: Grand Feel II (GFII). H\u1ec7 ph\u00edm GFII n\u00e2ng c\u1ea5p gi\u00fap t\u1ed1i \u01b0u \u0111\u1ed9 nh\u1ea1y ph\u00edm c\u1ee7a Kawai CA 12R n\u00ean gi\u00fap ng\u01b0\u1eddi ch\u01a1i c\u00f3 c\u1ea3m gi\u00e1c tho\u1ea3i m\u00e1i \u0111\u1ec3 t\u1ea1o n\u00ean nh\u1eefng giai \u0111i\u1ec7u m\u01b0\u1ee3t m\u00e0.<\/p>\n<p><img decoding=\"async\" class=\"alignnone size-medium wp-image-10054\" src=\"https:\/\/anpiano.com\/wp-content\/uploads\/2023\/05\/3-31-300x225.png\" alt=\"Kawai CA 12R\" width=\"300\" height=\"225\" srcset=\"https:\/\/anpiano.com\/wp-content\/uploads\/2023\/05\/3-31-300x225.png 300w, https:\/\/anpiano.com\/wp-content\/uploads\/2023\/05\/3-31-247x185.png 247w, https:\/\/anpiano.com\/wp-content\/uploads\/2023\/05\/3-31-510x383.png 510w, https:\/\/anpiano.com\/wp-content\/uploads\/2023\/05\/3-31.png 600w\" sizes=\"(max-width: 300px) 100vw, 300px\" \/><\/p>\n<p>C\u0103n c\u1ee9 v\u00e0o m\u1ed9t s\u1ed1 ti\u00eau ch\u00ed th\u00ec d\u00f2ng Piano \u0111i\u1ec7n Kawai CA th\u1eadm ch\u00ed \u0111\u01b0\u1ee3c \u0111\u00e1nh gi\u00e1 l\u00e0 mang l\u1ea1i tr\u1ea3i nghi\u1ec7m bi\u1ec3u di\u1ec5n t\u1ed1t h\u01a1n Yamaha v\u00e0 Roland. M\u1ed9t ph\u1ea7n l\u00e0 nh\u1edd v\u00e0o ch\u1ea5t l\u01b0\u1ee3ng b\u00e0n ph\u00edm hybrid (ph\u00edm lai c\u01a1) \u2013 l\u1ea7n \u0111\u1ea7u ti\u00ean \u00e1p d\u1ee5ng tr\u00ean d\u00f2ng Piano \u0111i\u1ec7n.<\/p>\n<h3><span id=\"Am_thanh_-_cong_nghe_Harmonic_Imaging\">\u00c2m thanh \u2013 c\u00f4ng ngh\u1ec7 Harmonic Imaging<\/span><\/h3>\n<p><i>Kawai CA 12R<\/i>\u00a0 l\u1ea5y m\u1eabu t\u1eeb c\u00e2y \u0111\u00e0n c\u01a1 bi\u1ec3u t\u01b0\u1ee3ng c\u1ee7a h\u00e3ng Kawai: Piano\u00a0Grand Concert Shigeru EX. To\u00e0n b\u1ed9 88 ph\u00edm \u0111\u01b0\u1ee3c l\u1ea5y m\u1eabu, thu \u00e2m \u0111\u1ed9 ph\u00e2n gi\u1ea3i v\u1edbi c\u00f4ng ngh\u1ec7 x\u1eed l\u00fd \u00e2m thanh Harmonic Imaging \u2013 \u0111\u1ed9c quy\u1ec1n c\u1ee7a Kawai. C\u00f4ng ngh\u1ec7 Harmonic Imaging XL cho ph\u00e9p m\u1edf r\u1ed9ng s\u00f3ng \u00e2m l\u00ean t\u1edbi 120%. Vi\u1ec7c ghi \u00e2m l\u1ea1i t\u1eebng ph\u00edm ri\u00eang l\u1ebb \u0111\u1ea3m b\u1ea3o \u0111\u01b0\u1ee3c ch\u1ea5t l\u01b0\u1ee3ng v\u00e0 t\u00ednh h\u00e0i h\u00f2a \u0111a d\u1ea1ng t\u1eeb c\u00e2y \u0111\u1ea1i d\u01b0\u01a1ng c\u1ea7m EX nguy\u00ean b\u1ea3n.<\/p>\n<p><img loading=\"lazy\" decoding=\"async\" class=\"alignnone size-medium wp-image-10055\" src=\"https:\/\/anpiano.com\/wp-content\/uploads\/2023\/05\/4-26-300x225.png\" alt=\"Kawai CA 12R\" width=\"300\" height=\"225\" srcset=\"https:\/\/anpiano.com\/wp-content\/uploads\/2023\/05\/4-26-300x225.png 300w, https:\/\/anpiano.com\/wp-content\/uploads\/2023\/05\/4-26-247x185.png 247w, https:\/\/anpiano.com\/wp-content\/uploads\/2023\/05\/4-26-510x383.png 510w, https:\/\/anpiano.com\/wp-content\/uploads\/2023\/05\/4-26.png 600w\" sizes=\"(max-width: 300px) 100vw, 300px\" \/><\/p>\n<p>\u0110\u00e0n Piano Kawai EX Grand l\u00e0 d\u00f2ng \u0111\u00e0n Grand Piano Shigeru n\u1ed5i ti\u1ebfng th\u1ebf gi\u1edbi.\u00a0<b>Kawai CA12R<\/b>\u00a0\u0111\u00e3\u00a0th\u1eeba h\u01b0\u1edfng nh\u1eefng s\u1eafc th\u00e1i \u00e2m thanh m\u1ea1nh m\u1ebd c\u1ee7a Kawai EX Grand. Vi\u1ec7c m\u00f4 ph\u1ecfng tr\u1ea3i nghi\u1ec7m ch\u01a1i \u0111\u00e0n c\u1ee7a Kawai EX Grand tr\u00ean c\u00e2y \u0111\u00e0n \u0111i\u1ec7n nh\u1ecf g\u1ecdn Kawai CA 12\u00a0 \u0111\u00e3 gi\u00fap c\u00e2y \u0111\u00e0n gi\u1eef \u0111\u01b0\u1ee3c m\u00e0u s\u1eafc \u00e2m thanh m\u1ed9c m\u1ea1c, ch\u00e2n th\u1ef1c. So v\u1edbi Yamaha, Roland th\u00ec \u00e2m thanh\u00a0Digital Piano Kawai CA 12R\u00a0\u0111\u01b0\u1ee3c \u0111\u00e1nh gi\u00e1 l\u00e0 tr\u00f2n ti\u1ebfng h\u01a1n, s\u1eafc th\u00e1i \u00e2m thanh hay h\u01a1n, \u0111\u1ed9 bi\u1ec3u c\u1ea3m cao t\u1eeb trong tr\u1ebbo \u0111\u1ebfn \u1ea5m \u00e1p.<\/p>\n<p>Ngo\u00e0i ra, c\u00e2y \u0111\u00e0n c\u00f3 trang b\u1ecb h\u1ec7 th\u1ed1ng loa c\u00f4ng su\u1ea5t l\u1edbn, \u0111\u1ed9 ph\u00e2n gi\u1ea3i cao n\u00ean nh\u1eefng \u00e2m bass ph\u00e1t ra r\u1ea5t r\u00f5 r\u00e0ng, m\u1ea1nh m\u1ebd.<\/p>\n<h2><span id=\"Piano_Dien_Kawai_CA12_phu_hop_voi_ai\">Piano \u0110i\u1ec7n Kawai CA12R ph\u00f9 h\u1ee3p v\u1edbi ai?<\/span><\/h2>\n<p>Piano \u0110i\u1ec7n Kawai CA 12R\u00a0th\u00edch h\u1ee3p v\u1edbi nhi\u1ec1u ng\u01b0\u1eddi ch\u01a1i. Tuy nhi\u00ean, \u0111\u00e2y l\u00e0 d\u00f2ng Piano \u0111i\u1ec7n ph\u00f9 h\u1ee3p nh\u1ea5t v\u1edbi nh\u1eefng \u0111\u1ed1i t\u01b0\u1ee3ng sau:<\/p>\n<ul>\n<li>Ng\u01b0\u1eddi ch\u01a1i chuy\u00ean nghi\u1ec7p<\/li>\n<li>H\u1ecdc vi\u00ean ch\u01b0\u01a1ng tr\u00ecnh n\u00e2ng cao<\/li>\n<li>Ng\u01b0\u1eddi y\u00eau c\u1ea7u c\u1ea3m \u1ee9ng b\u00e0n ph\u00edm t\u1ed1t<\/li>\n<\/ul>\n<p><strong>Th\u00f4ng Tin Chi Ti\u1ebft Kawai CA 12R<\/strong><\/p>\n<table>\n<tbody>\n<tr>\n<td><strong>H\u00e3ng s\u1ea3n xu\u1ea5t<\/strong><\/td>\n<td><strong>Kawai<\/strong><\/td>\n<\/tr>\n<tr>\n<td><strong>Model<\/strong><\/td>\n<td>CA 12<\/td>\n<\/tr>\n<tr>\n<td><strong>S\u1ed1 ti\u1ebfng \u0111\u00e0n<\/strong><\/td>\n<td>8<\/td>\n<\/tr>\n<tr>\n<td><strong>S\u1ed1 Pedal<\/strong><\/td>\n<td>3 Pedal<\/td>\n<\/tr>\n<tr>\n<td><strong>Ch\u1ee9c n\u0103ng kh\u00e1c<\/strong><\/td>\n<td>Effect, Reverb, Dual, Split, Transpose, Touch curve, Recoder, Metronome<\/td>\n<\/tr>\n<tr>\n<td><strong>S\u1ed1 ph\u00edm \u0111\u00e0n<\/strong><\/td>\n<td>88 ph\u00edm<\/td>\n<\/tr>\n<tr>\n<td><strong>Keyboard<\/strong><\/td>\n<td>Ph\u00edm n\u1eb7ng b\u1eb1ng g\u1ed7<\/td>\n<\/tr>\n<tr>\n<td><strong>K\u00edch th\u01b0\u1edbc<\/strong><\/td>\n<td>1400 x 500 x 900 mm<\/td>\n<\/tr>\n<tr>\n<td><strong>Tr\u1ecdng l\u01b0\u1ee3ng<\/strong><\/td>\n<td>60 kg<\/td>\n<\/tr>\n<tr>\n<td><strong>M\u00e0u<\/strong><\/td>\n<td>\u0110en<\/td>\n<\/tr>\n<tr>\n<td><strong>\u0110i\u1ec7n th\u1ebf<\/strong><\/td>\n<td>\u0110\u00e3 chuy\u1ec3n sang \u0111i\u1ec7n 220 V<\/td>\n<\/tr>\n<\/tbody>\n<\/table>\n<p>&nbsp;<\/p>\n<div data-id=\"9ly1xDmkO1M\" data-query=\"\" data-src=\"https:\/\/www.youtube.com\/embed\/9ly1xDmkO1M\"><a href=\"https:\/\/www.facebook.com\/Anpiano.hanoi\" target=\"_blank\" rel=\"noopener\">T\u01b0 v\u1ea5n v\u00e0 ch\u1ecdn mua s\u1ea3n\u00a0ph\u1ea9m kh\u00e1c t\u1ea1i \u0111\u00e2y<\/a><\/div>\n<div data-id=\"9ly1xDmkO1M\" data-query=\"\" data-src=\"https:\/\/www.youtube.com\/embed\/9ly1xDmkO1M\"><a href=\"http:\/\/thumuapiano.com\/\" target=\"_blank\" rel=\"noopener\">Ch\u00fang t\u00f4i nh\u1eadn thu mua Piano, h\u00e3y li\u00ean h\u1ec7 n\u1ebfu b\u1ea1n c\u00f3 nhu c\u1ea7u.<\/a><\/div>\n","protected":false},"excerpt":{"rendered":"<ul>\n<li>B\u1ea3o h\u00e0nh 12 th\u00e1ng <a href=\"https:\/\/anpiano.com\/chinh-sach-bao-hanh\/\">xem th\u00eam<\/a><\/li>\n<li>Gh\u1ebf<\/li>\n<li>Kh\u0103n ph\u1ee7 ph\u00edm<\/li>\n<li>\u0110\u1ed5i ngu\u1ed3n 220V<\/li>\n<li>Freeship HCM \u2013 HN \u2013 \u0110N &#8211; NT &#8211; BMT<\/li>\n<li>Kh\u00f3a h\u1ecdc online<\/li>\n<\/ul>\n<p>Kawai CA 12R \u0111em kh\u00f4ng gian cho ng\u00f4i nh\u00e0 b\u1ea1n. C\u00f9ng v\u1edbi \u00e2m thanh chu\u1ea9n ch\u1ea5t l\u01b0\u1ee3ng t\u1ea1o n\u00ean \u00e2m s\u1eafc \u0111a d\u1ea1ng ri\u00eang c\u1ee7a\u00a0Kawai CA 12. Thi\u1ebft k\u1ebf ho\u00e0n to\u00e0n m\u1edbi, ch\u1ea5t l\u01b0\u1ee3ng cao, k\u1ebft c\u1ea5u \u1ed5n \u0111\u1ecbnh. B\u00e0n ph\u00edm \u0111\u01b0\u1ee3c c\u1ea3i ti\u1ebfn linh ho\u1ea1t h\u01a1n, h\u1ec7 th\u1ed1ng loa m\u1ea1nh m\u1ebd c\u00f4ng su\u1ea5t l\u1edbn, \u00c2m thanh Piano \u0111\u01b0\u1ee3c c\u1ea3i ti\u1ebfn r\u1ea5t \u0111\u00e1ng k\u1ec3.<\/p>\n","protected":false},"featured_media":10053,"comment_status":"open","ping_status":"closed","template":"","meta":[],"product_cat":[17,132],"product_tag":[474,566,482,360,493,1213,677],"class_list":{"0":"post-10051","1":"product","2":"type-product","3":"status-publish","4":"has-post-thumbnail","6":"product_cat-piano-dan-dien","7":"product_cat-ka-wai","8":"product_tag-an-piano","9":"product_tag-anpiano","10":"product_tag-dan-dien","11":"product_tag-dan-piano","12":"product_tag-dan-piano-dien","13":"product_tag-kawai-ca-12r","14":"product_tag-piano-dien-kawai","16":"first","17":"instock","18":"sale","19":"shipping-taxable","20":"purchasable","21":"product-type-simple"},"jetpack_sharing_enabled":true,"_links":{"self":[{"href":"https:\/\/anpiano.com\/index.php?rest_route=\/wp\/v2\/product\/10051"}],"collection":[{"href":"https:\/\/anpiano.com\/index.php?rest_route=\/wp\/v2\/product"}],"about":[{"href":"https:\/\/anpiano.com\/index.php?rest_route=\/wp\/v2\/types\/product"}],"replies":[{"embeddable":true,"href":"https:\/\/anpiano.com\/index.php?rest_route=%2Fwp%2Fv2%2Fcomments&post=10051"}],"version-history":[{"count":3,"href":"https:\/\/anpiano.com\/index.php?rest_route=\/wp\/v2\/product\/10051\/revisions"}],"predecessor-version":[{"id":13358,"href":"https:\/\/anpiano.com\/index.php?rest_route=\/wp\/v2\/product\/10051\/revisions\/13358"}],"wp:featuredmedia":[{"embeddable":true,"href":"https:\/\/anpiano.com\/index.php?rest_route=\/wp\/v2\/media\/10053"}],"wp:attachment":[{"href":"https:\/\/anpiano.com\/index.php?rest_route=%2Fwp%2Fv2%2Fmedia&parent=10051"}],"wp:term":[{"taxonomy":"product_cat","embeddable":true,"href":"https:\/\/anpiano.com\/index.php?rest_route=%2Fwp%2Fv2%2Fproduct_cat&post=10051"},{"taxonomy":"product_tag","embeddable":true,"href":"https:\/\/anpiano.com\/index.php?rest_route=%2Fwp%2Fv2%2Fproduct_tag&post=10051"}],"curies":[{"name":"wp","href":"https:\/\/api.w.org\/{rel}","templated":true}]}}