{"id":10950,"date":"2024-02-26T18:27:34","date_gmt":"2024-02-26T11:27:34","guid":{"rendered":"https:\/\/anpiano.com\/?post_type=product&#038;p=10950"},"modified":"2025-09-27T16:09:54","modified_gmt":"2025-09-27T09:09:54","slug":"roland-dp-990rf-pe","status":"publish","type":"product","link":"https:\/\/anpiano.com\/?product=roland-dp-990rf-pe","title":{"rendered":"Roland DP 990RF PE"},"content":{"rendered":"<h4><strong>Roland DP 990RF PE l\u00e0 model Flagship c\u1ee7a d\u00f2ng Roland DP 990, g\u00e2y \u1ea5n t\u01b0\u1ee3ng b\u1edfi s\u1ef1 gi\u1ea3n \u0111\u01a1n v\u00e0 thanh l\u1ecbch c\u1ee7a ng\u00f4n ng\u1eef thi\u1ebft k\u1ebf hi\u1ec7n \u0111\u1ea1i. Phong c\u00e1ch thi\u1ebft k\u1ebf h\u00ecnh h\u1ed9p ph\u1eb3ng v\u00e0 l\u1edbp s\u01a1n b\u00f3ng b\u1ea9y s\u1ebd bi\u1ebfn c\u00e1c m\u1eb7t ph\u1eb3ng c\u1ee7a Roland DP 990RF PE th\u00e0nh nh\u1eefng m\u1eb7t g\u01b0\u01a1ng ph\u1ea3n chi\u1ebfu nh\u1eefng \u00e1nh \u0111\u00e8n lung linh, h\u00ecnh \u1ea3nh n\u1ed9i th\u1ea5t v\u00e0 c\u1ea3 h\u00ecnh \u1ea3nh c\u1ee7a ng\u01b0\u1eddi ch\u01a1i \u0111\u00e0n khi\u1ebfn m\u1ecdi th\u1ee9 tr\u1edf n\u00ean v\u00f4 c\u00f9ng sang tr\u1ecdng v\u00e0 thanh l\u1ecbch. \u0110\u00e2y l\u00e0 piano \u0111i\u1ec7n phi\u00ean b\u1ea3n \u0111\u1eb7c bi\u1ec7t m\u00e0u \u0111en b\u00f3ng, c\u00f3 v\u1ebb \u0111\u1eb9p v\u01b0\u1ee3t tr\u1ed9i khi so v\u1edbi phi\u00ean b\u1ea3n th\u01b0\u1eddng m\u00e0u \u0111en m\u1edd.<\/strong><\/h4>\n<p><img fetchpriority=\"high\" decoding=\"async\" class=\"alignnone size-medium wp-image-10952\" src=\"https:\/\/anpiano.com\/wp-content\/uploads\/2024\/02\/z5194378908110_2d1f0f71c9600527c4d53eac4e1adbef-300x225.jpg\" alt=\"Roland DP 990RF PE\" width=\"300\" height=\"225\" srcset=\"https:\/\/anpiano.com\/wp-content\/uploads\/2024\/02\/z5194378908110_2d1f0f71c9600527c4d53eac4e1adbef-300x225.jpg 300w, https:\/\/anpiano.com\/wp-content\/uploads\/2024\/02\/z5194378908110_2d1f0f71c9600527c4d53eac4e1adbef-1024x768.jpg 1024w, https:\/\/anpiano.com\/wp-content\/uploads\/2024\/02\/z5194378908110_2d1f0f71c9600527c4d53eac4e1adbef-768x576.jpg 768w, https:\/\/anpiano.com\/wp-content\/uploads\/2024\/02\/z5194378908110_2d1f0f71c9600527c4d53eac4e1adbef-1536x1152.jpg 1536w, https:\/\/anpiano.com\/wp-content\/uploads\/2024\/02\/z5194378908110_2d1f0f71c9600527c4d53eac4e1adbef-2048x1536.jpg 2048w, https:\/\/anpiano.com\/wp-content\/uploads\/2024\/02\/z5194378908110_2d1f0f71c9600527c4d53eac4e1adbef-247x185.jpg 247w, https:\/\/anpiano.com\/wp-content\/uploads\/2024\/02\/z5194378908110_2d1f0f71c9600527c4d53eac4e1adbef-510x383.jpg 510w\" sizes=\"(max-width: 300px) 100vw, 300px\" \/><\/p>\n<h3><strong>C\u1ea3m gi\u00e1c Grand-Piano \u0111\u00edch th\u1ef1c<\/strong><\/h3>\n<p>\u0110\u1ec3 c\u00f3 c\u1ea3m gi\u00e1c b\u00e0n ph\u00edm ch\u00e2n th\u1ef1c nh\u1ea5t, Piano Roland DP 990RF PE \u0111\u01b0\u1ee3c trang b\u1ecb b\u00e0n ph\u00edm PHA II n\u1ed5i ti\u1ebfng c\u1ee7a Roland v\u1edbi Escapement, mang l\u1ea1i c\u1ea3m gi\u00e1c n\u1eb7ng h\u01a1n \u1edf d\u1ea3i th\u1ea5p h\u01a1n v\u00e0 ch\u1ea1m nh\u1eb9 h\u01a1n \u1edf ph\u00eda tr\u00ean. N\u00f3 c\u0169ng cung c\u1ea5p s\u1ee9c \u0111\u1ec1 kh\u00e1ng nh\u1eb9 h\u01a1n cho c\u00e1c \u0111o\u1ea1n pianissimo v\u00e0 s\u1ee9c \u0111\u1ec1 kh\u00e1ng m\u1ea1nh h\u01a1n cho fortissimo. Ki\u1ebfn tr\u00fac tho\u00e1t c\u1ee7a c\u00e1c ph\u00edm DP t\u00e1i t\u1ea1o c\u1ea3m gi\u00e1c nh\u1ea5p chu\u1ed9t \u0111\u1eb7c tr\u01b0ng c\u1ee7a c\u1ea3m gi\u00e1c c\u1ee7a m\u1ed9t c\u00e2y \u0111\u1ea1i d\u01b0\u01a1ng c\u1ea7m cho hi\u1ec7u su\u1ea5t v\u00e0 bi\u1ec3u c\u1ea3m th\u1ef1c t\u1ebf.<\/p>\n<p>&nbsp;<\/p>\n<p><img decoding=\"async\" class=\"alignnone size-medium wp-image-10955\" src=\"https:\/\/anpiano.com\/wp-content\/uploads\/2024\/02\/z5194378920581_2894d0ee66072333b43c0a371c51486c-300x225.jpg\" alt=\"Roland DP 990RF PE\" width=\"300\" height=\"225\" srcset=\"https:\/\/anpiano.com\/wp-content\/uploads\/2024\/02\/z5194378920581_2894d0ee66072333b43c0a371c51486c-300x225.jpg 300w, https:\/\/anpiano.com\/wp-content\/uploads\/2024\/02\/z5194378920581_2894d0ee66072333b43c0a371c51486c-1024x768.jpg 1024w, https:\/\/anpiano.com\/wp-content\/uploads\/2024\/02\/z5194378920581_2894d0ee66072333b43c0a371c51486c-768x576.jpg 768w, https:\/\/anpiano.com\/wp-content\/uploads\/2024\/02\/z5194378920581_2894d0ee66072333b43c0a371c51486c-1536x1152.jpg 1536w, https:\/\/anpiano.com\/wp-content\/uploads\/2024\/02\/z5194378920581_2894d0ee66072333b43c0a371c51486c-2048x1536.jpg 2048w, https:\/\/anpiano.com\/wp-content\/uploads\/2024\/02\/z5194378920581_2894d0ee66072333b43c0a371c51486c-247x185.jpg 247w, https:\/\/anpiano.com\/wp-content\/uploads\/2024\/02\/z5194378920581_2894d0ee66072333b43c0a371c51486c-510x383.jpg 510w\" sizes=\"(max-width: 300px) 100vw, 300px\" \/><\/p>\n<h3><strong>\u00c2m thanh \u0111\u00e1ng kinh ng\u1ea1c<\/strong><\/h3>\n<p>Roland DP 990RF PE c\u00f3 \u00e2m thanh l\u1edbn h\u00f2a nh\u1ea1c 88 ph\u00edm \u0111\u1eb3ng c\u1ea5p th\u1ebf gi\u1edbi, v\u1edbi nhi\u1ec1u m\u1eabu ri\u00eang bi\u1ec7t cho m\u1ed7i ph\u00edm. \u0110\u00f3 l\u00e0 c\u1ea3m \u1ee9ng \u0111\u00e1p \u1ee9ng v\u1edbi \u00e1p l\u1ef1c v\u00e0 s\u1eafc th\u00e1i tinh t\u1ebf &#8211; t\u1eeb \u00e2m tr\u1ea7m s\u00e2u nh\u1ea5t, m\u1ea1nh m\u1ebd nh\u1ea5t \u0111\u1ebfn c\u00e1c n\u1ed1t cao tinh t\u1ebf nh\u1ea5t. M\u1ed9t lo\u1ea1t c\u00e1c t\u00f9y ch\u1ec9nh piano cho ph\u00e9p b\u1ea1n thi\u1ebft k\u1ebf \u00e2m thanh piano g\u1ed1c b\u1eb1ng c\u00e1ch \u0111i\u1ec1u ch\u1ec9nh c\u1ed9ng h\u01b0\u1edfng Damper, String v\u00e0 Key-off.<\/p>\n<p>&nbsp;<\/p>\n<h3><strong>Ba b\u00e0n \u0111\u1ea1p cho bi\u1ec3u hi\u1ec7n x\u00e1c th\u1ef1c<\/strong><\/h3>\n<p>Ph\u1ea3n \u1ee9ng ch\u00e2n th\u1ef1c c\u1ee7a Roland DP 990RF PE kh\u00f4ng d\u1eebng l\u1ea1i v\u1edbi c\u00e1c ph\u00edm. Ba b\u00e0n \u0111\u1ea1p \u0111\u01b0\u1ee3c theo d\u00f5i li\u00ean t\u1ee5c \u0111\u1ea3m b\u1ea3o r\u1eb1ng b\u01b0\u1edbc ch\u00e2n c\u1ee7a b\u1ea1n c\u0169ng \u0111\u01b0\u1ee3c truy\u1ec1n \u0111\u1ea1t ch\u00ednh x\u00e1c. Khi nh\u1ea5n b\u00e0n \u0111\u1ea1p, nh\u1eefng thay \u0111\u1ed5i tinh t\u1ebf t\u01b0\u01a1ng t\u1ef1 trong \u00e2m thanh \u0111\u01b0\u1ee3c t\u00e1i t\u1ea1o gi\u1ed1ng nh\u01b0 b\u00e0n \u0111\u1ea1p gi\u1ea3m x\u00f3c c\u1ee7a \u0111\u00e0n piano acoustic ph\u1ea3n \u1ee9ng v\u1edbi d\u00e2y \u0111\u00e0n. B\u1ea1n c\u0169ng c\u00f3 th\u1ec3 ki\u1ec3m so\u00e1t \u0111\u1ed9 r\u1ed9ng c\u1ee7a \u00e2m thanh b\u1eb1ng c\u00e1ch th\u00eam \u00e1p l\u1ef1c l\u00ean b\u00e0n \u0111\u1ea1p.<\/p>\n<p><img decoding=\"async\" class=\"alignnone size-medium wp-image-10956\" src=\"https:\/\/anpiano.com\/wp-content\/uploads\/2024\/02\/z5194378930134_e8bb768137f9a6d93ce2a1940a984214-300x225.jpg\" alt=\"Roland DP 990RF PE\" width=\"300\" height=\"225\" srcset=\"https:\/\/anpiano.com\/wp-content\/uploads\/2024\/02\/z5194378930134_e8bb768137f9a6d93ce2a1940a984214-300x225.jpg 300w, https:\/\/anpiano.com\/wp-content\/uploads\/2024\/02\/z5194378930134_e8bb768137f9a6d93ce2a1940a984214-1024x768.jpg 1024w, https:\/\/anpiano.com\/wp-content\/uploads\/2024\/02\/z5194378930134_e8bb768137f9a6d93ce2a1940a984214-768x576.jpg 768w, https:\/\/anpiano.com\/wp-content\/uploads\/2024\/02\/z5194378930134_e8bb768137f9a6d93ce2a1940a984214-1536x1152.jpg 1536w, https:\/\/anpiano.com\/wp-content\/uploads\/2024\/02\/z5194378930134_e8bb768137f9a6d93ce2a1940a984214-2048x1536.jpg 2048w, https:\/\/anpiano.com\/wp-content\/uploads\/2024\/02\/z5194378930134_e8bb768137f9a6d93ce2a1940a984214-247x185.jpg 247w, https:\/\/anpiano.com\/wp-content\/uploads\/2024\/02\/z5194378930134_e8bb768137f9a6d93ce2a1940a984214-510x383.jpg 510w\" sizes=\"(max-width: 300px) 100vw, 300px\" \/><\/p>\n<h3><strong>Phong c\u00e1ch ch\u1ee9c n\u0103ng<\/strong><\/h3>\n<p>Roland DP 990RF PE g\u00e2y \u1ea5n t\u01b0\u1ee3ng v\u1edbi thi\u1ebft k\u1ebf \u0111\u1eb9p, hi\u1ec7n \u0111\u1ea1i gi\u1ed1ng nh\u01b0 \u0111\u1ed3 n\u1ed9i th\u1ea5t, c\u00f3 n\u1eafp an to\u00e0n ch\u1eafc ch\u1eafn, m\u1ec1m m\u1ea1i, c\u00f3 th\u1ec3 \u0111\u01b0\u1ee3c s\u1eed d\u1ee5ng l\u00e0m ph\u1ea7n c\u00f2n l\u1ea1i \u00e2m nh\u1ea1c khi m\u1edf v\u00e0 b\u1ec1 m\u1eb7t gi\u1ed1ng nh\u01b0 m\u00e1y t\u00ednh \u0111\u1ec3 b\u00e0n khi \u0111\u00f3ng. \u0110\u00e0n piano c\u00f3 s\u1eb5n trong hai k\u1ebft th\u00fac tuy\u1ec7t \u0111\u1eb9p: Satin Black (SB) v\u00e0 Medium Cherry (MC).<\/p>\n<p><img loading=\"lazy\" decoding=\"async\" class=\"alignnone size-medium wp-image-10954\" src=\"https:\/\/anpiano.com\/wp-content\/uploads\/2024\/02\/z5194378920332_633e9a6170a01304e9811ceb74f3bcd2-300x225.jpg\" alt=\"Roland DP 990RF PE\" width=\"300\" height=\"225\" srcset=\"https:\/\/anpiano.com\/wp-content\/uploads\/2024\/02\/z5194378920332_633e9a6170a01304e9811ceb74f3bcd2-300x225.jpg 300w, https:\/\/anpiano.com\/wp-content\/uploads\/2024\/02\/z5194378920332_633e9a6170a01304e9811ceb74f3bcd2-1024x768.jpg 1024w, https:\/\/anpiano.com\/wp-content\/uploads\/2024\/02\/z5194378920332_633e9a6170a01304e9811ceb74f3bcd2-768x576.jpg 768w, https:\/\/anpiano.com\/wp-content\/uploads\/2024\/02\/z5194378920332_633e9a6170a01304e9811ceb74f3bcd2-1536x1152.jpg 1536w, https:\/\/anpiano.com\/wp-content\/uploads\/2024\/02\/z5194378920332_633e9a6170a01304e9811ceb74f3bcd2-2048x1536.jpg 2048w, https:\/\/anpiano.com\/wp-content\/uploads\/2024\/02\/z5194378920332_633e9a6170a01304e9811ceb74f3bcd2-247x185.jpg 247w, https:\/\/anpiano.com\/wp-content\/uploads\/2024\/02\/z5194378920332_633e9a6170a01304e9811ceb74f3bcd2-510x383.jpg 510w\" sizes=\"(max-width: 300px) 100vw, 300px\" \/><\/p>\n<h3><strong>\u01afu \u0111i\u1ec3m USB<\/strong><\/h3>\n<h3><img decoding=\"async\" class=\" ls-is-cached lazyloaded\" src=\"https:\/\/product.hstatic.net\/1000342432\/product\/upload_5870ebb5b5124c99bb8684bc90d0a727.jpg\" alt=\"\u0110\u00e0n Piano Roland DP-990 \u2013 Piano BT\" \/><\/h3>\n<p>C\u1ed5ng USB c\u1ee7a Roland DP 990RF PE m\u1edf ra m\u1ed9t th\u1ebf gi\u1edbi c\u00e1c ti\u1ec7n \u00edch b\u1ed5 sung th\u00fa v\u1ecb v\u00e0 ch\u1ee9c n\u0103ng b\u1ed5 sung. Ph\u00e1t c\u00f9ng v\u1edbi t\u1ec7p \u00e2m thanh ho\u1eb7c t\u1ec7p MIDI ti\u00eau chu\u1ea9n tr\u1ef1c ti\u1ebfp t\u1eeb kh\u00f3a b\u1ed9 nh\u1edb USB ho\u1eb7c l\u1edbp nh\u1ea1c \u0111\u01b0\u1ee3c ghi s\u1eb5n t\u1eeb \u0111\u0129a CD \u00e2m thanh c\u00f3 b\u00e1n tr\u00ean th\u1ecb tr\u01b0\u1eddng v\u1edbi hi\u1ec7u su\u1ea5t c\u1ee7a b\u1ea1n b\u1eb1ng c\u00e1ch k\u1ebft n\u1ed1i \u1ed5 \u0111\u0129a USB (t\u00f9y ch\u1ecdn). Kh\u00e1n gi\u1ea3 c\u1ee7a b\u1ea1n s\u1ebd kh\u00f4ng tin c\u00f3 bao nhi\u00eau nh\u1ea1c \u0111\u1ebfn t\u1eeb m\u1ed9t nh\u1ea1c c\u1ee5.<\/p>\n<h3><b>Ch\u1ee9c n\u0103ng ch\u01a1i 2 ng\u01b0\u1eddi<\/b><\/h3>\n<p>Twin Piano \u0111\u01b0\u1ee3c thi\u1ebft k\u1ebf cho c\u00e1c b\u00e0i h\u1ecdc ho\u1eb7c bu\u1ed5i bi\u1ec3u di\u1ec5n song song v\u1edbi gi\u00e1o vi\u00ean ho\u1eb7c \u0111\u1ed1i t\u00e1c song ca. N\u00f3 cho ph\u00e9p b\u00e0n ph\u00edm \u0111\u01b0\u1ee3c chia th\u00e0nh hai ph\u1ea7n, m\u1ed7i ph\u1ea7n bao g\u1ed3m c\u00e1c qu\u00e3ng t\u00e1m gi\u1ed1ng nhau. \u0110i\u1ec1u n\u00e0y gi\u00fap b\u1ea1n d\u1ec5 d\u00e0ng nh\u00ecn v\u00e0 nghe khi th\u1ef1c h\u00e0nh b\u00ean c\u1ea1nh m\u1ed9t gi\u00e1o vi\u00ean. Theo c\u00f9ng m\u1ed9t c\u00e1ch, b\u00e0n \u0111\u1ea1p tr\u00e1i v\u00e0 ph\u1ea3i c\u00f3 th\u1ec3 \u0111\u01b0\u1ee3c ch\u1ec9 \u0111\u1ecbnh l\u1ea1i \u0111\u1ec3 ho\u1ea1t \u0111\u1ed9ng nh\u01b0 b\u00e0n \u0111\u1ea1p gi\u1ea3m x\u00f3c cho hai b\u00ean c\u1ee7a b\u00e0n ph\u00edm t\u00e1ch.<\/p>\n<h3><strong>Th\u00f4ng s\u1ed1 k\u1ef9 thu\u1eadt Roland DP 990RF PE:<\/strong><\/h3>\n<table>\n<tbody>\n<tr>\n<td width=\"95\"><strong>H\u00e3ng s\u1ea3n xu\u1ea5t<\/strong><\/td>\n<td width=\"347\"><strong>Roland<\/strong><\/td>\n<\/tr>\n<tr>\n<td width=\"95\"><strong>Model<\/strong><\/td>\n<td width=\"347\">DP 990RF PE<\/td>\n<\/tr>\n<tr>\n<td width=\"95\"><strong>S\u1ed1 ti\u1ebfng \u0111\u00e0n<\/strong><\/td>\n<td width=\"347\">306 (Bao g\u1ed3m 8 b\u1ed9 tr\u1ed1ng)<\/td>\n<\/tr>\n<tr>\n<td width=\"95\"><strong>S\u1ed1 pedal<\/strong><\/td>\n<td width=\"347\">3<\/td>\n<\/tr>\n<tr>\n<td width=\"95\"><strong>Ch\u1ee9c n\u0103ng kh\u00e1c<\/strong><\/td>\n<td width=\"347\">Touch Sensitivity, Dual, Split, Twin PianoTranspose, Effect, Reverb, 3D, Dynamics, Damper Resonance<\/p>\n<p>Key off Resonance, String Resonance<\/p>\n<p>Metrnome, Recoder, USB Connection\u2026<\/p>\n<p>Panel Lock. V-link<\/td>\n<\/tr>\n<tr>\n<td width=\"95\"><strong>S\u1ed1 ph\u00edm \u0111\u00e0n<\/strong><\/td>\n<td width=\"347\">88 ph\u00edm<\/td>\n<\/tr>\n<tr>\n<td width=\"95\"><strong>Keyboard<\/strong><\/td>\n<td width=\"347\">Ph\u00edm n\u1eb7ng<\/td>\n<\/tr>\n<tr>\n<td width=\"95\"><strong>K\u00edch th\u01b0\u1edbc<\/strong><\/td>\n<td width=\"347\">1398 (W) x 344 (D) x 974 (H) mm<\/td>\n<\/tr>\n<tr>\n<td width=\"95\"><strong>Tr\u1ecdng l\u01b0\u1ee3ng<\/strong><\/td>\n<td width=\"347\">47 kg<\/td>\n<\/tr>\n<tr>\n<td width=\"95\"><strong>\u0110i\u1ec7n th\u1ebf<\/strong><\/td>\n<td width=\"347\">Adapter 12V<\/td>\n<\/tr>\n<\/tbody>\n<\/table>\n<div class=\"product-section\">\n<div class=\"row\">\n<div class=\"large-10 col pb-0 mb-0\">\n<div class=\"panel entry-content\">\n<p><a href=\"https:\/\/www.facebook.com\/Anpiano.hanoi\" target=\"_blank\" rel=\"noopener\">T\u01b0 v\u1ea5n v\u00e0 ch\u1ecdn mua s\u1ea3n\u00a0ph\u1ea9m kh\u00e1c t\u1ea1i \u0111\u00e2y<\/a><\/p>\n<p><a href=\"http:\/\/thumuapiano.com\/\" target=\"_blank\" rel=\"noopener\">Ch\u00fang t\u00f4i nh\u1eadn thu mua Piano, h\u00e3y li\u00ean h\u1ec7 n\u1ebfu b\u1ea1n c\u00f3 nhu c\u1ea7u.<\/a><\/p>\n<\/div>\n<\/div>\n<\/div>\n<\/div>\n","protected":false},"excerpt":{"rendered":"<ul>\n<li>B\u1ea3o h\u00e0nh 18 th\u00e1ng <a href=\"https:\/\/anpiano.com\/chinh-sach-bao-hanh\/\">xem th\u00eam<\/a><\/li>\n<li>Gh\u1ebf<\/li>\n<li>Jack tai nghe<\/li>\n<li>S\u00e1ch nh\u1ea1c<\/li>\n<li>\u0110\u1ed5i ngu\u1ed3n 220V<\/li>\n<li>Freeship HCM \u2013 HN \u2013 \u0110N \u2013 NT<\/li>\n<li>Kh\u00f3a h\u1ecdc online<\/li>\n<\/ul>\n","protected":false},"featured_media":10951,"comment_status":"open","ping_status":"closed","template":"","meta":[],"product_cat":[17,134],"product_tag":[1321,1189,1320],"class_list":{"0":"post-10950","1":"product","2":"type-product","3":"status-publish","4":"has-post-thumbnail","6":"product_cat-piano-dan-dien","7":"product_cat-ro-land","8":"product_tag-dp-990rfpe","9":"product_tag-roland-dp-990","10":"product_tag-roland-dp-990rf","12":"first","13":"instock","14":"shipping-taxable","15":"purchasable","16":"product-type-simple"},"jetpack_sharing_enabled":true,"_links":{"self":[{"href":"https:\/\/anpiano.com\/index.php?rest_route=\/wp\/v2\/product\/10950"}],"collection":[{"href":"https:\/\/anpiano.com\/index.php?rest_route=\/wp\/v2\/product"}],"about":[{"href":"https:\/\/anpiano.com\/index.php?rest_route=\/wp\/v2\/types\/product"}],"replies":[{"embeddable":true,"href":"https:\/\/anpiano.com\/index.php?rest_route=%2Fwp%2Fv2%2Fcomments&post=10950"}],"version-history":[{"count":2,"href":"https:\/\/anpiano.com\/index.php?rest_route=\/wp\/v2\/product\/10950\/revisions"}],"predecessor-version":[{"id":14108,"href":"https:\/\/anpiano.com\/index.php?rest_route=\/wp\/v2\/product\/10950\/revisions\/14108"}],"wp:featuredmedia":[{"embeddable":true,"href":"https:\/\/anpiano.com\/index.php?rest_route=\/wp\/v2\/media\/10951"}],"wp:attachment":[{"href":"https:\/\/anpiano.com\/index.php?rest_route=%2Fwp%2Fv2%2Fmedia&parent=10950"}],"wp:term":[{"taxonomy":"product_cat","embeddable":true,"href":"https:\/\/anpiano.com\/index.php?rest_route=%2Fwp%2Fv2%2Fproduct_cat&post=10950"},{"taxonomy":"product_tag","embeddable":true,"href":"https:\/\/anpiano.com\/index.php?rest_route=%2Fwp%2Fv2%2Fproduct_tag&post=10950"}],"curies":[{"name":"wp","href":"https:\/\/api.w.org\/{rel}","templated":true}]}}