{"id":11573,"date":"2024-06-19T17:43:39","date_gmt":"2024-06-19T10:43:39","guid":{"rendered":"https:\/\/anpiano.com\/?post_type=product&#038;p=11573"},"modified":"2025-11-01T17:18:36","modified_gmt":"2025-11-01T10:18:36","slug":"steinway-sons-d-274","status":"publish","type":"product","link":"https:\/\/anpiano.com\/?product=steinway-sons-d-274","title":{"rendered":"Steinway &#038; Sons D 274"},"content":{"rendered":"<p>Piano Steinway &amp; Sons \u0111\u00e3 chi\u1ebfm tr\u1ecdn tr\u00e1i tim c\u00e1c ngh\u1ec7 s\u0129 Piano l\u1edbn th\u1ebf gi\u1edbi trong h\u01a1n 150 n\u0103m.\u00a0Danh s\u00e1ch bao g\u1ed3m nh\u1eefng nh\u00e2n v\u1eadt kh\u1ed5ng l\u1ed3 trong l\u00e0ng nh\u1ea1c c\u1ed5 \u0111i\u1ec3n, jazz, v\u00e0 \u00e2m nh\u1ea1c ph\u1ed5 bi\u1ebfn, nh\u1eefng ng\u01b0\u1eddi \u0111\u00e3 \u0111\u1ecbnh h\u00ecnh di s\u1ea3n \u00e2m nh\u1ea1c th\u1ebf gi\u1edbi. Ng\u00e0y nay, vi\u1ec7c s\u1edf h\u1eefu c\u00e2y \u0111\u00e0n Piano Steinway kh\u00f4ng ch\u1ec9 d\u00e0nh ri\u00eang cho c\u00e1c ngh\u1ec7 s\u0129 l\u1edbn, m\u00e0 c\u00f2n l\u00e0 m\u00f3n qu\u00e0 t\u00ecnh y\u00eau \u00e2m nh\u1ea1c v\u00e0 l\u00e0 m\u00f3n n\u1ed9i th\u1ea5t \u0111\u1eb3ng c\u1ea5p nh\u1ea5t. T\u1ea1i Vi\u1ec7t Nam, Steinway \u0111ang ng\u00e0y c\u00e0ng \u0111\u01b0\u1ee3c \u01b0a chu\u1ed9ng b\u1edfi \u0111\u1ed9 \u0111\u1eb3ng c\u1ea5p,\u00a0s\u1ee9c h\u00fat t\u1eeb \u00e2m thanh v\u00e0 ngo\u1ea1i h\u00ecnh kh\u00f3 c\u01b0\u1ee1ng l\u1ea1i \u0111\u00e3 gi\u00fap Steinway \u0111\u1ebfn g\u1ea7n h\u01a1n v\u1edbi ng\u01b0\u1eddi d\u00f9ng Vi\u1ec7t Nam.<\/p>\n<p>V\u1edbi chi\u1ec1u d\u00e0i 8\u2032 11\u00be\u201d (274 cm), c\u00e2y \u0111\u00e0n Concert Grand n\u00e0y l\u00e0 s\u1ef1 l\u1ef1a ch\u1ecdn \u00e1p \u0111\u1ea3o c\u1ee7a h\u1ea7u h\u1ebft c\u00e1c ngh\u1ec7 s\u0129 piano v\u0129 \u0111\u1ea1i nh\u1ea5t th\u1ebf gi\u1edbi. C\u00e2y piano n\u00e0y s\u1ebd ho\u00e0n to\u00e0n l\u00e0m h\u00e0i l\u00f2ng nh\u1eefng ng\u01b0\u1eddi mong mu\u1ed1n m\u1ee9c cao nh\u1ea5t c\u00f3 th\u1ec3 \u0111\u1ec3 bi\u1ec3u di\u1ec5n \u00e2m nh\u1ea1c.<\/p>\n<p>Trong h\u01a1n m\u1ed9t th\u1ebf k\u1ef7 r\u01b0\u1ee1i, nh\u1eefng ngh\u1ec7 s\u0129 piano t\u00e0i n\u0103ng nh\u1ea5t c\u1ee7a th\u1ebf gi\u1edbi lu\u00f4n \u01b0a th\u00edch \u0111\u01b0\u1ee3c th\u1ec3 hi\u1ec7n t\u00e0i n\u0103ng \u00e2m nh\u1ea1c c\u1ee7a h\u1ecd tr\u00ean c\u00e2y \u0111\u00e0n piano Steinway &amp; Sons. Danh s\u00e1ch bao g\u1ed3m c\u00e1c nh\u00e2n v\u1eadt kh\u1ed5ng l\u1ed3 trong l\u00e0ng nh\u1ea1c c\u1ed5 \u0111i\u1ec3n, jazz, v\u00e0 \u00e2m nh\u1ea1c ph\u1ed5 bi\u1ebfn, nh\u1eefng ng\u01b0\u1eddi \u0111\u00e3 \u0111\u1ecbnh h\u00ecnh di s\u1ea3n \u00e2m nh\u1ea1c th\u1ebf gi\u1edbi. Ng\u00e0y nay, h\u01a1n 98% ngh\u1ec7 s\u0129 d\u01b0\u01a1ng c\u1ea7m tr\u00ean th\u1ebf gi\u1edbi lu\u00f4n l\u1ef1a ch\u1ecdn th\u1ec3 hi\u1ec7n tr\u00ean.<\/p>\n<hr \/>\n<h2><strong>Piano Grand \u0110\u1eb3ng C\u1ea5p S\u1ed1 1<\/strong><\/h2>\n<p>Steinway &amp; Sons \u0111i theo l\u00fd t\u01b0\u1edfng c\u1ed1ng hi\u1ebfn gi\u00e1 tr\u1ecb, kh\u00f4ng gi\u1ed1ng nh\u1eefng nh\u00e0 s\u1ea3n xu\u1ea5t \u0111\u00e0n kh\u00e1c th\u01b0\u1eddng t\u1eadp trung s\u1ea3n xu\u1ea5t h\u00e0ng lo\u1ea1t \u0111\u1ec3 t\u0103ng \u0111\u1ed1c \u0111\u1ed9 v\u00e0 l\u1ee3i nhu\u1eadn, gi\u1ea3m chi ph\u00ed; Steinway ch\u1ec9 \u00e1p d\u1ee5ng c\u00f4ng ngh\u1ec7 v\u00e0 v\u1eadt li\u1ec7u qu\u00fd hi\u1ebfm \u0111\u1eb7c bi\u1ec7t \u0111\u01b0\u1ee3c s\u01b0u t\u1ea7m v\u00e0 ki\u1ec3m \u0111\u1ecbnh to\u00e0n c\u1ea7u. G\u1ed7 \u0111\u00e0n Steinway mang n\u00e9t \u0111\u1eb7c tr\u01b0ng ri\u00eang kh\u00f4ng gi\u1ed1ng b\u1ea5t k\u1ef3 h\u00e3ng \u0111\u00e0n n\u00e0o kh\u00e1c. Steinway \u01b0u ti\u00ean t\u1ed1i \u0111a cho qu\u00e1 tr\u00ecnh s\u1ea3n xu\u1ea5t \u0111\u00e0n Piano th\u1ee7 c\u00f4ng v\u00e0 duy nh\u1ea5t.<\/p>\n<p><img decoding=\"async\" class=\" ls-is-cached lazyloaded\" title=\"\" src=\"https:\/\/pianohouse.vn\/image\/catalog\/products\/nhat-my-duc\/grand-ge\/steinway-o\/piano-steinway-model-o-1.jpg\" alt=\"\" \/><\/p>\n<p>Steinway &amp; Sons lu\u00f4n tu\u00e2n th\u1ee7 c\u00e1c gi\u00e1 tr\u1ecb v\u1ec1 truy\u1ec1n th\u1ed1ng l\u00e0m th\u1ee7 c\u00f4ng, nh\u01b0ng c\u0169ng \u0111\u00e3 li\u00ean t\u1ee5c d\u1eabn \u0111\u1ea7u trong s\u1ef1 \u0111\u1ed5i m\u1edbi. Nh\u1eefng c\u00e2y \u0111\u00e0n piano \u0111\u1ea7u ti\u00ean ch\u1ebf t\u00e1c b\u1edfi Steinway \u0111\u00e3 \u0111\u01b0\u1ee3c ph\u00e2n bi\u1ec7t b\u1edfi c\u00e1c t\u00ednh n\u0103ng s\u00e1ng t\u1ea1o &#8211; r\u1ea5t nhi\u1ec1u trong s\u1ed1 \u0111\u00f3 \u0111\u00e3 gi\u00fap \u0111\u1ecbnh h\u00ecnh piano hi\u1ec7n \u0111\u1ea1i ng\u00e0y nay. Ng\u00e0y nay, m\u1ed7i c\u00e2y \u0111\u00e0n piano Steinway l\u00e0 m\u1ed9t cam k\u1ebft c\u1ee7a Steinway &amp; Sons v\u1ec1 s\u1ef1 \u0111\u1ed5i m\u1edbi. M\u1ed7i c\u00e2y \u0111\u00e0n k\u1ebft h\u1ee3p h\u01a1n 125 t\u00ednh n\u0103ng \u0111\u01b0\u1ee3c c\u1ea5p b\u1eb1ng s\u00e1ng ch\u1ebf v\u00e0 quy tr\u00ecnh, bao g\u1ed3m c\u1ea3\u00a0<strong>soundboard<\/strong>\u00a0\u0111\u01b0\u1ee3c c\u1ea5p b\u1eb1ng s\u00e1ng ch\u1ebf \u0111\u1ed9c quy\u1ec1n Diaphragmatic\u00ae, c\u0169ng nh\u01b0 Accelerated Action\u00ae v\u00e0 Hexagrip\u00ae pinblock.<\/p>\n<p>Steinway &amp; Sons Model O\u00a0mang l\u1ea1i gi\u00e1 tr\u1ecb tinh th\u1ea7n kh\u00f3 di\u1ec5n t\u1ea3, n\u00f3 kh\u1eb3ng \u0111\u1ecbnh \u0111\u1eb3ng c\u1ea5p c\u1ee7a ch\u1ee7 s\u1edf h\u1eefu, v\u00e0 h\u01a1n h\u1ebft n\u00f3 mang l\u1ea1i ngu\u1ed3n c\u1ea3m h\u1ee9ng b\u1ea5t t\u1eadn \u0111\u1ec3 ng\u01b0\u1eddi ch\u01a1i h\u00f2a nh\u1eefng c\u1ea3m x\u00fac th\u00e0nh \u00e2m thanh m\u00ea ho\u1eb7c l\u00f2ng ng\u01b0\u1eddi. Ph\u1ea3i th\u1eeba nh\u1eadn r\u1eb1ng, s\u1ee9c h\u00fat c\u1ee7a c\u00e2y \u0111\u00e0n grand piano Steinway &amp; Sons O-180\u00a0kh\u00f4ng c\u00f3 m\u1ed9t c\u00e2y grand piano c\u00f3 h\u00e3ng n\u00e0o kh\u00e1c s\u00e1nh k\u1ecbp \u2013 \u0111\u00f3 ch\u00ednh l\u00e0 s\u1ee9c h\u00fat c\u1ee7a c\u00e2y \u0111\u00e0n piano \u0111\u1eb3ng c\u1ea5p s\u1ed1 1 th\u1ebf gi\u1edbi.<\/p>\n<p><img decoding=\"async\" class=\" ls-is-cached lazyloaded\" title=\"\" src=\"https:\/\/pianohouse.vn\/image\/catalog\/products\/nhat-my-duc\/grand-ge\/steinway-o\/piano-steinway-model-o-4.jpg\" alt=\"\" \/><\/p>\n<h2><strong>Ch\u1ebf t\u00e1c tinh x\u1ea3o<\/strong><\/h2>\n<p>M\u1ed9t c\u00e2y grand piano Steinway &amp; Sons ti\u00eau t\u1ed1n h\u01a1n m\u1ed9t n\u0103m v\u1edbi r\u1ea5t nhi\u1ec1u th\u1ee3 l\u00e0nh ngh\u1ec1. Kh\u00f4ng c\u1ea7n ph\u1ea3i v\u1ed9i v\u00e3. Ngay c\u1ea3 nh\u1eefng lo\u1ea1i g\u1ed7 \u0111\u00e3 \u0111\u01b0\u1ee3c tuy\u1ec3n ch\u1ecdn k\u1ef9 c\u00e0ng \u0111\u1ec3 t\u1ea1o n\u00ean c\u00e1c chi ti\u1ebft\u00a0c\u1ee7a c\u00e2y \u0111\u00e0n c\u0169ng ph\u1ea3i \u0111\u01b0\u1ee3c x\u1eed l\u00ed t\u1ec9 m\u1ef9 \u0111\u1ec3 \u0111\u1ea1t \u0111\u01b0\u1ee3c \u0111\u1ed9 \u1ed5n \u0111\u1ecbnh v\u00e0 quy \u0111\u1ecbnh \u0111\u1ed9 \u1ea9m ti\u00eau chu\u1ea9n Steinway.<\/p>\n<p>V\u00e0nh c\u1ee7a c\u00e2y \u0111\u00e0n bao g\u1ed3m c\u00e1c l\u1edbp \u0111\u00e1 c\u1ee9ng maple, c\u00e1c t\u1ea5m gang cao c\u1ea5p nh\u1ea5t, d\u00e2y \u0111\u00e0n c\u00f3 kh\u1ea3 n\u0103ng ch\u1ecbu l\u1ef1c l\u00ean \u0111\u1ebfn g\u1ea7n 20 t\u1ea5n.<\/p>\n<p><strong>G\u1ed7 spruce<\/strong>\u00a0ch\u1ea5t l\u01b0\u1ee3ng t\u1ed1t nh\u1ea5t \u0111\u01b0\u1ee3c trang tr\u00ed m\u1ed9t c\u00e1ch tinh x\u1ea3o v\u00e0o \u0111\u01b0\u1eddng cong c\u1ee7a th\u00f9ng c\u1ed9ng h\u01b0\u1edfng Diaphragmatic\u00ae, v\u00e0 \u0111\u01b0\u1ee3c thon g\u1ecdn nh\u1eb9 nh\u00e0ng t\u1eeb trung t\u00e2m \u0111\u1ebfn c\u00e1c c\u1ea1nh \u0111\u1ec3 \u0111\u1ea3m b\u1ea3o \u00e2m thanh Piano\u00a0Steinway d\u00e0y, c\u00f3 \u0111\u1ed9 s\u00e2u\u00a0v\u00e0 \u00e2m s\u1eafc\u00a0phong ph\u00fa, tuy\u1ec7t m\u1ef9 \u0111\u1ebfn h\u00fat h\u1ed3n.<\/p>\n<p><img decoding=\"async\" class=\" ls-is-cached lazyloaded\" title=\"\" src=\"https:\/\/pianohouse.vn\/image\/catalog\/products\/nhat-my-duc\/grand-ge\/steinway-o\/piano-steinway-model-o-3.jpg\" alt=\"\" \/><\/p>\n<p>T\u1eebng kh\u1ed1i g\u1ed7 l\u1edbn \u0111\u01b0\u1ee3c ch\u1ecdn l\u1ecdc v\u00e0 gh\u00e9p n\u1ed1i \u0111an xen tinh t\u1ebf v\u1edbi nhau t\u1ea1o n\u00ean \u0111\u1ed9 tinh x\u1ea3o ho\u00e0n h\u1ea3o.\u00a0Tuy nhi\u00ean \u0111\u00f3 v\u1eabn ch\u01b0a ph\u1ea3i l\u00e0 m\u1ed9t c\u00e2y Steinway &amp; Sons ho\u00e0n ch\u1ec9nh cho \u0111\u1ebfn khi kh\u00e2u l\u1ed3ng ti\u1ebfng cho c\u00e2y \u0111\u00e0n th\u1ef1c s\u1ef1 c\u00f3 ch\u1ea5t l\u01b0\u1ee3ng \u0111\u1eb7c bi\u1ec7t v\u00e0 \u0111\u1ed9c \u0111\u00e1o. \u1ede giai \u0111o\u1ea1n n\u00e0y, m\u1ecdi s\u1eafc th\u00e1i tinh t\u1ebf \u0111\u1ec1u \u0111\u01b0\u1ee3c r\u00fat ra b\u1eb1ng s\u1ef1 c\u00e2n \u0111\u1ed1i v\u00e0 \u0111i\u1ec1u ch\u1ec9nh c\u00e1c ph\u00edm c\u0169ng nh\u01b0 \u0111\u1ecbnh h\u00ecnh, l\u00e0m c\u1ee9ng ho\u1eb7c m\u1ec1m m\u1ed7i b\u00faa \u0111\u00e0n. Cu\u1ed1i c\u00f9ng, c\u00e2y piano m\u1edbi \u0111\u01b0\u1ee3c chuy\u1ec3n \u0111\u1ed5i t\u1eeb h\u01a1n\u00a0<strong>12.000 b\u1ed9 ph\u1eadn<\/strong>\u00a0ri\u00eang l\u1ebb th\u00e0nh m\u1ed9t nh\u1ea1c c\u1ee5&#8230; v\u00e0 t\u1eeb m\u1ed9t nh\u1ea1c c\u1ee5 th\u00e0nh m\u1ed9t Steinway &amp; Son ho\u00e0n h\u1ea3o.<\/p>\n<div data-id=\"9ly1xDmkO1M\" data-query=\"\" data-src=\"https:\/\/www.youtube.com\/embed\/9ly1xDmkO1M\"><a href=\"https:\/\/www.facebook.com\/anpiano.saigon\" target=\"_blank\" rel=\"noopener\">T\u01b0 v\u1ea5n v\u00e0 ch\u1ecdn mua s\u1ea3n ph\u1ea9m kh\u00e1c t\u1ea1i \u0111\u00e2y<\/a><\/div>\n<div data-id=\"9ly1xDmkO1M\" data-query=\"\" data-src=\"https:\/\/www.youtube.com\/embed\/9ly1xDmkO1M\"><a href=\"http:\/\/thumuapiano.com\/\" target=\"_blank\" rel=\"noopener\">Ch\u00fang t\u00f4i nh\u1eadn thu mua Piano, h\u00e3y li\u00ean h\u1ec7 n\u1ebfu b\u1ea1n c\u00f3 nhu c\u1ea7u.<\/a><\/div>\n","protected":false},"excerpt":{"rendered":"<ul>\n<li>B\u1ea3o h\u00e0nh ch\u00ednh h\u00e3ng 10 n\u0103m <a href=\"https:\/\/anpiano.com\/chinh-sach-bao-hanh\/\">xem th\u00eam<\/a><\/li>\n<li>Gh\u1ebf<\/li>\n<li>Kh\u0103n ph\u1ee7 ph\u00edm<\/li>\n<li>Kh\u0103n ph\u1ee7 \u0111\u00e0n<\/li>\n<li>\u1ed0ng s\u1ea5y<\/li>\n<li>Freeship HCM \u2013 HN \u2013 \u0110N \u2013 NT<\/li>\n<li>Kh\u00f3a h\u1ecdc online<\/li>\n<\/ul>\n","protected":false},"featured_media":11619,"comment_status":"open","ping_status":"closed","template":"","meta":[],"product_cat":[124],"product_tag":[],"class_list":{"0":"post-11573","1":"product","2":"type-product","3":"status-publish","4":"has-post-thumbnail","6":"product_cat-piano-grand","8":"first","9":"instock","10":"shipping-taxable","11":"purchasable","12":"product-type-simple"},"jetpack_sharing_enabled":true,"_links":{"self":[{"href":"https:\/\/anpiano.com\/index.php?rest_route=\/wp\/v2\/product\/11573"}],"collection":[{"href":"https:\/\/anpiano.com\/index.php?rest_route=\/wp\/v2\/product"}],"about":[{"href":"https:\/\/anpiano.com\/index.php?rest_route=\/wp\/v2\/types\/product"}],"replies":[{"embeddable":true,"href":"https:\/\/anpiano.com\/index.php?rest_route=%2Fwp%2Fv2%2Fcomments&post=11573"}],"version-history":[{"count":2,"href":"https:\/\/anpiano.com\/index.php?rest_route=\/wp\/v2\/product\/11573\/revisions"}],"predecessor-version":[{"id":11598,"href":"https:\/\/anpiano.com\/index.php?rest_route=\/wp\/v2\/product\/11573\/revisions\/11598"}],"wp:featuredmedia":[{"embeddable":true,"href":"https:\/\/anpiano.com\/index.php?rest_route=\/wp\/v2\/media\/11619"}],"wp:attachment":[{"href":"https:\/\/anpiano.com\/index.php?rest_route=%2Fwp%2Fv2%2Fmedia&parent=11573"}],"wp:term":[{"taxonomy":"product_cat","embeddable":true,"href":"https:\/\/anpiano.com\/index.php?rest_route=%2Fwp%2Fv2%2Fproduct_cat&post=11573"},{"taxonomy":"product_tag","embeddable":true,"href":"https:\/\/anpiano.com\/index.php?rest_route=%2Fwp%2Fv2%2Fproduct_tag&post=11573"}],"curies":[{"name":"wp","href":"https:\/\/api.w.org\/{rel}","templated":true}]}}