{"id":12514,"date":"2024-12-03T16:20:28","date_gmt":"2024-12-03T09:20:28","guid":{"rendered":"https:\/\/anpiano.com\/?post_type=product&#038;p=12514"},"modified":"2025-05-06T09:19:02","modified_gmt":"2025-05-06T02:19:02","slug":"yamaha-clp-511","status":"publish","type":"product","link":"https:\/\/anpiano.com\/?product=yamaha-clp-511","title":{"rendered":"Yamaha CLP 511"},"content":{"rendered":"<p>\u0110\u00e0n piano \u0111i\u1ec7n Yamaha CLP 511\u00a0c\u00f3 ki\u1ec3u d\u00e1ng sang tr\u1ecdng c\u1ed5 \u0111i\u1ec3n\u00a0b\u1eaft m\u1eaft. V\u1edbi nhi\u1ec1u c\u1ea3m \u1ee9ng ph\u00edm \u0111\u01b0\u1ee3c trang b\u1ecb s\u1eb5n gi\u00fap ng\u01b0\u1eddi ch\u01a1i c\u00f3 th\u1ec3 \u0111i\u1ec1u khi\u1ec3n \u0111\u01b0\u1ee3c nhi\u1ec1u c\u1ea5p \u0111\u1ed9 kh\u00e1c nhau tr\u00ean ph\u00edm\u00a0\u0111\u00e0n. \u0110\u00e0n c\u00f3 h\u1ec7 ti\u1ebfng Dynamic Stereo Sampling AWM l\u00e0m cho ng\u01b0\u1eddi ch\u01a1i nh\u01b0 \u0111ang \u1edf trong m\u1ed9t kh\u00f4ng gian m\u1edf, t\u1ea1o c\u1ea3m gi\u00e1c s\u1ed1ng \u0111\u1ed9ng.<\/p>\n<p><img fetchpriority=\"high\" decoding=\"async\" class=\"alignnone size-medium wp-image-12518\" src=\"https:\/\/anpiano.com\/wp-content\/uploads\/2024\/12\/da8645a61581afdff6903-300x225.jpg\" alt=\"Yamaha CLP 511\" width=\"300\" height=\"225\" srcset=\"https:\/\/anpiano.com\/wp-content\/uploads\/2024\/12\/da8645a61581afdff6903-300x225.jpg 300w, https:\/\/anpiano.com\/wp-content\/uploads\/2024\/12\/da8645a61581afdff6903-1024x768.jpg 1024w, https:\/\/anpiano.com\/wp-content\/uploads\/2024\/12\/da8645a61581afdff6903-768x576.jpg 768w, https:\/\/anpiano.com\/wp-content\/uploads\/2024\/12\/da8645a61581afdff6903-1536x1152.jpg 1536w, https:\/\/anpiano.com\/wp-content\/uploads\/2024\/12\/da8645a61581afdff6903-2048x1536.jpg 2048w, https:\/\/anpiano.com\/wp-content\/uploads\/2024\/12\/da8645a61581afdff6903-247x185.jpg 247w, https:\/\/anpiano.com\/wp-content\/uploads\/2024\/12\/da8645a61581afdff6903-510x383.jpg 510w\" sizes=\"(max-width: 300px) 100vw, 300px\" \/><\/p>\n<p>B\u00e0n ph\u00edm c\u1ee7a \u0111\u00e0n \u0111\u01b0\u1ee3c t\u00edch h\u1ee3p c\u00f4ng ngh\u1ec7 b\u00e0n ph\u00edm GH, HE, m\u00f4 ph\u1ecfng \u0111\u1ed9 n\u1ea3y c\u1ee7a ph\u00edm \u0111\u00e0n, hi\u1ec7u \u1ee9ng Action Effect t\u1ea1o c\u1ea3m gi\u00e1c nh\u01b0 b\u00faa g\u00f5 c\u1ee7a piano c\u01a1. \u0110\u00e0n c\u00f3 4 ch\u1ebf \u0111\u1ed9 Reverb bao g\u1ed3m:\u00a0Room \u2013 Hall 1 \u2013 Hall 2 \u2013 Stage.\u00a0T\u1ea5t c\u1ea3 t\u1ea1o n\u00ean s\u1ef1 ho\u00e0n h\u1ea3o c\u1ee7a h\u1ec7 th\u1ed1ng \u00e2m thanh v\u00e0 ph\u00edm \u0111\u00e0n, gi\u00fap ng\u01b0\u1eddi ch\u01a1i t\u1eadn h\u01b0\u1edfng c\u1ea3m gi\u00e1c nh\u01b0 \u0111ang th\u1ec3 hi\u1ec7n nh\u1eefng ng\u00f3n tay l\u1ea3 l\u01b0\u1edbt tr\u00ean m\u1ed9t c\u00e2y piano c\u01a1 th\u1ef1c s\u1ef1<span class=\"s1\">.<\/span><\/p>\n<p><img decoding=\"async\" class=\"alignnone size-medium wp-image-12517\" src=\"https:\/\/anpiano.com\/wp-content\/uploads\/2024\/12\/92167e362e11944fcd004-300x225.jpg\" alt=\"Yamaha CLP 511\" width=\"300\" height=\"225\" srcset=\"https:\/\/anpiano.com\/wp-content\/uploads\/2024\/12\/92167e362e11944fcd004-300x225.jpg 300w, https:\/\/anpiano.com\/wp-content\/uploads\/2024\/12\/92167e362e11944fcd004-1024x768.jpg 1024w, https:\/\/anpiano.com\/wp-content\/uploads\/2024\/12\/92167e362e11944fcd004-768x576.jpg 768w, https:\/\/anpiano.com\/wp-content\/uploads\/2024\/12\/92167e362e11944fcd004-1536x1152.jpg 1536w, https:\/\/anpiano.com\/wp-content\/uploads\/2024\/12\/92167e362e11944fcd004-2048x1536.jpg 2048w, https:\/\/anpiano.com\/wp-content\/uploads\/2024\/12\/92167e362e11944fcd004-247x185.jpg 247w, https:\/\/anpiano.com\/wp-content\/uploads\/2024\/12\/92167e362e11944fcd004-510x383.jpg 510w\" sizes=\"(max-width: 300px) 100vw, 300px\" \/><\/p>\n<h2>Th\u00f4ng s\u1ed1 k\u1ef9 thu\u1eadt \u0111\u00e0n Yamaha CLP 511:<\/h2>\n<p>\u2013 88 Ph\u00edm n\u1eb7ng<\/p>\n<p>\u2013 Touch Sensitivity: Hard\/Medium\/Soft\/Fixed (B\u00e0n ph\u00edm c\u00f3 nhi\u1ec1u c\u1ea5p \u0111\u1ed9 Touch)<\/p>\n<p>\u2013 Voice: 12 (Piano 1 \u2013 Piano 2 \u2013 Clavinova tone \u2013 E.Piano 1 \u2013 E.Piano 2 \u2013 Harpsichord \u2013 Vibes \u2013 Strings \u2013 Choir \u2013 Pipe Organ \u2013 Organ combination \u2013 Variation)<\/p>\n<p>\u2013 Pedal: 3<\/p>\n<p>\u2013 Effect: chorus, symphonic, tremolo, echo<\/p>\n<p>\u2013 Brilliance : 3 ch\u1ebf \u0111\u1ed9 (bright, normal, mellow)<\/p>\n<p>\u2013 Record: ch\u1ee9c n\u0103ng thu ph\u00e1t<\/p>\n<p>\u2013 Dual: h\u00f2a 2 ti\u1ebfng c\u00f9ng l\u00fac<\/p>\n<p>\u2013 Metronome (b\u1ed9 g\u00f5 gi\u1eef nh\u1ecbp)<\/p>\n<p>\u2013 Transpose (l\u00ean xu\u1ed1ng tone)<\/p>\n<p>\u2013 Reverb: 4 (Room \u2013 Hall 1 \u2013 Hall 2 \u2013 Stage)<\/p>\n<p>\u2013 C\u1ed5ng Midi In\/Out\/Thru<\/p>\n<p>\u2013 M\u00e0n h\u00ecnh LCD hi\u1ec3n th\u1ecb r\u1ed9ng.<\/p>\n<div data-id=\"9ly1xDmkO1M\" data-query=\"\" data-src=\"https:\/\/www.youtube.com\/embed\/9ly1xDmkO1M\"><a href=\"https:\/\/www.facebook.com\/Anpiano.hanoi\" target=\"_blank\" rel=\"noopener\">T\u01b0 v\u1ea5n v\u00e0 ch\u1ecdn mua s\u1ea3n ph\u1ea9m kh\u00e1c t\u1ea1i \u0111\u00e2y<\/a><\/div>\n<div data-id=\"9ly1xDmkO1M\" data-query=\"\" data-src=\"https:\/\/www.youtube.com\/embed\/9ly1xDmkO1M\"><a href=\"http:\/\/thumuapiano.com\/\" target=\"_blank\" rel=\"noopener\">Ch\u00fang t\u00f4i nh\u1eadn thu mua Piano, h\u00e3y li\u00ean h\u1ec7 n\u1ebfu b\u1ea1n c\u00f3 nhu c\u1ea7u.<\/a><\/div>\n","protected":false},"excerpt":{"rendered":"<ul>\n<li>B\u1ea3o h\u00e0nh 12 th\u00e1ng <a href=\"https:\/\/anpiano.com\/chinh-sach-bao-hanh\/\">xem th\u00eam<\/a><\/li>\n<li>Gh\u1ebf<\/li>\n<li>Kh\u0103n ph\u1ee7 ph\u00edm<\/li>\n<li>\u0110\u1ed5i ngu\u1ed3n 220V<\/li>\n<li>Freeship HCM \u2013 HN \u2013 \u0110N &#8211; NT &#8211; BMT<\/li>\n<li>Kh\u00f3a h\u1ecdc online<\/li>\n<\/ul>\n","protected":false},"featured_media":12515,"comment_status":"open","ping_status":"closed","template":"","meta":[],"product_cat":[17,129],"product_tag":[1448,634,1449],"class_list":{"0":"post-12514","1":"product","2":"type-product","3":"status-publish","4":"has-post-thumbnail","6":"product_cat-piano-dan-dien","7":"product_cat-ya-ma-ha","8":"product_tag-clp-511","9":"product_tag-piano-yamaha","10":"product_tag-yamaha-clp-511","12":"first","13":"instock","14":"sale","15":"shipping-taxable","16":"purchasable","17":"product-type-simple"},"jetpack_sharing_enabled":true,"_links":{"self":[{"href":"https:\/\/anpiano.com\/index.php?rest_route=\/wp\/v2\/product\/12514"}],"collection":[{"href":"https:\/\/anpiano.com\/index.php?rest_route=\/wp\/v2\/product"}],"about":[{"href":"https:\/\/anpiano.com\/index.php?rest_route=\/wp\/v2\/types\/product"}],"replies":[{"embeddable":true,"href":"https:\/\/anpiano.com\/index.php?rest_route=%2Fwp%2Fv2%2Fcomments&post=12514"}],"version-history":[{"count":3,"href":"https:\/\/anpiano.com\/index.php?rest_route=\/wp\/v2\/product\/12514\/revisions"}],"predecessor-version":[{"id":13293,"href":"https:\/\/anpiano.com\/index.php?rest_route=\/wp\/v2\/product\/12514\/revisions\/13293"}],"wp:featuredmedia":[{"embeddable":true,"href":"https:\/\/anpiano.com\/index.php?rest_route=\/wp\/v2\/media\/12515"}],"wp:attachment":[{"href":"https:\/\/anpiano.com\/index.php?rest_route=%2Fwp%2Fv2%2Fmedia&parent=12514"}],"wp:term":[{"taxonomy":"product_cat","embeddable":true,"href":"https:\/\/anpiano.com\/index.php?rest_route=%2Fwp%2Fv2%2Fproduct_cat&post=12514"},{"taxonomy":"product_tag","embeddable":true,"href":"https:\/\/anpiano.com\/index.php?rest_route=%2Fwp%2Fv2%2Fproduct_tag&post=12514"}],"curies":[{"name":"wp","href":"https:\/\/api.w.org\/{rel}","templated":true}]}}