{"id":13238,"date":"2025-05-03T17:55:43","date_gmt":"2025-05-03T10:55:43","guid":{"rendered":"https:\/\/anpiano.com\/?post_type=product&#038;p=13238"},"modified":"2025-09-25T16:53:54","modified_gmt":"2025-09-25T09:53:54","slug":"kawai-cn-29lo","status":"publish","type":"product","link":"https:\/\/anpiano.com\/?product=kawai-cn-29lo","title":{"rendered":"Kawai CN 29LO"},"content":{"rendered":"<h4><strong>\u0110\u00e0n Piano \u0111i\u1ec7n Kawai CN 29Lo<\/strong><br \/>\n<strong>M\u1eabu Kawai CN 29Lo m\u1edbi nh\u1ea5t c\u1ee7a Kawai c\u00f3 b\u00e0n ph\u00edm 88 n\u1ed1t ch\u00e2n th\u1ef1c, \u00e2m thanh piano tuy\u1ec7t v\u1eddi v\u00e0 gi\u1eafc c\u1eafm tai nghe \u0111\u1ec3 tr\u00e1nh l\u00e0m phi\u1ec1n c\u00e1c th\u00e0nh vi\u00ean trong gia \u0111\u00ecnh v\u00e0 h\u00e0ng x\u00f3m \u2013 t\u1ea5t c\u1ea3 \u0111\u1ec1u n\u1eb1m trong m\u1ed9t nh\u1ea1c c\u1ee5 h\u1ea5p d\u1eabn, gi\u00e1 c\u1ea3 ph\u1ea3i ch\u0103ng m\u00e0 kh\u00f4ng bao gi\u1edd c\u1ea7n \u0111i\u1ec1u ch\u1ec9nh.<\/strong><\/h4>\n<p>Ngo\u00e0i vi\u1ec7c t\u00e1i t\u1ea1o trung th\u1ef1c c\u1ea3m \u1ee9ng v\u00e0 giai \u0111i\u1ec7u c\u1ee7a m\u1ed9t c\u00e2y \u0111\u00e0n piano acoustic, Kawai CN 29Lo c\u00f2n t\u1ef1 h\u00e0o c\u00f3 nhi\u1ec1u t\u00ednh n\u0103ng b\u1ed5 sung ph\u00f9 h\u1ee3p v\u1edbi c\u00e1c kh\u1ea3 n\u0103ng ch\u01a1i \u0111\u00e0n kh\u00e1c nhau.<\/p>\n<p>Ch\u1ee9c n\u0103ng b\u00e0i h\u1ecdc ti\u1ec7n l\u1ee3i cho ph\u00e9p c\u00e1c ngh\u1ec7 s\u0129 piano tham v\u1ecdng h\u1ecdc piano v\u1edbi c\u00e1c b\u1ea3n nh\u1ea1c c\u1ed5 \u0111i\u1ec3n v\u00e0 c\u00e1c b\u00e0i h\u00e1t t\u1eeb c\u00e1c s\u00e1ch kh\u00f3a h\u1ecdc n\u1ed5i ti\u1ebfng c\u1ee7a Alfred, trong khi Concert Magic khuy\u1ebfn kh\u00edch ngay c\u1ea3 nh\u1eefng ng\u01b0\u1eddi kh\u00f4ng ph\u1ea3i ng\u01b0\u1eddi ch\u01a1i c\u0169ng th\u00edch t\u1ea1o nh\u1ea1c b\u1eb1ng c\u00e1ch ch\u1ec9 c\u1ea7n ch\u1ea1m v\u00e0o b\u00e0n ph\u00edm v\u1edbi nh\u1ecbp \u0111\u1ec1u \u0111\u1eb7n, nh\u1ecbp nh\u00e0ng<\/p>\n<p><img fetchpriority=\"high\" decoding=\"async\" class=\"alignnone size-medium wp-image-13239\" src=\"https:\/\/anpiano.com\/wp-content\/uploads\/2025\/05\/c704d2ee32288076d9397-300x300.jpg\" alt=\"\" width=\"300\" height=\"300\" srcset=\"https:\/\/anpiano.com\/wp-content\/uploads\/2025\/05\/c704d2ee32288076d9397-300x300.jpg 300w, https:\/\/anpiano.com\/wp-content\/uploads\/2025\/05\/c704d2ee32288076d9397-1024x1024.jpg 1024w, https:\/\/anpiano.com\/wp-content\/uploads\/2025\/05\/c704d2ee32288076d9397-150x150.jpg 150w, https:\/\/anpiano.com\/wp-content\/uploads\/2025\/05\/c704d2ee32288076d9397-768x768.jpg 768w, https:\/\/anpiano.com\/wp-content\/uploads\/2025\/05\/c704d2ee32288076d9397-1536x1536.jpg 1536w, https:\/\/anpiano.com\/wp-content\/uploads\/2025\/05\/c704d2ee32288076d9397-2048x2048.jpg 2048w, https:\/\/anpiano.com\/wp-content\/uploads\/2025\/05\/c704d2ee32288076d9397-510x510.jpg 510w, https:\/\/anpiano.com\/wp-content\/uploads\/2025\/05\/c704d2ee32288076d9397-100x100.jpg 100w\" sizes=\"(max-width: 300px) 100vw, 300px\" \/><\/p>\n<p>&nbsp;<\/p>\n<h2><strong>C\u00c1C T\u00cdNH N\u0102NG KH\u00c1C C\u1ee6A \u0110\u00c0N \u0110I\u1ec6N KAWAI CN 29Lo<\/strong><\/h2>\n<p>\u0110\u00e0n piano k\u1ef9 thu\u1eadt s\u1ed1 Kawai CN 29Lo c\u00f3 b\u1ed9 ghi ba b\u00e0i h\u00e1t, cho ph\u00e9p ghi c\u00e1c bu\u1ed5i bi\u1ec3u di\u1ec5n v\u00e0o b\u1ed9 nh\u1edb trong v\u00e0 ph\u00e1t l\u1ea1i ch\u1ec9 b\u1eb1ng m\u1ed9t n\u00fat b\u1ea5m.<\/p>\n<p>Ngo\u00e0i ra, t\u00ednh n\u0103ng b\u00e0i h\u1ecdc ti\u1ec7n l\u1ee3i cho ph\u00e9p c\u00e1c ngh\u1ec7 s\u0129 piano c\u00f3 nguy\u1ec7n v\u1ecdng h\u1ecdc piano b\u1eb1ng c\u00e1ch s\u1eed d\u1ee5ng b\u1ed9 s\u01b0u t\u1eadp c\u00e1c b\u00e0i h\u00e1t c\u00f3 s\u1eb5n t\u1eeb Czerny v\u00e0 Burgm\u00fcller, ho\u1eb7c c\u00e1c b\u00e0i h\u00e1t t\u1eeb c\u00e1c s\u00e1ch kh\u00f3a h\u1ecdc n\u1ed5i ti\u1ebfng c\u1ee7a Alfred.<\/p>\n<p>&nbsp;<\/p>\n<p>Ph\u1ea7n tay tr\u00e1i v\u00e0 tay ph\u1ea3i c\u1ee7a m\u1ed7i b\u00e0i c\u00f3 th\u1ec3 \u0111\u01b0\u1ee3c th\u1ef1c h\u00e0nh ri\u00eang bi\u1ec7t, \u0111\u1ed3ng th\u1eddi vi\u1ec7c \u0111i\u1ec1u ch\u1ec9nh nh\u1ecbp \u0111\u1ed9 cho ph\u00e9p ho\u00e0n thi\u1ec7n nh\u1eefng \u0111o\u1ea1n kh\u00f3 h\u01a1n.<\/p>\n<p>Kawai CN 29Lo c\u00f3 t\u00ednh n\u0103ng ghi \u00e2m b\u00e0i h\u00e1t v\u1eeba n\u00e2ng cao kh\u1ea3 n\u0103ng ch\u01a1i \u0111\u00e0n v\u1eeba h\u1ed7 tr\u1ee3 vi\u1ec7c h\u1ecdc piano. M\u00e1y ghi \u00e2m h\u1eefu \u00edch c\u1ee7a Kawai CN 29Lo cho ph\u00e9p l\u01b0u t\u1ed1i \u0111a ba b\u00e0i h\u00e1t trong b\u1ed9 nh\u1edb trong v\u00e0 ph\u00e1t l\u1ea1i ch\u1ec9 b\u1eb1ng m\u1ed9t n\u00fat b\u1ea5m, ph\u1ee5c v\u1ee5 nh\u01b0 m\u1ed9t c\u00f4ng c\u1ee5 t\u1ef1 \u0111\u00e1nh gi\u00e1 thu\u1eadn ti\u1ec7n cho ng\u01b0\u1eddi ch\u01a1i \u1edf m\u1ecdi c\u1ea5p \u0111\u1ed9 k\u1ef9 n\u0103ng<\/p>\n<p>.<img decoding=\"async\" class=\"wp-image-13244 alignleft\" src=\"https:\/\/anpiano.com\/wp-content\/uploads\/2025\/05\/39b6403c9bfa29a470eb-300x300.jpg\" alt=\"Kawai CN 29Lo\" width=\"300\" height=\"300\" srcset=\"https:\/\/anpiano.com\/wp-content\/uploads\/2025\/05\/39b6403c9bfa29a470eb-300x300.jpg 300w, https:\/\/anpiano.com\/wp-content\/uploads\/2025\/05\/39b6403c9bfa29a470eb-1024x1024.jpg 1024w, https:\/\/anpiano.com\/wp-content\/uploads\/2025\/05\/39b6403c9bfa29a470eb-150x150.jpg 150w, https:\/\/anpiano.com\/wp-content\/uploads\/2025\/05\/39b6403c9bfa29a470eb-768x768.jpg 768w, https:\/\/anpiano.com\/wp-content\/uploads\/2025\/05\/39b6403c9bfa29a470eb-510x510.jpg 510w, https:\/\/anpiano.com\/wp-content\/uploads\/2025\/05\/39b6403c9bfa29a470eb-100x100.jpg 100w, https:\/\/anpiano.com\/wp-content\/uploads\/2025\/05\/39b6403c9bfa29a470eb.jpg 1280w\" sizes=\"(max-width: 300px) 100vw, 300px\" \/><\/p>\n<p>&nbsp;<\/p>\n<h2><\/h2>\n<h2><\/h2>\n<h2><\/h2>\n<h2><\/h2>\n<h2><\/h2>\n<h2><strong>Th\u00f4ng s\u1ed1 k\u1ef9 thu\u1eadt c\u1ee7a Piano \u0111i\u1ec7n Kawai CN 29Lo<\/strong><\/h2>\n<p>&nbsp;<\/p>\n<table width=\"87%\">\n<tbody>\n<tr>\n<td colspan=\"2\" width=\"47%\"><strong>B\u00e0n ph\u00edm<\/strong><\/td>\n<td width=\"50%\"><strong>Th\u1ebf h\u1ec7 RH III<\/strong><br \/>\n\u2013 88 ph\u00edm<br \/>\n\u2013 Ki\u1ec3u ph\u00edm b\u00faa n\u1eb7ng<br \/>\n\u2013 B\u1ec1 m\u1eb7t ph\u00edm nh\u00e1m<br \/>\n\u2013 t\u00ednh n\u0103ng Let-off<br \/>\n\u2013 C\u1ea3m bi\u1ebfn 3 m\u1ee9c \u0111\u1ed9<\/td>\n<\/tr>\n<tr>\n<td colspan=\"2\" width=\"47%\"><strong>Pedal<\/strong><\/td>\n<td width=\"50%\"><strong>Pedal nh\u01b0 \u0111\u00e0n Piano c\u01a1<\/strong><br \/>\n\u2013 Damper (with half-pedal support)<br \/>\n\u2013 Soft<br \/>\n\u2013 Sostenuto<\/td>\n<\/tr>\n<tr>\n<td colspan=\"2\" width=\"47%\"><strong>\u00c2m thanh Piano<\/strong><\/td>\n<td width=\"50%\"><strong>C\u00f4ng ngh\u1ec7 l\u1ea5y m\u1eabu PHI<\/strong><br \/>\n\u2013 88 ph\u00edm \u0111\u01b0\u1ee3c l\u1ea5y m\u1eabu chi ti\u1ebft<br \/>\n\u2013 Ngu\u1ed1n m\u1eabu t\u1eeb c\u00e2y Kawai Grand SK-EX, EX<br \/>\n\u2013 192 n\u1ed1t ph\u1ee9c \u0111i\u1ec7u<\/td>\n<\/tr>\n<tr>\n<td colspan=\"2\" width=\"47%\"><strong>Ch\u1ee9c n\u0103ng c\u1ed9ng h\u01b0\u1edfng<\/strong><\/td>\n<td width=\"50%\">\u2013 Damper Resonance<br \/>\n\u2013 String Resonance<\/td>\n<\/tr>\n<tr>\n<td colspan=\"2\" width=\"47%\"><strong>C\u00e1c \u0111i\u1ec1u khi\u1ec3n kh\u00e1c<\/strong><\/td>\n<td width=\"50%\"><strong>\u30fb<\/strong><strong>Virtual Technician<\/strong>\u00a0(17 parameters, via Virtual Technician app)<br \/>\n\u2013 Touch Curve<br \/>\n\u2013 Voicing<br \/>\n\u2013 Damper Resonance<br \/>\n\u2013 Damper Noise<br \/>\n\u2013 String Resonance<br \/>\n\u2013 Key-off Effect<br \/>\n\u2013 Fall-back Noise<br \/>\n\u2013 Hammer Delay<br \/>\n\u2013 Topboard<br \/>\n\u2013 Decay Time<br \/>\n\u2013 Minimum Touch<br \/>\n\u2013 Stretch Tuning<br \/>\n\u2013 Temperament<br \/>\n\u2013 Temperament Key<br \/>\n\u2013 User Key Volume<br \/>\n\u2013 Half-Pedal Adjust<br \/>\n\u2013 Soft Pedal Depth<strong>\u30fb<\/strong><strong>Virtual Technician Smart Mode<\/strong>\u00a0(10 presets)<\/td>\n<\/tr>\n<tr>\n<td colspan=\"2\" width=\"47%\"><strong>S\u1ed1 ti\u1ebfng \u0111\u00e0n<\/strong><\/td>\n<td width=\"50%\">19 voices<\/td>\n<\/tr>\n<tr>\n<td colspan=\"2\" width=\"47%\"><strong>Reverb<\/strong><\/td>\n<td width=\"50%\">6 types<\/td>\n<\/tr>\n<tr>\n<td colspan=\"2\" width=\"47%\"><strong>Brilliance<\/strong><\/td>\n<td width=\"50%\">C\u00f3<\/td>\n<\/tr>\n<tr>\n<td colspan=\"2\" width=\"47%\"><strong>Loa<\/strong><\/td>\n<td width=\"50%\">12 cm x 2 (H\u1ec7 th\u1ed1ng loa Onkyo full-range)<\/td>\n<\/tr>\n<tr>\n<td colspan=\"2\" width=\"47%\"><strong>C\u00f4ng su\u1ea5t<\/strong><\/td>\n<td width=\"50%\">40 W (20 W x 2)<\/td>\n<\/tr>\n<tr>\n<td colspan=\"2\" width=\"47%\"><strong>M\u00e0n h\u00ecnh<\/strong><\/td>\n<td width=\"50%\">128 x 128 pixel OLED<\/td>\n<\/tr>\n<tr>\n<td rowspan=\"3\" width=\"25%\"><strong>K\u00edch th\u01b0\u1edbc<\/strong><\/td>\n<td width=\"21%\">R\u1ed9ng<\/td>\n<td width=\"50%\">136 cm<\/td>\n<\/tr>\n<tr>\n<td width=\"21%\">S\u00e2u<\/td>\n<td width=\"50%\">40.5 cm<\/td>\n<\/tr>\n<tr>\n<td width=\"21%\">Cao<\/td>\n<td width=\"50%\">86 cm<\/td>\n<\/tr>\n<tr>\n<td colspan=\"2\" width=\"47%\"><strong>Tr\u1ecdng l\u01b0\u1ee3ng<\/strong><\/td>\n<td width=\"50%\">43.0 kg<\/td>\n<\/tr>\n<tr>\n<td colspan=\"2\" width=\"47%\"><strong>C\u00e1c ch\u1ee9c n\u0103ng c\u01a1 b\u1ea3n<\/strong><\/td>\n<td width=\"50%\">Dual<br \/>\nFour Hands<br \/>\nTranspose<br \/>\nTuning<br \/>\nStartup Setting<\/td>\n<\/tr>\n<tr>\n<td rowspan=\"3\" width=\"25%\"><strong>C\u00e1c b\u00e0i h\u00e1t<\/strong><\/td>\n<td width=\"21%\"><strong>Sound Demo<\/strong><\/td>\n<td width=\"50%\">19 songs<\/td>\n<\/tr>\n<tr>\n<td width=\"21%\"><strong>Piano Music<\/strong><\/td>\n<td width=\"50%\">\u2013<\/td>\n<\/tr>\n<tr>\n<td width=\"21%\"><strong>Concert Magic<\/strong><\/td>\n<td width=\"50%\">40 songs<\/td>\n<\/tr>\n<tr>\n<td colspan=\"2\" width=\"47%\"><strong>B\u00e0i nh\u1ea1c \u0111\u1ec3 h\u1ecdc<\/strong><\/td>\n<td width=\"50%\">Burgm\u00fcller 25 (25 Etudes Faciles, Opus 100)<br \/>\nCzerny 30 (Etudes de M\u00e9canisme, Opus 849)<br \/>\nBeyer 106 (Vorschule im Klavierspiel, Opus 101)<br \/>\nChopin Walzer (Chopin waltzes series 1-19)<br \/>\nAlfred\u2019s Basic Piano Library Lesson Book Level 1A<br \/>\nAlfred\u2019s Basic Piano Library Lesson Book Level 1B<\/td>\n<\/tr>\n<tr>\n<td rowspan=\"3\" width=\"25%\"><strong>Ch\u1ee9c n\u0103ng thu \u00e2m<\/strong><\/td>\n<td width=\"21%\"><strong>B\u1ed9 nh\u1edb<\/strong><\/td>\n<td width=\"50%\">approximately 10,000 notes<\/td>\n<\/tr>\n<tr>\n<td width=\"21%\"><strong>S\u1ed1 l\u01b0\u1ee3ng b\u00e0i<\/strong><\/td>\n<td width=\"50%\">3 songs<\/td>\n<\/tr>\n<tr>\n<td width=\"21%\"><strong>Parts<\/strong><\/td>\n<td width=\"50%\">1 part<\/td>\n<\/tr>\n<tr>\n<td rowspan=\"2\" width=\"25%\"><strong>M\u00e1y \u0111\u1ebfm nh\u1ecbp<\/strong><\/td>\n<td width=\"21%\"><strong>C\u00e1c lo\u1ea1i nh\u1ecbp<\/strong><\/td>\n<td width=\"50%\">1\/4, 2\/4, 3\/4, 4\/4, 5\/4, 3\/8, 6\/8<\/td>\n<\/tr>\n<tr>\n<td width=\"21%\"><strong>Drum Rhythms<\/strong><\/td>\n<td width=\"50%\">\u2013<\/td>\n<\/tr>\n<tr>\n<td colspan=\"2\" width=\"47%\"><strong>Bluetooth *<\/strong><\/td>\n<td width=\"50%\">Bluetooth (Ver. 4.1; GATT compatible)<br \/>\nBluetooth Low Energy MIDI Specification compliant<\/td>\n<\/tr>\n<tr>\n<td rowspan=\"2\" width=\"25%\"><strong>Thu \u00e2m qua USB Audio<\/strong><\/td>\n<td width=\"21%\"><strong>Record\/Playback<\/strong><\/td>\n<td width=\"50%\">\u2013<\/td>\n<\/tr>\n<tr>\n<td width=\"21%\"><strong>Other Functions<\/strong><\/td>\n<td width=\"50%\">\u2013<\/td>\n<\/tr>\n<tr>\n<td colspan=\"2\" width=\"47%\"><strong>C\u00e1c \u1ee9ng d\u1ee5ng t\u01b0\u01a1ng th\u00edch<\/strong><\/td>\n<td width=\"50%\">Virtual Technician app (iPad), Sound Museum app (iPhone\/iPad)<\/td>\n<\/tr>\n<tr>\n<td rowspan=\"7\" width=\"25%\"><strong>C\u1ed5ng k\u1ebft n\u1ed1i<\/strong><\/td>\n<td width=\"21%\"><strong>Headphone<\/strong><\/td>\n<td width=\"50%\">1 x 1\/4\u2033, 1 x 1\/8\u2033 Stereo jacks<\/td>\n<\/tr>\n<tr>\n<td width=\"21%\"><strong>MIDI<\/strong><\/td>\n<td width=\"50%\">MIDI IN, MIDI OUT, Bluetooth MIDI *<\/td>\n<\/tr>\n<tr>\n<td width=\"21%\"><strong>Line Out<\/strong><\/td>\n<td width=\"50%\">\u2013<\/td>\n<\/tr>\n<tr>\n<td width=\"21%\"><strong>Line In<\/strong><\/td>\n<td width=\"50%\">\u2013<\/td>\n<\/tr>\n<tr>\n<td width=\"21%\"><strong>USB to Host<\/strong><\/td>\n<td width=\"50%\">C\u00f3<\/td>\n<\/tr>\n<tr>\n<td width=\"21%\"><strong>USB to Device<\/strong><\/td>\n<td width=\"50%\">\u2013<\/td>\n<\/tr>\n<\/tbody>\n<\/table>\n<div data-id=\"9ly1xDmkO1M\" data-query=\"\" data-src=\"https:\/\/www.youtube.com\/embed\/9ly1xDmkO1M\"><a href=\"https:\/\/www.facebook.com\/Anpiano.hanoi\" target=\"_blank\" rel=\"noopener\">T\u01b0 v\u1ea5n v\u00e0 ch\u1ecdn mua s\u1ea3n ph\u1ea9m kh\u00e1c t\u1ea1i \u0111\u00e2y<\/a><\/div>\n<div data-id=\"9ly1xDmkO1M\" data-query=\"\" data-src=\"https:\/\/www.youtube.com\/embed\/9ly1xDmkO1M\"><a href=\"http:\/\/thumuapiano.com\/\" target=\"_blank\" rel=\"noopener\">Ch\u00fang t\u00f4i nh\u1eadn thu mua Piano, h\u00e3y li\u00ean h\u1ec7 n\u1ebfu b\u1ea1n c\u00f3 nhu c\u1ea7u.<\/a><\/div>\n","protected":false},"excerpt":{"rendered":"<div class=\"product-short-description\">\n<ul>\n<li>\n<h1><strong>Qu\u00e0 T\u1eb7ng:<\/strong><\/h1>\n<ul>\n<li>B\u1ea3o h\u00e0nh 18 th\u00e1ng <a href=\"https:\/\/anpiano.com\/chinh-sach-bao-hanh\/\">xem th\u00eam<\/a><\/li>\n<li>Gh\u1ebf<\/li>\n<li>Kh\u0103n ph\u1ee7 ph\u00edm<\/li>\n<li>\u0110\u1ed5i ngu\u1ed3n 220V<\/li>\n<li>Freeship HCM \u2013 HN \u2013 \u0110N &#8211; NT &#8211; BMT<\/li>\n<li>Kh\u00f3a h\u1ecdc online<\/li>\n<\/ul>\n<\/li>\n<\/ul>\n<p>M\u1eabu Kawai CN 29Lo m\u1edbi nh\u1ea5t c\u1ee7a Kawai c\u00f3 b\u00e0n ph\u00edm 88 n\u1ed1t ch\u00e2n th\u1ef1c, \u00e2m thanh piano tuy\u1ec7t v\u1eddi v\u00e0 gi\u1eafc c\u1eafm tai nghe \u0111\u1ec3 tr\u00e1nh l\u00e0m phi\u1ec1n c\u00e1c th\u00e0nh vi\u00ean trong gia \u0111\u00ecnh v\u00e0 h\u00e0ng x\u00f3m \u2013 t\u1ea5t c\u1ea3 \u0111\u1ec1u n\u1eb1m trong m\u1ed9t nh\u1ea1c c\u1ee5 h\u1ea5p d\u1eabn, gi\u00e1 c\u1ea3 ph\u1ea3i ch\u0103ng m\u00e0 kh\u00f4ng bao gi\u1edd c\u1ea7n \u0111i\u1ec1u ch\u1ec9nh.Gi\u1ea3m 20% cho \u0111\u01a1n h\u00e0ng t\u1eeb 55K, t\u1ed1i \u0111a 50K, s\u1eed d\u1ee5ng 1 l\u1ea7n\/th\u00e1ng. Ch\u1ec9 \u00e1p d\u1ee5ng cho Kh\u00e1ch h\u00e0ng m\u1edbi.<\/p>\n<\/div>\n<div class=\"bk-btn\">\n<div class=\"bk-promotion\">\n<div class=\"bk-promotion-content\">\n<div class=\"bk-promotion-footer\">\n<p>&nbsp;<\/p>\n<\/div>\n<\/div>\n<\/div>\n<\/div>\n","protected":false},"featured_media":13847,"comment_status":"open","ping_status":"closed","template":"","meta":[],"product_cat":[17,132],"product_tag":[1541,1135,1540,1543,1542,643,1544],"class_list":{"0":"post-13238","1":"product","2":"type-product","3":"status-publish","4":"has-post-thumbnail","6":"product_cat-piano-dan-dien","7":"product_cat-ka-wai","8":"product_tag-cn29","9":"product_tag-kawai-cn-29","10":"product_tag-kawai-cn-29lo","11":"product_tag-kawai-vn29","12":"product_tag-kawaicn29","13":"product_tag-piano-dien-cao-cap","14":"product_tag-piano-dien-kawaik","16":"first","17":"instock","18":"sale","19":"shipping-taxable","20":"purchasable","21":"product-type-simple"},"jetpack_sharing_enabled":true,"_links":{"self":[{"href":"https:\/\/anpiano.com\/index.php?rest_route=\/wp\/v2\/product\/13238"}],"collection":[{"href":"https:\/\/anpiano.com\/index.php?rest_route=\/wp\/v2\/product"}],"about":[{"href":"https:\/\/anpiano.com\/index.php?rest_route=\/wp\/v2\/types\/product"}],"replies":[{"embeddable":true,"href":"https:\/\/anpiano.com\/index.php?rest_route=%2Fwp%2Fv2%2Fcomments&post=13238"}],"version-history":[{"count":5,"href":"https:\/\/anpiano.com\/index.php?rest_route=\/wp\/v2\/product\/13238\/revisions"}],"predecessor-version":[{"id":13977,"href":"https:\/\/anpiano.com\/index.php?rest_route=\/wp\/v2\/product\/13238\/revisions\/13977"}],"wp:featuredmedia":[{"embeddable":true,"href":"https:\/\/anpiano.com\/index.php?rest_route=\/wp\/v2\/media\/13847"}],"wp:attachment":[{"href":"https:\/\/anpiano.com\/index.php?rest_route=%2Fwp%2Fv2%2Fmedia&parent=13238"}],"wp:term":[{"taxonomy":"product_cat","embeddable":true,"href":"https:\/\/anpiano.com\/index.php?rest_route=%2Fwp%2Fv2%2Fproduct_cat&post=13238"},{"taxonomy":"product_tag","embeddable":true,"href":"https:\/\/anpiano.com\/index.php?rest_route=%2Fwp%2Fv2%2Fproduct_tag&post=13238"}],"curies":[{"name":"wp","href":"https:\/\/api.w.org\/{rel}","templated":true}]}}