{"id":13922,"date":"2025-07-15T14:23:32","date_gmt":"2025-07-15T07:23:32","guid":{"rendered":"https:\/\/anpiano.com\/?post_type=product&#038;p=13922"},"modified":"2025-10-07T10:27:19","modified_gmt":"2025-10-07T03:27:19","slug":"kawai-k-71","status":"publish","type":"product","link":"https:\/\/anpiano.com\/?product=kawai-k-71","title":{"rendered":"Kawai K-71"},"content":{"rendered":"<h3>D\u00f2ng\u00a0K series\u00a0l\u00e0 d\u00f2ng ti\u00eau chu\u1ea9n c\u1ee7a \u0111\u00e0n piano upright Kawai k\u1ec3 t\u1eeb gi\u1eefa nh\u1eefng n\u0103m 1990. Trong s\u1ed1 \u0111\u00f3,\u00a0<strong>Kawai K-71<\/strong>\u00a0\u0111\u01b0\u1ee3c s\u1ea3n xu\u1ea5t trong kho\u1ea3ng th\u1eddi gian 2002 \u2013 2006, v\u1edbi chi\u1ec1u cao 125 cm, l\u00e0 model cao c\u1ea5p s\u1eed d\u1ee5ng c\u00f9ng lo\u1ea1i n\u1eafp b\u00e0n ph\u00edm v\u00e0 gi\u00e1 nh\u1ea1c nh\u01b0 \u0111\u00e0n piano grand. Ngo\u00e0i ra, c\u00e1c chi ti\u1ebft trang tr\u00ed b\u1eb1ng \u0111\u1ed3ng thau \u0111\u01b0\u1ee3c \u00e1p d\u1ee5ng cho t\u1eebng b\u1ed9 ph\u1eadn t\u1ea1o c\u1ea3m gi\u00e1c sang tr\u1ecdng.<\/h3>\n<p><img fetchpriority=\"high\" decoding=\"async\" class=\"alignnone size-medium wp-image-13924\" src=\"https:\/\/anpiano.com\/wp-content\/uploads\/2025\/07\/a9aa45bb5652e00cb9431-300x225.jpg\" alt=\"Kawai K71\" width=\"300\" height=\"225\" srcset=\"https:\/\/anpiano.com\/wp-content\/uploads\/2025\/07\/a9aa45bb5652e00cb9431-300x225.jpg 300w, https:\/\/anpiano.com\/wp-content\/uploads\/2025\/07\/a9aa45bb5652e00cb9431-1024x768.jpg 1024w, https:\/\/anpiano.com\/wp-content\/uploads\/2025\/07\/a9aa45bb5652e00cb9431-768x576.jpg 768w, https:\/\/anpiano.com\/wp-content\/uploads\/2025\/07\/a9aa45bb5652e00cb9431-1536x1152.jpg 1536w, https:\/\/anpiano.com\/wp-content\/uploads\/2025\/07\/a9aa45bb5652e00cb9431-2048x1536.jpg 2048w, https:\/\/anpiano.com\/wp-content\/uploads\/2025\/07\/a9aa45bb5652e00cb9431-247x185.jpg 247w, https:\/\/anpiano.com\/wp-content\/uploads\/2025\/07\/a9aa45bb5652e00cb9431-510x383.jpg 510w\" sizes=\"(max-width: 300px) 100vw, 300px\" \/><\/p>\n<p>Piano c\u01a1 Kawai K-71 c\u00f3 c\u1ea3m gi\u00e1c ch\u1ea1m nh\u1ea1y v\u00e0 \u00e2m thanh nh\u1eb9 nh\u00e0ng, \u00eam d\u1ecbu \u0111\u1eb7c tr\u01b0ng c\u1ee7a Kawai, v\u1edbi \u00e2m tr\u1ea7m phong ph\u00fa v\u00e0 \u00e2m cao r\u1ed9ng r\u00e3i. Ph\u00f9 h\u1ee3p v\u1edbi m\u1ecdi \u0111\u1ed1i t\u01b0\u1ee3ng, t\u1eeb nh\u0169ng ng\u01b0\u1eddi ch\u01a1i piano nh\u01b0 m\u1ed9t s\u1edf th\u00edch, hay k\u1ec3 c\u1ea3 nh\u1eefng ng\u01b0\u1eddi \u0111\u00e3 ch\u01a1i chuy\u00ean nghi\u1ec7p.<\/p>\n<p><img decoding=\"async\" class=\"alignnone size-medium wp-image-13928\" src=\"https:\/\/anpiano.com\/wp-content\/uploads\/2025\/07\/5375378024699237cb783-300x225.jpg\" alt=\"Kawai K71\" width=\"300\" height=\"225\" srcset=\"https:\/\/anpiano.com\/wp-content\/uploads\/2025\/07\/5375378024699237cb783-300x225.jpg 300w, https:\/\/anpiano.com\/wp-content\/uploads\/2025\/07\/5375378024699237cb783-1024x768.jpg 1024w, https:\/\/anpiano.com\/wp-content\/uploads\/2025\/07\/5375378024699237cb783-768x576.jpg 768w, https:\/\/anpiano.com\/wp-content\/uploads\/2025\/07\/5375378024699237cb783-1536x1152.jpg 1536w, https:\/\/anpiano.com\/wp-content\/uploads\/2025\/07\/5375378024699237cb783-2048x1536.jpg 2048w, https:\/\/anpiano.com\/wp-content\/uploads\/2025\/07\/5375378024699237cb783-247x185.jpg 247w, https:\/\/anpiano.com\/wp-content\/uploads\/2025\/07\/5375378024699237cb783-510x383.jpg 510w\" sizes=\"(max-width: 300px) 100vw, 300px\" \/><\/p>\n<p>Kawai K-71 c\u00f3 thi\u1ebft k\u1ebf sang tr\u1ecdng v\u00e0 tinh t\u1ebf, s\u1eed d\u1ee5ng lo\u1ea1i n\u1eafp b\u00e0n ph\u00edm v\u00e0 gi\u00e1 nh\u1ea1c t\u01b0\u01a1ng t\u1ef1 nh\u01b0 c\u00e1c m\u1eabu \u0111\u00e0n grand piano, mang l\u1ea1i v\u1ebb \u0111\u1eb9p v\u00e0 s\u1ef1 chuy\u00ean nghi\u1ec7p cho kh\u00f4ng gian s\u1ed1ng v\u00e0 ph\u00f2ng nh\u1ea1c. C\u00e1c chi ti\u1ebft trang tr\u00ed b\u1eb1ng \u0111\u1ed3ng thau \u0111\u01b0\u1ee3c \u00e1p d\u1ee5ng cho t\u1eebng b\u1ed9 ph\u1eadn c\u1ee7a \u0111\u00e0n, t\u1eeb n\u1eafp \u0111\u00e0n \u0111\u1ebfn b\u00e0n \u0111\u1ea1p, t\u0103ng th\u00eam s\u1ef1 sang tr\u1ecdng v\u00e0 tinh t\u1ebf cho c\u00e2y \u0111\u00e0n.<\/p>\n<h4><strong>B\u1ed9 M\u00e1y \u0110\u00e0n c\u1ee7a Kawai K-71<\/strong><\/h4>\n<p>B\u1ed9 m\u00e1y Millennium III Action c\u1ee7a Kawai K-71 \u0111\u01b0\u1ee3c ch\u1ebf t\u1ea1o t\u1eeb ch\u1ea5t li\u1ec7u ABS-Carbon, m\u1ed9t lo\u1ea1i v\u1eadt li\u1ec7u t\u1ed5ng h\u1ee3p c\u00f3 \u0111\u1ed9 b\u1ec1n cao v\u00e0 kh\u1ea3 n\u0103ng ch\u1ecbu nhi\u1ec7t t\u1ed1t h\u01a1n so v\u1edbi g\u1ed7 truy\u1ec1n th\u1ed1ng. Ch\u1ea5t li\u1ec7u n\u00e0y gi\u00fap gi\u1ea3m tr\u1ecdng l\u01b0\u1ee3ng c\u00e1c b\u1ed9 ph\u1eadn chuy\u1ec3n \u0111\u1ed9ng, t\u1eeb \u0111\u00f3 c\u1ea3i thi\u1ec7n t\u1ed1c \u0111\u1ed9 ph\u1ea3n h\u1ed3i v\u00e0 \u0111\u1ed9 ch\u00ednh x\u00e1c.<\/p>\n<p><img decoding=\"async\" class=\"alignnone size-medium wp-image-13929\" src=\"https:\/\/anpiano.com\/wp-content\/uploads\/2025\/07\/a7a0381f2bf69da8c4e78-300x225.jpg\" alt=\"Kawai K71\" width=\"300\" height=\"225\" srcset=\"https:\/\/anpiano.com\/wp-content\/uploads\/2025\/07\/a7a0381f2bf69da8c4e78-300x225.jpg 300w, https:\/\/anpiano.com\/wp-content\/uploads\/2025\/07\/a7a0381f2bf69da8c4e78-1024x768.jpg 1024w, https:\/\/anpiano.com\/wp-content\/uploads\/2025\/07\/a7a0381f2bf69da8c4e78-768x576.jpg 768w, https:\/\/anpiano.com\/wp-content\/uploads\/2025\/07\/a7a0381f2bf69da8c4e78-1536x1152.jpg 1536w, https:\/\/anpiano.com\/wp-content\/uploads\/2025\/07\/a7a0381f2bf69da8c4e78-2048x1536.jpg 2048w, https:\/\/anpiano.com\/wp-content\/uploads\/2025\/07\/a7a0381f2bf69da8c4e78-247x185.jpg 247w, https:\/\/anpiano.com\/wp-content\/uploads\/2025\/07\/a7a0381f2bf69da8c4e78-510x383.jpg 510w\" sizes=\"(max-width: 300px) 100vw, 300px\" \/> <img loading=\"lazy\" decoding=\"async\" class=\"alignnone size-medium wp-image-13931\" src=\"https:\/\/anpiano.com\/wp-content\/uploads\/2025\/07\/ca64a7fdb414024a5b055-300x225.jpg\" alt=\"Kawai K71\" width=\"300\" height=\"225\" srcset=\"https:\/\/anpiano.com\/wp-content\/uploads\/2025\/07\/ca64a7fdb414024a5b055-300x225.jpg 300w, https:\/\/anpiano.com\/wp-content\/uploads\/2025\/07\/ca64a7fdb414024a5b055-1024x768.jpg 1024w, https:\/\/anpiano.com\/wp-content\/uploads\/2025\/07\/ca64a7fdb414024a5b055-768x576.jpg 768w, https:\/\/anpiano.com\/wp-content\/uploads\/2025\/07\/ca64a7fdb414024a5b055-1536x1152.jpg 1536w, https:\/\/anpiano.com\/wp-content\/uploads\/2025\/07\/ca64a7fdb414024a5b055-2048x1536.jpg 2048w, https:\/\/anpiano.com\/wp-content\/uploads\/2025\/07\/ca64a7fdb414024a5b055-247x185.jpg 247w, https:\/\/anpiano.com\/wp-content\/uploads\/2025\/07\/ca64a7fdb414024a5b055-510x383.jpg 510w\" sizes=\"(max-width: 300px) 100vw, 300px\" \/><\/p>\n<p>B\u1ed9 m\u00e1y \u0111\u00e0n \u0111\u01b0\u1ee3c thi\u1ebft k\u1ebf v\u1edbi \u0111\u00f2n b\u1ea9y c\u00e2n b\u1eb1ng gi\u00fap duy tr\u00ec \u0111\u1ed9 \u1ed5n \u0111\u1ecbnh v\u00e0 ch\u00ednh x\u00e1c c\u1ee7a c\u00e1c ph\u00edm \u0111\u00e0n. Thi\u1ebft k\u1ebf n\u00e0y \u0111\u1ea3m b\u1ea3o r\u1eb1ng c\u00e1c ph\u00edm \u0111\u1ec1u c\u00f3 c\u1ea3m gi\u00e1c ch\u1ea1m \u0111\u1ed3ng \u0111\u1ec1u t\u1eeb \u0111\u1ea7u \u0111\u1ebfn cu\u1ed1i b\u00e0n ph\u00edm.<\/p>\n<p>B\u00faa \u0111\u00e0n \u0111\u01b0\u1ee3c l\u00e0m t\u1eeb g\u1ed7 v\u00e0 n\u1ec9 ch\u1ea5t l\u01b0\u1ee3ng cao, \u0111\u1ea3m b\u1ea3o \u0111\u1ed9 b\u1ec1n v\u00e0 kh\u1ea3 n\u0103ng t\u1ea1o ra \u00e2m thanh phong ph\u00fa v\u00e0 r\u00f5 r\u00e0ng.<\/p>\n<p>Kawai K-71 c\u00f3 c\u00e1c ph\u00edm \u0111\u00e0n d\u00e0i h\u01a1n so v\u1edbi nhi\u1ec1u m\u1eabu upright kh\u00e1c, t\u01b0\u01a1ng t\u1ef1 nh\u01b0 c\u00e1c m\u1eabu grand piano, gi\u00fap ng\u01b0\u1eddi ch\u01a1i c\u00f3 th\u1ec3 ki\u1ec3m so\u00e1t t\u1ed1t h\u01a1n v\u00e0 c\u1ea3m gi\u00e1c ch\u01a1i g\u1ea7n g\u0169i v\u1edbi \u0111\u00e0n grand.\u00a0H\u1ec7 th\u1ed1ng ph\u00edm b\u1ea5m \u0111\u01b0\u1ee3c thi\u1ebft k\u1ebf \u0111\u1ec3 mang l\u1ea1i l\u1ef1c ph\u1ea3n h\u1ed3i t\u1ef1 nhi\u00ean, gi\u00fap ng\u01b0\u1eddi ch\u01a1i c\u1ea3m th\u1ea5y tho\u1ea3i m\u00e1i v\u00e0 d\u1ec5 d\u00e0ng \u0111i\u1ec1u ch\u1ec9nh c\u01b0\u1eddng \u0111\u1ed9 khi ch\u01a1i.<\/p>\n<p><img loading=\"lazy\" decoding=\"async\" class=\"alignnone size-medium wp-image-13930\" src=\"https:\/\/anpiano.com\/wp-content\/uploads\/2025\/07\/c897063a15d3a38dfac26-300x225.jpg\" alt=\"Kawai K71\" width=\"300\" height=\"225\" srcset=\"https:\/\/anpiano.com\/wp-content\/uploads\/2025\/07\/c897063a15d3a38dfac26-300x225.jpg 300w, https:\/\/anpiano.com\/wp-content\/uploads\/2025\/07\/c897063a15d3a38dfac26-1024x768.jpg 1024w, https:\/\/anpiano.com\/wp-content\/uploads\/2025\/07\/c897063a15d3a38dfac26-768x576.jpg 768w, https:\/\/anpiano.com\/wp-content\/uploads\/2025\/07\/c897063a15d3a38dfac26-1536x1152.jpg 1536w, https:\/\/anpiano.com\/wp-content\/uploads\/2025\/07\/c897063a15d3a38dfac26-2048x1536.jpg 2048w, https:\/\/anpiano.com\/wp-content\/uploads\/2025\/07\/c897063a15d3a38dfac26-247x185.jpg 247w, https:\/\/anpiano.com\/wp-content\/uploads\/2025\/07\/c897063a15d3a38dfac26-510x383.jpg 510w\" sizes=\"(max-width: 300px) 100vw, 300px\" \/> <img loading=\"lazy\" decoding=\"async\" class=\"alignnone size-medium wp-image-13927\" src=\"https:\/\/anpiano.com\/wp-content\/uploads\/2025\/07\/1606524640aff6f1afbe9-300x225.jpg\" alt=\"Kawai K71\" width=\"300\" height=\"225\" srcset=\"https:\/\/anpiano.com\/wp-content\/uploads\/2025\/07\/1606524640aff6f1afbe9-300x225.jpg 300w, https:\/\/anpiano.com\/wp-content\/uploads\/2025\/07\/1606524640aff6f1afbe9-1024x768.jpg 1024w, https:\/\/anpiano.com\/wp-content\/uploads\/2025\/07\/1606524640aff6f1afbe9-768x576.jpg 768w, https:\/\/anpiano.com\/wp-content\/uploads\/2025\/07\/1606524640aff6f1afbe9-1536x1152.jpg 1536w, https:\/\/anpiano.com\/wp-content\/uploads\/2025\/07\/1606524640aff6f1afbe9-2048x1536.jpg 2048w, https:\/\/anpiano.com\/wp-content\/uploads\/2025\/07\/1606524640aff6f1afbe9-247x185.jpg 247w, https:\/\/anpiano.com\/wp-content\/uploads\/2025\/07\/1606524640aff6f1afbe9-510x383.jpg 510w\" sizes=\"(max-width: 300px) 100vw, 300px\" \/> <img loading=\"lazy\" decoding=\"async\" class=\"alignnone size-medium wp-image-13932\" src=\"https:\/\/anpiano.com\/wp-content\/uploads\/2025\/07\/cc2783989071262f7f607-300x225.jpg\" alt=\"Kawai K71\" width=\"300\" height=\"225\" srcset=\"https:\/\/anpiano.com\/wp-content\/uploads\/2025\/07\/cc2783989071262f7f607-300x225.jpg 300w, https:\/\/anpiano.com\/wp-content\/uploads\/2025\/07\/cc2783989071262f7f607-1024x768.jpg 1024w, https:\/\/anpiano.com\/wp-content\/uploads\/2025\/07\/cc2783989071262f7f607-768x576.jpg 768w, https:\/\/anpiano.com\/wp-content\/uploads\/2025\/07\/cc2783989071262f7f607-1536x1152.jpg 1536w, https:\/\/anpiano.com\/wp-content\/uploads\/2025\/07\/cc2783989071262f7f607-2048x1536.jpg 2048w, https:\/\/anpiano.com\/wp-content\/uploads\/2025\/07\/cc2783989071262f7f607-247x185.jpg 247w, https:\/\/anpiano.com\/wp-content\/uploads\/2025\/07\/cc2783989071262f7f607-510x383.jpg 510w\" sizes=\"(max-width: 300px) 100vw, 300px\" \/><\/p>\n<p>B\u1ed9 m\u00e1y \u0111\u00e0n c\u1ee7a Kawai K-71 t\u00edch h\u1ee3p c\u00e1c c\u00f4ng ngh\u1ec7 ti\u00ean ti\u1ebfn gi\u00fap t\u0103ng c\u01b0\u1eddng \u0111\u1ed9 b\u1ec1n v\u00e0 hi\u1ec7u su\u1ea5t, gi\u1ea3m thi\u1ec3u s\u1ef1 c\u1ea7n thi\u1ebft c\u1ee7a vi\u1ec7c b\u1ea3o d\u01b0\u1ee1ng \u0111\u1ecbnh k\u1ef3. M\u1ed7i b\u1ed9 m\u00e1y \u0111\u00e0n c\u1ee7a Kawai K71 \u0111\u1ec1u tr\u1ea3i qua quy tr\u00ecnh ki\u1ec3m tra ch\u1ea5t l\u01b0\u1ee3ng nghi\u00eam ng\u1eb7t \u0111\u1ec3 \u0111\u1ea3m b\u1ea3o r\u1eb1ng n\u00f3 \u0111\u00e1p \u1ee9ng \u0111\u01b0\u1ee3c c\u00e1c ti\u00eau chu\u1ea9n cao nh\u1ea5t c\u1ee7a Kawai.<\/p>\n<h3>DEMO \u00c2M THANH<\/h3>\n<p><iframe src=\"https:\/\/www.youtube.com\/embed\/SQmJ8dJRnyw\" width=\"560\" height=\"314\" allowfullscreen=\"allowfullscreen\" data-mce-fragment=\"1\"><\/iframe><\/p>\n<h3>TH\u00d4NG S\u1ed0 K\u1ef8 THU\u1eacT<\/h3>\n<table border=\"1\">\n<tbody>\n<tr>\n<td><strong>M\u00c3 S\u1ea2N PH\u1ea8M<\/strong><\/td>\n<td><strong>KAWAI K71<\/strong><\/td>\n<\/tr>\n<tr>\n<td><strong>T\u00ccNH TR\u1ea0NG<\/strong><\/td>\n<td>\u0110\u00e3 qua s\u1eed d\u1ee5ng \u2013 C\u00f2n m\u1edbi 95%<\/td>\n<\/tr>\n<tr>\n<td><strong>N\u01af\u1edaC S\u1ea2N XU\u1ea4T<\/strong><\/td>\n<td>Nh\u1eadt B\u1ea3n<\/td>\n<\/tr>\n<tr>\n<td><strong>N\u0102M S\u1ea2N XU\u1ea4T<\/strong><\/td>\n<td>2002 \u2013 2006<\/td>\n<\/tr>\n<tr>\n<td><strong>M\u00c0U S\u1eaeC<\/strong><\/td>\n<td>M\u00e0u \u0111en \u0111\u00e1nh b\u00f3ng<\/td>\n<\/tr>\n<tr>\n<td><strong>K\u00cdCH TH\u01af\u1edaC<\/strong><\/td>\n<td>Cao: 125cm \/ R\u1ed9ng: 150cm \/ S\u00e2u: 59cm<\/td>\n<\/tr>\n<tr>\n<td><strong>TR\u1eccNG L\u01af\u1ee2NG<\/strong><\/td>\n<td>232 kg<\/td>\n<\/tr>\n<tr>\n<td><strong>CH\u1ea4T L\u01af\u1ee2NG BODY (Th\u00e2n v\u1ecf)<\/strong><\/td>\n<td>A: T\u00ecnh tr\u1ea1ng s\u01a1n zin c\u00f2n kh\u00e1 t\u1ed1t ( 9\/10 )<\/td>\n<\/tr>\n<tr>\n<td><strong>CH\u1ea4T L\u01af\u1ee2NG KEY (B\u00e0n ph\u00edm)<\/strong><\/td>\n<td>A: R\u1ea5t t\u1ed1t \u2013 G\u1ea7n nh\u01b0 m\u1edbi ( 9\/10 )<\/td>\n<\/tr>\n<tr>\n<td><strong>CH\u1ea4T L\u01af\u1ee2NG ACTION (B\u1ed9 m\u00e1y)<\/strong><\/td>\n<td>A: R\u1ea5t t\u1ed1t \u2013 G\u1ea7n nh\u01b0 m\u1edbi ( 9\/10 )<\/td>\n<\/tr>\n<tr>\n<td><strong>CH\u1ea4T L\u01af\u1ee2NG SOUNDBOARD<\/strong><\/td>\n<td>A: R\u1ea5t t\u1ed1t \u2013 G\u1ea7n nh\u01b0 m\u1edbi ( 9\/10 )<\/td>\n<\/tr>\n<\/tbody>\n<\/table>\n<div data-id=\"9ly1xDmkO1M\" data-query=\"\" data-src=\"https:\/\/www.youtube.com\/embed\/9ly1xDmkO1M\"><a href=\"https:\/\/www.facebook.com\/anpiano.saigon\" target=\"_blank\" rel=\"noopener\">T\u01b0 v\u1ea5n v\u00e0 ch\u1ecdn mua s\u1ea3n ph\u1ea9m kh\u00e1c t\u1ea1i \u0111\u00e2y<\/a><\/div>\n<div data-id=\"9ly1xDmkO1M\" data-query=\"\" data-src=\"https:\/\/www.youtube.com\/embed\/9ly1xDmkO1M\"><a href=\"http:\/\/thumuapiano.com\/\" target=\"_blank\" rel=\"noopener\">Ch\u00fang t\u00f4i nh\u1eadn thu mua Piano, h\u00e3y li\u00ean h\u1ec7 n\u1ebfu b\u1ea1n c\u00f3 nhu c\u1ea7u.<\/a><\/div>\n","protected":false},"excerpt":{"rendered":"<ul>\n<li>B\u1ea3o h\u00e0nh 10 n\u0103m\u00a0<a href=\"https:\/\/anpiano.com\/chinh-sach-bao-hanh\/\">xem th\u00eam<\/a><\/li>\n<li>Gh\u1ebf<\/li>\n<li>Kh\u0103n ph\u1ee7 ph\u00edm<\/li>\n<li>Kh\u0103n ph\u1ee7 \u0111\u00e0n<\/li>\n<li>\u1ed0ng s\u1ea5y<\/li>\n<li>Kh\u00f3a h\u1ecdc online<\/li>\n<li>Freeship HCM \u2013 HN \u2013 \u0110N \u2013 NT \u2013 BMT<\/li>\n<\/ul>\n","protected":false},"featured_media":13924,"comment_status":"open","ping_status":"closed","template":"","meta":[],"product_cat":[125,327],"product_tag":[1590,1589,1588,1591],"class_list":{"0":"post-13922","1":"product","2":"type-product","3":"status-publish","4":"has-post-thumbnail","6":"product_cat-piano-upright","7":"product_cat-kawai-upright","8":"product_tag-k-71-piano","9":"product_tag-kawai-k-71","10":"product_tag-kawai-k71","11":"product_tag-piano-k71","13":"first","14":"instock","15":"sale","16":"shipping-taxable","17":"purchasable","18":"product-type-simple"},"jetpack_sharing_enabled":true,"_links":{"self":[{"href":"https:\/\/anpiano.com\/index.php?rest_route=\/wp\/v2\/product\/13922"}],"collection":[{"href":"https:\/\/anpiano.com\/index.php?rest_route=\/wp\/v2\/product"}],"about":[{"href":"https:\/\/anpiano.com\/index.php?rest_route=\/wp\/v2\/types\/product"}],"replies":[{"embeddable":true,"href":"https:\/\/anpiano.com\/index.php?rest_route=%2Fwp%2Fv2%2Fcomments&post=13922"}],"version-history":[{"count":1,"href":"https:\/\/anpiano.com\/index.php?rest_route=\/wp\/v2\/product\/13922\/revisions"}],"predecessor-version":[{"id":13933,"href":"https:\/\/anpiano.com\/index.php?rest_route=\/wp\/v2\/product\/13922\/revisions\/13933"}],"wp:featuredmedia":[{"embeddable":true,"href":"https:\/\/anpiano.com\/index.php?rest_route=\/wp\/v2\/media\/13924"}],"wp:attachment":[{"href":"https:\/\/anpiano.com\/index.php?rest_route=%2Fwp%2Fv2%2Fmedia&parent=13922"}],"wp:term":[{"taxonomy":"product_cat","embeddable":true,"href":"https:\/\/anpiano.com\/index.php?rest_route=%2Fwp%2Fv2%2Fproduct_cat&post=13922"},{"taxonomy":"product_tag","embeddable":true,"href":"https:\/\/anpiano.com\/index.php?rest_route=%2Fwp%2Fv2%2Fproduct_tag&post=13922"}],"curies":[{"name":"wp","href":"https:\/\/api.w.org\/{rel}","templated":true}]}}