{"id":14605,"date":"2025-12-13T18:08:22","date_gmt":"2025-12-13T11:08:22","guid":{"rendered":"https:\/\/anpiano.com\/?post_type=product&#038;p=14605"},"modified":"2025-12-13T18:08:36","modified_gmt":"2025-12-13T11:08:36","slug":"roland-fp7","status":"publish","type":"product","link":"https:\/\/anpiano.com\/?product=roland-fp7","title":{"rendered":"Roland FP7"},"content":{"rendered":"<h3>\u0110\u00e0n Piano \u0110i\u1ec7n Roland FP7 thi\u1ebft k\u1ebf nh\u1ecf g\u1ecdn, hi\u1ec7n \u0111\u1ea1i, tr\u1ecdng l\u01b0\u1ee3ng kh\u00e1 nh\u1eb9, d\u00f9ng cho kh\u00f4ng gian nh\u1ecf, \u1ea5m c\u00fang. Ph\u00f9 h\u1ee3p t\u1eeb s\u00e2n kh\u1ea5u bi\u1ec3u di\u1ec5n chuy\u00ean nghi\u1ec7p \u0111\u1ebfn gi\u1ea3i tr\u00ed gia \u0111\u00ecnh.<\/h3>\n<p>\u00dd t\u01b0\u1edfng c\u1ee7a \u0111\u00e0n piano \u0111i\u1ec7n roland FP7 \u0111\u01b0\u1ee3c l\u1ea5y c\u1ea3m h\u1ee9ng t\u1eeb m\u1eabu concept n\u1ed5i ti\u1ebfng PF-7. \u0110\u1ed3ng th\u1eddi \u0111\u01b0\u1ee3c th\u00eam v\u00e0o 4 y\u1ebfu t\u1ed1 m\u1edbi \u0111\u1ec3 c\u00e2y \u0111\u00e0n tr\u1edf th\u00e0nh m\u1ed9t thi\u1ebft k\u1ebf b\u00e1n ch\u1ea1y h\u00e0ng \u0111\u1ea7u: c\u00f4ng ngh\u1ec7 SuperNATURAL Piano, c\u00f4ng ngh\u1ec7 b\u00e0n ph\u00edm t\u1ed1i t\u00e2n PHA III Ivory Feel-S, Onboard Looper v\u00e0 Mic Input v\u1edbi c\u00e1c hi\u1ec7u \u1ee9ng h\u00f2a \u00e2m chuy\u00ean nghi\u1ec7p.<\/p>\n<p dir=\"ltr\">\u0110\u01b0\u1ee3c trang b\u1ecb \u0111\u1ed9ng c\u01a1 \u00e2m thanh piano \u0111a m\u1eabu 88 ph\u00edm t\u1ed1t nh\u1ea5t c\u1ee7a Roland, m\u1ed7i ph\u00edm c\u1ee7a m\u1ed9t bu\u1ed5i h\u00f2a nh\u1ea1c l\u1edbn \u0111\u00e3 \u0111\u01b0\u1ee3c t\u00e1i t\u1ea1o m\u1ed9t c\u00e1ch t\u1ec9 m\u1ec9. \u0110a \u00e2m 128 gi\u1ecdng \u0111\u1ea3m b\u1ea3o r\u1eb1ng c\u00e1c ghi ch\u00fa c\u1ee7a b\u1ea1n s\u1ebd duy tr\u00ec \u0111\u1ea7y \u0111\u1ee7 v\u00e0 t\u1ef1 nhi\u00ean, b\u1ea5t k\u1ec3 b\u1ea1n ch\u01a1i nhanh hay d\u00e0y \u0111\u1eb7c nh\u01b0 th\u1ebf n\u00e0o.<\/p>\n<p dir=\"ltr\">B\u00e0n ph\u00edm PHA II m\u1edbi (Progressive Hammer Action II) \u0111\u00e1p \u1ee9ng t\u1ef1 nhi\u00ean t\u1eeb pianissimo \u0111\u1ebfn fortissimo; c\u1ea3m \u1ee9ng c\u00f3 th\u1ec3 \u0111\u01b0\u1ee3c \u0111i\u1ec1u ch\u1ec9nh trong 100 b\u01b0\u1edbc t\u0103ng d\u1ea7n T\u00ednh n\u0103ng Audio Key cho ph\u00e9p c\u00e1c t\u1ec7p \u00e2m thanh (.wav) t\u1eeb kh\u00f3a b\u1ed9 nh\u1edb USB \u0111\u01b0\u1ee3c ph\u00e1t l\u1ea1i b\u1eb1ng b\u00e0n ph\u00edm M\u1ed9t lo\u1ea1t l\u1edbn c\u00e1c m\u1eabu \u0111\u1ec7m c\u1ee7a \u0110\u1ed1i t\u00e1c Phi\u00ean (m\u1ed7i m\u1eabu c\u00f3 hai bi\u1ebfn th\u1ec3) \u0111\u1ec3 \u0111\u1ec7m to\u00e0n d\u1ea3i LCD \u0111\u1ed3 h\u1ecda l\u1edbn \u0111\u1ec3 d\u1ec5 d\u00e0ng thao t\u00e1c Cung c\u1ea5p \u00e2m thanh phong ph\u00fa, l\u1ea5p l\u00e1nh t\u1eeb h\u1ed9p loa b\u00ean trong K\u1ebft n\u1ed1i m\u00e1y t\u00ednh qua USB (MIDI) \u0111\u1ec3 t\u1ea1o v\u00e0 ghi b\u00e0i h\u00e1t n\u00e2ng cao Bao g\u1ed3m ph\u1ea7n m\u1ec1m ghi v\u00e0 ch\u1ec9nh s\u1eeda Cakewalk SONAR LE pro.<\/p>\n<h2>Th\u00f4ng s\u1ed1 k\u1ef9 thu\u1eadt \u0111\u00e0n piano \u0111i\u1ec7n Roland FP7 :<\/h2>\n<table>\n<tbody>\n<tr>\n<td colspan=\"2\">B\u00c0N PH\u00cdM<\/td>\n<\/tr>\n<tr>\n<td>B\u00e0n Ph\u00edm<\/td>\n<td>88 keys (PHA III Ivory Feel-S Keyboard with Escapement)<\/td>\n<\/tr>\n<tr>\n<td>Touch Sensitivity<\/td>\n<td>Touch: 100 levels \/ Fixed Touch<br \/>\nHammer Response: Off, 1 to 10<\/td>\n<\/tr>\n<tr>\n<td>Keyboard Mode<\/td>\n<td>Whole, Dual (volume balance adjustable), Split (split point adjustable)<\/td>\n<\/tr>\n<tr>\n<td colspan=\"2\">SOUND GENERATOR<\/td>\n<\/tr>\n<tr>\n<td>Sound Generator<\/td>\n<td>Conforms to GM2 system \/ GS \/ XG lite<\/td>\n<\/tr>\n<tr>\n<td>Piano Sound<\/td>\n<td>SuperNATURAL Piano Sound<\/td>\n<\/tr>\n<tr>\n<td>Piano Effects<\/td>\n<td>Open\/Close Lid (0 to 6)<br \/>\nCabinet Resonance (Off, 1 to 10)<br \/>\nHammer Noise (-2 to 2)<br \/>\nDamper Noise (Off, 1 to 10)<br \/>\nDuplex Scale (Off, 1 to 10)<br \/>\nDamper Resonance (Off, 1 to 10)<br \/>\nString Resonance (Off, 1 to 10)<br \/>\nKey Off Resonance (Off, 1 to 10)<\/td>\n<\/tr>\n<tr>\n<td>Max. Polyphony<\/td>\n<td>128 Voices<\/td>\n<\/tr>\n<tr>\n<td>Tone<\/td>\n<td>351 tones (including 8 drum sets, 1 SFX set)<\/td>\n<\/tr>\n<tr>\n<td>Temperaments<\/td>\n<td>8 types, selectable temperament key<\/td>\n<\/tr>\n<tr>\n<td>Stretched Tuning<\/td>\n<td>Off<br \/>\nPreset<br \/>\nUser tuning (adjustable in individual notes: -50.0 to +50.0 cent)<\/td>\n<\/tr>\n<tr>\n<td>Master Tuning<\/td>\n<td>415.3 Hz to 466.2 Hz (adjustable in increments of 0.1 Hz)<\/td>\n<\/tr>\n<tr>\n<td>Transpose<\/td>\n<td>-6 to +5 (in semitones)<\/td>\n<\/tr>\n<tr>\n<td>Effects<\/td>\n<td>Reverb: Off, 1 to 10<br \/>\nOnly for Organ Tones: Rotary Speaker Effect (Slow, Fast)<br \/>\nOnly for Mic input: Harmony (Off, 3 types), Reverb (Off, 1 to 10)<\/td>\n<\/tr>\n<tr>\n<td>Equalizer<\/td>\n<td>4-band Digital Equalizer<\/td>\n<\/tr>\n<tr>\n<td colspan=\"2\">METRONOME<\/td>\n<\/tr>\n<tr>\n<td>Tempo<\/td>\n<td>Quarter Note = 10 to 500<\/td>\n<\/tr>\n<tr>\n<td>Beat<\/td>\n<td>2\/2, 0\/4, 2\/4, 3\/4, 4\/4, 5\/4, 6\/4, 7\/4, 3\/8, 6\/8, 9\/8, 12\/8<\/td>\n<\/tr>\n<tr>\n<td colspan=\"2\">RECORDER<\/td>\n<\/tr>\n<tr>\n<td>Song<\/td>\n<td>1 Song<\/td>\n<\/tr>\n<tr>\n<td>Note Storage<\/td>\n<td>Approx. 30,000 notes<\/td>\n<\/tr>\n<tr>\n<td>Tempo<\/td>\n<td>Quarter Note = 10 to 500<\/td>\n<\/tr>\n<tr>\n<td>Resolution<\/td>\n<td>120 ticks per quarter note<\/td>\n<\/tr>\n<tr>\n<td>Playable Song Format<\/td>\n<td>Standard MIDI Files (Format 0\/1), Roland Original Format (i-Format)<\/td>\n<\/tr>\n<tr>\n<td>Transpose<\/td>\n<td>-6 to +5 (in semitones)<\/td>\n<\/tr>\n<tr>\n<td colspan=\"2\">SESSION PARTNER<\/td>\n<\/tr>\n<tr>\n<td>Rhythm<\/td>\n<td>80 types x 2 variations<\/td>\n<\/tr>\n<tr>\n<td>Chord Progression<\/td>\n<td>Automatic or input with keyboard (User Programmable)<\/td>\n<\/tr>\n<tr>\n<td colspan=\"2\">AUDIO<\/td>\n<\/tr>\n<tr>\n<td>Playable Song Format<\/td>\n<td>Audio File (WAV 44.1 kHz \/ 16-bit Linear Format), Audio CDs (CD-DA) (when using optional CD drive)<\/td>\n<\/tr>\n<tr>\n<td>Audio Playback<\/td>\n<td>Center Cancel, Audio Playback Speed: 75 to 125 %, Playback Transpose: -6 to +5 (in semitones)<\/td>\n<\/tr>\n<tr>\n<td colspan=\"2\">INTERNAL MEMORY<\/td>\n<\/tr>\n<tr>\n<td>Songs<\/td>\n<td>Max. 99 songs<\/td>\n<\/tr>\n<tr>\n<td>Save Song<\/td>\n<td>Standard MIDI Files (Format 0)<\/td>\n<\/tr>\n<tr>\n<td colspan=\"2\">EXTERNAL MEMORY<\/td>\n<\/tr>\n<tr>\n<td>External Storage<\/td>\n<td>USB Memory (Optional)<\/td>\n<\/tr>\n<tr>\n<td>Songs<\/td>\n<td>Max. 999 songs<\/td>\n<\/tr>\n<tr>\n<td>Save Song<\/td>\n<td>Standard MIDI Files (Format 0)<\/td>\n<\/tr>\n<tr>\n<td colspan=\"2\">INTERNAL SONGS<\/td>\n<\/tr>\n<tr>\n<td>74 songs<\/td>\n<td><\/td>\n<\/tr>\n<tr>\n<td colspan=\"2\">DISPLAY<\/td>\n<\/tr>\n<tr>\n<td>Graphic LCD 128 x 64 dots (with backlit)<\/td>\n<td><\/td>\n<\/tr>\n<tr>\n<td colspan=\"2\">OTHERS<\/td>\n<\/tr>\n<tr>\n<td>Registration<\/td>\n<td>To Internal Memory: 30 x max. 25 sets<br \/>\nTo External Memory: 30 x max. 99 sets<\/td>\n<\/tr>\n<tr>\n<td>Other Functions<\/td>\n<td>Looper, Audio Key, V-LINK, Tone Demo<\/td>\n<\/tr>\n<tr>\n<td>Connectors<\/td>\n<td>External Memory Connector<br \/>\nUSB (MIDI) Connector<br \/>\nPEDAL Jacks (DAMPER \/ R, SOFT \/ L (FC1)*, SOSTENUTO \/ C (FC2)*): 1\/4-inch phone type (* Assignable)<br \/>\nOUTPUT Jacks (L\/MONO, R): 1\/4-inch phone type<br \/>\nINPUT Jacks (L\/MONO, R): 1\/4-inch phone type<br \/>\nMIX IN Jack: Stereo miniature phone type<br \/>\nPHONES Jack x 2: Stereo 1\/4-inch phone type<br \/>\nMIDI Connectors (IN, OUT)<br \/>\nMIC INPUT Jack: 1\/4-inch phone type<br \/>\nDC IN Jack<\/td>\n<\/tr>\n<tr>\n<td>Rated Power Output<\/td>\n<td>12 W x 2<\/td>\n<\/tr>\n<tr>\n<td>Speakers<\/td>\n<td>8 cm x 12 cm x 2 (with speaker box)<\/td>\n<\/tr>\n<tr>\n<td>Volume Level (SPL)<\/td>\n<td>100 dB<br \/>\n* This value was measured according to the method that is based on Roland\u2019s technical standard.<\/td>\n<\/tr>\n<tr>\n<td>Control<\/td>\n<td>Volume, Balance, Mic Volume, LCD Contrast, SPEAKER Switch<\/td>\n<\/tr>\n<tr>\n<td>Power Supply<\/td>\n<td>DC 12 V (AC Adaptor)<\/td>\n<\/tr>\n<tr>\n<td>Power Consumption<\/td>\n<td>26 W<\/td>\n<\/tr>\n<tr>\n<td>Finish<\/td>\n<td>Black, White<\/td>\n<\/tr>\n<tr>\n<td>Accessories<\/td>\n<td>Owner\u2019s Manual, AC Adaptor, Power Cord (for AC Adaptor), Music Rest, Pedal (capable of continuous detection)<\/td>\n<\/tr>\n<tr>\n<td colspan=\"2\">K\u00cdCH TH\u01af\u1edaC V\u00c0 TR\u1eccNG L\u01af\u1ee2NG<\/td>\n<\/tr>\n<tr>\n<td>Chi\u1ec1u R\u1ed9ng<\/td>\n<td>1,346 mm<br \/>\n53 inches<\/td>\n<\/tr>\n<tr>\n<td>Chi\u1ec1u D\u00e0i<\/td>\n<td>369 mm<br \/>\n14-9\/16 inches<\/td>\n<\/tr>\n<tr>\n<td>Chi\u1ec1u Cao<\/td>\n<td>137 mm<br \/>\n5-7\/16 inches<\/td>\n<\/tr>\n<tr>\n<td>Tr\u1ecdng L\u01b0\u1ee3ng<\/td>\n<td>24.0 kg<br \/>\n52 lbs. 15 oz.<\/td>\n<\/tr>\n<\/tbody>\n<\/table>\n<p><a href=\"https:\/\/www.facebook.com\/Anpiano.hanoi\" target=\"_blank\" rel=\"noopener\">T\u01b0 v\u1ea5n v\u00e0 ch\u1ecdn mua s\u1ea3n\u00a0ph\u1ea9m kh\u00e1c t\u1ea1i \u0111\u00e2y<\/a><\/p>\n<p><a href=\"http:\/\/thumuapiano.com\/\" target=\"_blank\" rel=\"noopener\">Ch\u00fang t\u00f4i nh\u1eadn thu mua Piano, h\u00e3y li\u00ean h\u1ec7 n\u1ebfu b\u1ea1n c\u00f3 nhu c\u1ea7u.<\/a><\/p>\n","protected":false},"excerpt":{"rendered":"<ul>\n<li>B\u1ea3o h\u00e0nh 12 th\u00e1ng <a href=\"https:\/\/anpiano.com\/chinh-sach-bao-hanh\/\">xem th\u00eam<\/a><\/li>\n<li>Gh\u1ebf<\/li>\n<li>Kh\u0103n ph\u1ee7 ph\u00edm<\/li>\n<li>\u0110\u1ed5i ngu\u1ed3n 220V<\/li>\n<li>Freeship HCM \u2013 HN \u2013 \u0110N\u00a0\u2013 NT \u2013 BMT<\/li>\n<li>Kh\u00f3a h\u1ecdc online<\/li>\n<\/ul>\n","protected":false},"featured_media":14606,"comment_status":"open","ping_status":"closed","template":"","meta":[],"product_cat":[17],"product_tag":[1603,1604,1605],"class_list":{"0":"post-14605","1":"product","2":"type-product","3":"status-publish","4":"has-post-thumbnail","6":"product_cat-piano-dan-dien","7":"product_tag-fp7","8":"product_tag-roland-fp7","9":"product_tag-rolandfp7","11":"first","12":"instock","13":"shipping-taxable","14":"purchasable","15":"product-type-simple"},"jetpack_sharing_enabled":true,"_links":{"self":[{"href":"https:\/\/anpiano.com\/index.php?rest_route=\/wp\/v2\/product\/14605"}],"collection":[{"href":"https:\/\/anpiano.com\/index.php?rest_route=\/wp\/v2\/product"}],"about":[{"href":"https:\/\/anpiano.com\/index.php?rest_route=\/wp\/v2\/types\/product"}],"replies":[{"embeddable":true,"href":"https:\/\/anpiano.com\/index.php?rest_route=%2Fwp%2Fv2%2Fcomments&post=14605"}],"version-history":[{"count":1,"href":"https:\/\/anpiano.com\/index.php?rest_route=\/wp\/v2\/product\/14605\/revisions"}],"predecessor-version":[{"id":14607,"href":"https:\/\/anpiano.com\/index.php?rest_route=\/wp\/v2\/product\/14605\/revisions\/14607"}],"wp:featuredmedia":[{"embeddable":true,"href":"https:\/\/anpiano.com\/index.php?rest_route=\/wp\/v2\/media\/14606"}],"wp:attachment":[{"href":"https:\/\/anpiano.com\/index.php?rest_route=%2Fwp%2Fv2%2Fmedia&parent=14605"}],"wp:term":[{"taxonomy":"product_cat","embeddable":true,"href":"https:\/\/anpiano.com\/index.php?rest_route=%2Fwp%2Fv2%2Fproduct_cat&post=14605"},{"taxonomy":"product_tag","embeddable":true,"href":"https:\/\/anpiano.com\/index.php?rest_route=%2Fwp%2Fv2%2Fproduct_tag&post=14605"}],"curies":[{"name":"wp","href":"https:\/\/api.w.org\/{rel}","templated":true}]}}