{"id":1815,"date":"2020-06-17T11:49:51","date_gmt":"2020-06-17T04:49:51","guid":{"rendered":"http:\/\/anpiano.com\/?post_type=product&#038;p=1815"},"modified":"2025-10-02T16:12:08","modified_gmt":"2025-10-02T09:12:08","slug":"yamaha-clp870r","status":"publish","type":"product","link":"https:\/\/anpiano.com\/?product=yamaha-clp870r","title":{"rendered":"Yamaha CLP 870"},"content":{"rendered":"<ul>\n<li>\n<h4>\u0110\u00e0n piano \u0111i\u1ec7n <strong>Yamaha CLP 870<\/strong> \u0111\u01b0\u1ee3c \u00e1p d\u1ee5ng c\u00f4ng ngh\u1ec7 Graded Hammer Effect mang \u0111\u1ebfn s\u1ef1 c\u1ea3m \u1ee9ng ph\u00edm ho\u00e0n h\u1ea3o trong s\u1ef1 th\u0103ng hoa \u00e2m nh\u1ea1c c\u1ee7a b\u1ea1n. B\u00ean c\u1ea1nh \u0111\u00f3, CLP-870 c\u00f3 3 pedal, c\u00e1c ch\u1ee9c n\u0103ng thu ph\u00e1t, \u2026 mang \u0111\u1ebfn nhi\u1ec1u ti\u1ec7n \u00edch trong vi\u1ec7c h\u1ecdc, gi\u1ea3i tr\u00ed v\u00e0 ph\u00e1t tri\u1ec3n ni\u1ec1m \u0111am m\u00ea \u00e2m nh\u1ea1c trong b\u1ea1n<\/h4>\n<\/li>\n<\/ul>\n<p><img decoding=\"async\" class=\"aligncenter\" src=\"https:\/\/anpiano.com\/wp-content\/uploads\/2020\/06\/clp870r-3.jpg\" \/><\/p>\n<p>&nbsp;<\/p>\n<ul>\n<li>\u0110\u00e0n \u0111i\u1ec7n <strong>Yamaha CLP 870<\/strong> v\u1edbi thi\u1ebft k\u1ebf nh\u1ecf g\u1ecdn, h\u1ea5p d\u1eabn v\u1edbi ngu\u1ed3n \u00e2m thanh th\u1ebf h\u1ec7 m\u1edbi cho \u00e2m thanh bi\u1ec3u c\u1ea3m, \u1ea5n t\u01b0\u1ee3ng. B\u00ean c\u1ea1nh \u0111\u00f3 \u0111\u00e0n c\u00f2n \u0111\u01b0\u1ee3c trang b\u1ecb nhi\u1ec1u t\u00ednh n\u0103ng ti\u1ec7n l\u1ee3i r\u1ea5t th\u00edch h\u1ee3p v\u1edbi nh\u1eefng ng\u01b0\u1eddi \u0111am m\u00ea \u00e2m nh\u1ea1c v\u00e0 mu\u1ed1n th\u01b0\u1edfng th\u1ee9c \u00e2m thanh ch\u1ea5t l\u01b0\u1ee3ng cao.<\/li>\n<\/ul>\n<p><strong>\u0110\u1eb7c \u0111i\u1ec3m n\u1ed5i b\u1eadt c\u1ee7a \u0111\u00e0n Yamaha CLP 870<\/strong><\/p>\n<ul>\n<li>Ngu\u1ed3n \u00e2m piano th\u1ebf h\u1ec7 m\u1edbi cung c\u1ea5p s\u1ef1 ph\u1ea3n h\u1ed3i \u00e2m \u0111\u00e1ng k\u1ec3 v\u00e0 kh\u1ea3 n\u0103ng di\u1ec5n c\u1ea3m ( \u0110\u1ed9ng c\u01a1 \u00c2m thanh RGE)<\/li>\n<li>B\u00e0n ph\u00edm cung c\u1ea5p d\u1ea1ng c\u1ea3m \u1ee9ng ch\u1ea1m nh\u01b0 chi\u1ebfc \u0111\u00e0n grand piano th\u1eadt s\u1ef1 (b\u00e0n ph\u00edm GH3)<\/li>\n<li>C\u00e1c ch\u1ee9c n\u0103ng ti\u1ec7n l\u1ee3i cho ph\u00e9p b\u1ea1n d\u1ec5 d\u00e0ng nghe \u00e2m thanh \u00e2m l\u01b0\u1ee3ng th\u1ea5p ((Intelligent Acoustic Control).<\/li>\n<\/ul>\n<p><img decoding=\"async\" class=\"aligncenter\" src=\"https:\/\/anpiano.com\/wp-content\/uploads\/2020\/06\/clp870r-4.jpg\" \/><\/p>\n<p>&nbsp;<\/p>\n<p><strong>Th\u00f4ng s\u1ed1 k\u0129 thu\u1eadt c\u00e2y<\/strong><strong> Yamaha CLP 870R :<\/strong><\/p>\n<p>K\u00edch th\u01b0\u1edbc : (W)141cm x (H)89cm x(S)50cm<\/p>\n<p>Tr\u1ecdng l\u01b0\u1ee3ng : 65 kg<\/p>\n<div class=\"product-section\">\n<div class=\"row\">\n<div class=\"large-10 col pb-0 mb-0\">\n<div class=\"panel entry-content\">\n<div data-id=\"9ly1xDmkO1M\" data-query=\"\" data-src=\"https:\/\/www.youtube.com\/embed\/9ly1xDmkO1M\"><a href=\"https:\/\/www.facebook.com\/Anpiano.hanoi\" target=\"_blank\" rel=\"noopener\">T\u01b0 v\u1ea5n v\u00e0 ch\u1ecdn mua s\u1ea3n ph\u1ea9m kh\u00e1c t\u1ea1i \u0111\u00e2y<\/a><\/div>\n<div data-id=\"9ly1xDmkO1M\" data-query=\"\" data-src=\"https:\/\/www.youtube.com\/embed\/9ly1xDmkO1M\"><a href=\"http:\/\/thumuapiano.com\/\" target=\"_blank\" rel=\"noopener\">Ch\u00fang t\u00f4i nh\u1eadn thu mua Piano, h\u00e3y li\u00ean h\u1ec7 n\u1ebfu b\u1ea1n c\u00f3 nhu c\u1ea7u.<\/a><\/div>\n<\/div>\n<\/div>\n<\/div>\n<\/div>\n<div class=\"product-section\">\n<div class=\"row\">\n<div class=\"large-2 col pb-0 mb-0\"><\/div>\n<\/div>\n<\/div>\n","protected":false},"excerpt":{"rendered":"<ul>\n<li>B\u1ea3o h\u00e0nh 12 th\u00e1ng <a href=\"https:\/\/anpiano.com\/chinh-sach-bao-hanh\/\">xem th\u00eam<\/a><\/li>\n<li>Gh\u1ebf<\/li>\n<li>Kh\u0103n ph\u1ee7 ph\u00edm<\/li>\n<li>\u0110\u1ed5i ngu\u1ed3n 220V<\/li>\n<li>Freeship HCM \u2013 HN \u2013 \u0110N &#8211; NT &#8211; BMT<\/li>\n<li>Kh\u00f3a h\u1ecdc online<\/li>\n<\/ul>\n","protected":false},"featured_media":5156,"comment_status":"open","ping_status":"closed","template":"","meta":[],"product_cat":[17,129],"product_tag":[176,142,143,177],"class_list":{"0":"post-1815","1":"product","2":"type-product","3":"status-publish","4":"has-post-thumbnail","6":"product_cat-piano-dan-dien","7":"product_cat-ya-ma-ha","8":"product_tag-clp-870","9":"product_tag-piano","10":"product_tag-piano-dien","11":"product_tag-yamaha-clp-870","13":"first","14":"instock","15":"sale","16":"shipping-taxable","17":"purchasable","18":"product-type-simple"},"jetpack_sharing_enabled":true,"_links":{"self":[{"href":"https:\/\/anpiano.com\/index.php?rest_route=\/wp\/v2\/product\/1815"}],"collection":[{"href":"https:\/\/anpiano.com\/index.php?rest_route=\/wp\/v2\/product"}],"about":[{"href":"https:\/\/anpiano.com\/index.php?rest_route=\/wp\/v2\/types\/product"}],"replies":[{"embeddable":true,"href":"https:\/\/anpiano.com\/index.php?rest_route=%2Fwp%2Fv2%2Fcomments&post=1815"}],"version-history":[{"count":3,"href":"https:\/\/anpiano.com\/index.php?rest_route=\/wp\/v2\/product\/1815\/revisions"}],"predecessor-version":[{"id":14459,"href":"https:\/\/anpiano.com\/index.php?rest_route=\/wp\/v2\/product\/1815\/revisions\/14459"}],"wp:featuredmedia":[{"embeddable":true,"href":"https:\/\/anpiano.com\/index.php?rest_route=\/wp\/v2\/media\/5156"}],"wp:attachment":[{"href":"https:\/\/anpiano.com\/index.php?rest_route=%2Fwp%2Fv2%2Fmedia&parent=1815"}],"wp:term":[{"taxonomy":"product_cat","embeddable":true,"href":"https:\/\/anpiano.com\/index.php?rest_route=%2Fwp%2Fv2%2Fproduct_cat&post=1815"},{"taxonomy":"product_tag","embeddable":true,"href":"https:\/\/anpiano.com\/index.php?rest_route=%2Fwp%2Fv2%2Fproduct_tag&post=1815"}],"curies":[{"name":"wp","href":"https:\/\/api.w.org\/{rel}","templated":true}]}}