{"id":2665,"date":"2020-07-13T08:24:53","date_gmt":"2020-07-13T01:24:53","guid":{"rendered":"http:\/\/anpiano.com\/?post_type=product&#038;p=2665"},"modified":"2026-03-09T14:08:17","modified_gmt":"2026-03-09T07:08:17","slug":"yamaha-u30a","status":"publish","type":"product","link":"https:\/\/anpiano.com\/?product=yamaha-u30a","title":{"rendered":"YAMAHA U30A"},"content":{"rendered":"<h3 class=\"product_title entry-title\"><strong><span style=\"font-size: 18pt;\">\u0110\u00c0N PIANO YAMAHA U30A<\/span><\/strong><\/h3>\n<ul>\n<li>Yamaha U30A\u00a0\u0111\u01b0\u1ee3c s\u1ea3n xu\u1ea5t v\u00e0o nh\u1eefng n\u0103m 70 &#8211; 80 c\u1ee7a th\u1ebf k\u1ef7 XIX, ngay t\u1eeb khi m\u1edbi ra \u0111\u1eddi cho \u0111\u1ebfn nay lo\u1ea1i \u0111\u00e0n n\u00e0y lu\u00f4n nh\u1eadn \u0111\u01b0\u1ee3c s\u1ef1 \u01b0u \u00e1i c\u1ee7a c\u00e1c nh\u1ea1c s\u1ef9 v\u00e0 ngh\u1ec7 s\u1ef9 \u0111\u00e0n d\u01b0\u01a1ng c\u1ea7m chuy\u00ean nghi\u1ec7p b\u1edfi k\u1ebft h\u1ee3p h\u00e0i h\u00f2a gi\u1eefa c\u1ed5 \u0111i\u1ec3n v\u00e0 hi\u1ec7n \u0111\u1ea1i, \u0111\u00e0n\u00a0piano Yamaha U30A\u00a0mang c\u00f3 th\u1ec3 ph\u00e1t ra nh\u1eefng giai \u0111i\u1ec7u v\u00f4 c\u00f9ng \u1ea5m \u00e1p.<\/li>\n<li>Yamaha U30A\u00a0l\u00e0 m\u1ed9t trong nh\u1eefng m\u1eabu \u0111\u00e0n \u0111\u01b0\u1ee3c \u0111\u00e1nh gi\u00e1 cao khi \u0111\u01b0\u1ee3c thi\u1ebft k\u1ebf t\u01b0\u01a1ng t\u1ef1 v\u1edbi series U3 \u0111\u00e3 mang l\u1ea1i nhi\u1ec1u th\u00e0nh c\u00f4ng cho th\u01b0\u01a1ng hi\u1ec7u Yamaha. \u0110\u01b0\u1ee3c ch\u1ebf t\u00e1c t\u1ec9 m\u1ec9, tinh x\u1ea3o v\u00e0 \u0111\u01b0\u1ee3c t\u00edch h\u1ee3p nh\u1eefng c\u00f4ng ngh\u1ec7 tr\u1ee9 danh,\u00a0Yamaha U30A s\u1edf h\u1eefu ch\u1ea5t l\u01b0\u1ee3ng \u00e2m thanh v\u00e0 \u0111\u1ed9 l\u00e2u b\u1ec1n kh\u00f4ng d\u1ec5 t\u00ecm th\u1ea5y \u1edf nh\u1eefng d\u00f2ng \u0111\u00e0n t\u1ea7m trung.<\/li>\n<\/ul>\n<p><strong>Th\u00f4ng s\u1ed1 k\u0129 thu\u1eadt<\/strong><\/p>\n<p>K\u00edch th\u01b0\u1edbc: (W)154cm x (H)131cm x (S)65cm<\/p>\n<p>Tr\u1ecdng l\u01b0\u1ee3ng : 242kg<\/p>\n<div class=\"product-section\">\n<div class=\"row\">\n<div class=\"large-10 col pb-0 mb-0\">\n<div class=\"panel entry-content\">\n<div data-id=\"9ly1xDmkO1M\" data-query=\"\" data-src=\"https:\/\/www.youtube.com\/embed\/9ly1xDmkO1M\"><a href=\"https:\/\/www.facebook.com\/Anpiano.hanoi\" target=\"_blank\" rel=\"noopener\">T\u01b0 v\u1ea5n v\u00e0 ch\u1ecdn mua s\u1ea3n ph\u1ea9m kh\u00e1c t\u1ea1i \u0111\u00e2y<\/a><\/div>\n<div data-id=\"9ly1xDmkO1M\" data-query=\"\" data-src=\"https:\/\/www.youtube.com\/embed\/9ly1xDmkO1M\"><a href=\"http:\/\/thumuapiano.com\/\" target=\"_blank\" rel=\"noopener\">Ch\u00fang t\u00f4i nh\u1eadn thu mua Piano, h\u00e3y li\u00ean h\u1ec7 n\u1ebfu b\u1ea1n c\u00f3 nhu c\u1ea7u.<\/a><\/div>\n<\/div>\n<\/div>\n<\/div>\n<\/div>\n<div class=\"product-section\">\n<div class=\"row\">\n<div class=\"large-2 col pb-0 mb-0\"><\/div>\n<\/div>\n<\/div>\n<p>&nbsp;<\/p>\n","protected":false},"excerpt":{"rendered":"<ul>\n<li>\n<ul>\n<li>\n<h1><strong><span style=\"font-size: 24pt;\">Qu\u00e0 T\u1eb7ng:<\/span><\/strong><\/h1>\n<ul>\n<li>B\u1ea3o h\u00e0nh 10 n\u0103m\u00a0<a href=\"https:\/\/anpiano.com\/chinh-sach-bao-hanh\/\">xem th\u00eam<\/a><\/li>\n<li>Gh\u1ebf<\/li>\n<li>Kh\u0103n ph\u1ee7 ph\u00edm<\/li>\n<li>Kh\u0103n ph\u1ee7 \u0111\u00e0n<\/li>\n<li>\u1ed0ng s\u1ea5y<\/li>\n<li>Freeship HCM &#8211; HN &#8211; \u0110N &#8211; NT &#8211; BMT<\/li>\n<li>Kh\u00f3a h\u1ecdc online<\/li>\n<\/ul>\n<\/li>\n<\/ul>\n<\/li>\n<\/ul>\n","protected":false},"featured_media":8327,"comment_status":"open","ping_status":"closed","template":"","meta":[],"product_cat":[125,326],"product_tag":[283,634,285,140,981],"class_list":{"0":"post-2665","1":"product","2":"type-product","3":"status-publish","4":"has-post-thumbnail","6":"product_cat-piano-upright","7":"product_cat-yamaha-upright","8":"product_tag-piano-co","9":"product_tag-piano-yamaha","10":"product_tag-u30a","11":"product_tag-yamaha","12":"product_tag-yamaha-u30a","14":"first","15":"instock","16":"sale","17":"shipping-taxable","18":"purchasable","19":"product-type-simple"},"jetpack_sharing_enabled":true,"_links":{"self":[{"href":"https:\/\/anpiano.com\/index.php?rest_route=\/wp\/v2\/product\/2665"}],"collection":[{"href":"https:\/\/anpiano.com\/index.php?rest_route=\/wp\/v2\/product"}],"about":[{"href":"https:\/\/anpiano.com\/index.php?rest_route=\/wp\/v2\/types\/product"}],"replies":[{"embeddable":true,"href":"https:\/\/anpiano.com\/index.php?rest_route=%2Fwp%2Fv2%2Fcomments&post=2665"}],"version-history":[{"count":3,"href":"https:\/\/anpiano.com\/index.php?rest_route=\/wp\/v2\/product\/2665\/revisions"}],"predecessor-version":[{"id":14482,"href":"https:\/\/anpiano.com\/index.php?rest_route=\/wp\/v2\/product\/2665\/revisions\/14482"}],"wp:featuredmedia":[{"embeddable":true,"href":"https:\/\/anpiano.com\/index.php?rest_route=\/wp\/v2\/media\/8327"}],"wp:attachment":[{"href":"https:\/\/anpiano.com\/index.php?rest_route=%2Fwp%2Fv2%2Fmedia&parent=2665"}],"wp:term":[{"taxonomy":"product_cat","embeddable":true,"href":"https:\/\/anpiano.com\/index.php?rest_route=%2Fwp%2Fv2%2Fproduct_cat&post=2665"},{"taxonomy":"product_tag","embeddable":true,"href":"https:\/\/anpiano.com\/index.php?rest_route=%2Fwp%2Fv2%2Fproduct_tag&post=2665"}],"curies":[{"name":"wp","href":"https:\/\/api.w.org\/{rel}","templated":true}]}}