{"id":2704,"date":"2020-07-27T09:05:33","date_gmt":"2020-07-27T02:05:33","guid":{"rendered":"http:\/\/anpiano.com\/?post_type=product&#038;p=2704"},"modified":"2022-04-06T11:36:17","modified_gmt":"2022-04-06T04:36:17","slug":"khan-phu-phim-dan","status":"publish","type":"product","link":"https:\/\/anpiano.com\/?product=khan-phu-phim-dan","title":{"rendered":"Kh\u0103n Ph\u1ee7 Ph\u00edm \u0110\u00e0n"},"content":{"rendered":"<p><span style=\"font-size: 18pt;\">Kh\u0103n ph\u1ee7 ph\u00edm \u0111\u00e0n v\u00e0 b\u00e1n l\u1ebb<\/span><\/p>\n<ul>\n<li>K\u00edch th\u01b0\u1edbc : (W)124m x (H)14.5cm<\/li>\n<\/ul>\n<p>&nbsp;<\/p>\n<p><img decoding=\"async\" class=\"aligncenter\" src=\"https:\/\/anpiano.com\/wp-content\/uploads\/2020\/07\/kh%C4%83n-ph%E1%BB%A7-ph%C3%ADm-%C4%91%C3%A0n.jpg\" \/><\/p>\n","protected":false},"excerpt":{"rendered":"<p><span style=\"font-size: 18pt;\">Kh\u0103n ph\u1ee7 ph\u00edm \u0111\u00e0n v\u00e0 b\u00e1n l\u1ebb<\/span><\/p>\n<ul>\n<li>K\u00edch th\u01b0\u1edbc : (W)124m x (H)14.5<\/li>\n<\/ul>\n","protected":false},"featured_media":5253,"comment_status":"open","ping_status":"closed","template":"","meta":[],"product_cat":[127,294],"product_tag":[295],"class_list":{"0":"post-2704","1":"product","2":"type-product","3":"status-publish","4":"has-post-thumbnail","6":"product_cat-phu-kien","7":"product_cat-khan","8":"product_tag-khan-phu-phim","10":"first","11":"instock","12":"shipping-taxable","13":"purchasable","14":"product-type-simple"},"jetpack_sharing_enabled":true,"_links":{"self":[{"href":"https:\/\/anpiano.com\/index.php?rest_route=\/wp\/v2\/product\/2704"}],"collection":[{"href":"https:\/\/anpiano.com\/index.php?rest_route=\/wp\/v2\/product"}],"about":[{"href":"https:\/\/anpiano.com\/index.php?rest_route=\/wp\/v2\/types\/product"}],"replies":[{"embeddable":true,"href":"https:\/\/anpiano.com\/index.php?rest_route=%2Fwp%2Fv2%2Fcomments&post=2704"}],"version-history":[{"count":0,"href":"https:\/\/anpiano.com\/index.php?rest_route=\/wp\/v2\/product\/2704\/revisions"}],"wp:featuredmedia":[{"embeddable":true,"href":"https:\/\/anpiano.com\/index.php?rest_route=\/wp\/v2\/media\/5253"}],"wp:attachment":[{"href":"https:\/\/anpiano.com\/index.php?rest_route=%2Fwp%2Fv2%2Fmedia&parent=2704"}],"wp:term":[{"taxonomy":"product_cat","embeddable":true,"href":"https:\/\/anpiano.com\/index.php?rest_route=%2Fwp%2Fv2%2Fproduct_cat&post=2704"},{"taxonomy":"product_tag","embeddable":true,"href":"https:\/\/anpiano.com\/index.php?rest_route=%2Fwp%2Fv2%2Fproduct_tag&post=2704"}],"curies":[{"name":"wp","href":"https:\/\/api.w.org\/{rel}","templated":true}]}}