{"id":2708,"date":"2020-07-13T09:08:45","date_gmt":"2020-07-13T02:08:45","guid":{"rendered":"http:\/\/anpiano.com\/?post_type=product&#038;p=2708"},"modified":"2022-04-06T11:37:05","modified_gmt":"2022-04-06T04:37:05","slug":"khan-phu-noc-dan","status":"publish","type":"product","link":"https:\/\/anpiano.com\/?product=khan-phu-noc-dan","title":{"rendered":"KH\u0102N PH\u1ee6 \u0110\u00c0N &#8211; \u0110\u1ece"},"content":{"rendered":"<p><span style=\"font-size: 18pt;\">Kh\u0103n t\u1eb7ng k\u00e8m v\u00e0 b\u00e1n l\u1ebb<\/span><\/p>\n<ul>\n<li>K\u00edch th\u01b0\u1edbc : (W)180cm x (H)70cm<\/li>\n<\/ul>\n<p>&nbsp;<\/p>\n<p><img decoding=\"async\" class=\"aligncenter\" src=\"https:\/\/anpiano.com\/wp-content\/uploads\/2020\/07\/Kh%C4%83n-ph%E1%BB%A7-%C4%91%C3%A0n-%C4%91%E1%BB%8F-2.jpg\" \/><\/p>\n","protected":false},"excerpt":{"rendered":"<p><span style=\"font-size: 18pt;\">Kh\u0103n t\u1eb7ng k\u00e8m v\u00e0 b\u00e1n l\u1ebb<\/span><\/p>\n<ul>\n<li>K\u00edch th\u01b0\u1edbc : (W)180cm x (H)70cm<\/li>\n<\/ul>\n","protected":false},"featured_media":5251,"comment_status":"open","ping_status":"closed","template":"","meta":[],"product_cat":[127,294],"product_tag":[296,297],"class_list":{"0":"post-2708","1":"product","2":"type-product","3":"status-publish","4":"has-post-thumbnail","6":"product_cat-phu-kien","7":"product_cat-khan","8":"product_tag-khan","9":"product_tag-noc-dan","11":"first","12":"instock","13":"shipping-taxable","14":"purchasable","15":"product-type-simple"},"jetpack_sharing_enabled":true,"_links":{"self":[{"href":"https:\/\/anpiano.com\/index.php?rest_route=\/wp\/v2\/product\/2708"}],"collection":[{"href":"https:\/\/anpiano.com\/index.php?rest_route=\/wp\/v2\/product"}],"about":[{"href":"https:\/\/anpiano.com\/index.php?rest_route=\/wp\/v2\/types\/product"}],"replies":[{"embeddable":true,"href":"https:\/\/anpiano.com\/index.php?rest_route=%2Fwp%2Fv2%2Fcomments&post=2708"}],"version-history":[{"count":0,"href":"https:\/\/anpiano.com\/index.php?rest_route=\/wp\/v2\/product\/2708\/revisions"}],"wp:featuredmedia":[{"embeddable":true,"href":"https:\/\/anpiano.com\/index.php?rest_route=\/wp\/v2\/media\/5251"}],"wp:attachment":[{"href":"https:\/\/anpiano.com\/index.php?rest_route=%2Fwp%2Fv2%2Fmedia&parent=2708"}],"wp:term":[{"taxonomy":"product_cat","embeddable":true,"href":"https:\/\/anpiano.com\/index.php?rest_route=%2Fwp%2Fv2%2Fproduct_cat&post=2708"},{"taxonomy":"product_tag","embeddable":true,"href":"https:\/\/anpiano.com\/index.php?rest_route=%2Fwp%2Fv2%2Fproduct_tag&post=2708"}],"curies":[{"name":"wp","href":"https:\/\/api.w.org\/{rel}","templated":true}]}}