{"id":2975,"date":"2020-07-17T10:37:13","date_gmt":"2020-07-17T03:37:13","guid":{"rendered":"http:\/\/anpiano.com\/?post_type=product&#038;p=2975"},"modified":"2023-07-03T09:48:00","modified_gmt":"2023-07-03T02:48:00","slug":"ve-sinh-than-vo-dan-co","status":"publish","type":"product","link":"https:\/\/anpiano.com\/?product=ve-sinh-than-vo-dan-co","title":{"rendered":"V\u1ec6 SINH TH\u00c2N V\u1ece \u0110\u00c0N C\u01a0"},"content":{"rendered":"<p>An Piano nh\u1eadn v\u1ec7 sinh th\u00e2n v\u1ecf \u0111\u00e0n piano. Ch\u00fang t\u00f4i s\u1ebd v\u1ec7 sinh c\u00e2y \u0111\u00e0n c\u1ee7a qu\u00fd kh\u00e1ch tr\u1edf n\u00ean nh\u01b0 m\u1edbi, Mang \u0111\u1ebfn s\u1ef1 h\u00e0i l\u00f2ng cho Qu\u00fd Kh\u00e1ch.<\/p>\n<ul style=\"list-style-type: circle;\">\n<li>Lau ch\u00f9i v\u1ebft b\u1ea9n<\/li>\n<li>\u0110\u00e1nh b\u00f3ng<\/li>\n<li>Th\u1eddi gian ho\u00e0n th\u00e0nh trong ng\u00e0y<\/li>\n<li>Gi\u00e1 ch\u01b0a bao g\u1ed3m d\u1ecbch v\u1ee5 t\u1ea1i nh\u00e0<\/li>\n<\/ul>\n<h3>D\u1ecbch v\u1ee5 n\u00e0y kh\u00f4ng \u00e1p d\u1ee5ng cho \u0111\u00e0n Trung Qu\u1ed1c v\u00e0 H\u00e0n Qu\u1ed1c<\/h3>\n<p><img fetchpriority=\"high\" decoding=\"async\" class=\"aligncenter wp-image-2979 size-full\" src=\"http:\/\/anpiano.com\/wp-content\/uploads\/2020\/07\/unnamed.jpg\" alt=\"\" width=\"512\" height=\"341\" srcset=\"https:\/\/anpiano.com\/wp-content\/uploads\/2020\/07\/unnamed.jpg 512w, https:\/\/anpiano.com\/wp-content\/uploads\/2020\/07\/unnamed-510x340.jpg 510w, https:\/\/anpiano.com\/wp-content\/uploads\/2020\/07\/unnamed-300x200.jpg 300w\" sizes=\"(max-width: 512px) 100vw, 512px\" \/><\/p>\n<p><em>Nh\u00e2n vi\u00ean K\u1ef9 Thu\u1eadt c\u1ee7a<\/em> ch\u00fang<em> t\u00f4i s\u1ebd c\u00f3 m\u1eb7t \u0111\u1ec3 ki\u1ec3m tra t\u1ea1i nh\u00e0 kh\u00e1ch h\u00e0ng trong 24h k\u1ec3 t\u1eeb l\u00fac nh\u1eadn \u0111\u01b0\u1ee3c cu\u1ed9c g\u1ecdi (Hotline k\u1ef9 thu\u1eadt: <strong>090 326 5826<\/strong>)<\/em><\/p>\n<p>&#8212;&#8212;&#8212;&#8212;&#8212;&#8212;&#8212;&#8212;&#8212;&#8211;<\/p>\n<p>AN PIANO &#8211; H\u1ec6 TH\u1ed0NG SHOWROOM 3 MI\u1ec0N<\/p>\n<p>H\u00c0 N\u1ed8I: 120 Ha\u0300o Nam, \u0110o\u0302\u0301ng \u0110a, Ha\u0300 No\u0323\u0302i &#8211; 0903265826<\/p>\n<p>H\u1ed2 CH\u00cd MINH: 282e Nguye\u0302\u0303n Tro\u0323ng Tuye\u0302\u0309n, Phu\u031bo\u031b\u0300ng 10, Phu\u0301 Nhua\u0323\u0302n, H\u1ed3 Ch\u00ed Minh &#8211; 0902172128<\/p>\n<p>\u0110\u00c0 N\u1eb4NG:163 Huy\u0300nh Ta\u0302\u0301n Pha\u0301t, Ha\u0309i Cha\u0302u, \u0110a\u0300 Na\u0306\u0303ng &#8211; 0936267126<\/p>\n","protected":false},"excerpt":{"rendered":"<p>An Piano nh\u1eadn v\u1ec7 sinh th\u00e2n v\u1ecf \u0111\u00e0n piano. Ch\u00fang t\u00f4i s\u1ebd v\u1ec7 sinh c\u00e2y \u0111\u00e0n c\u1ee7a qu\u00fd kh\u00e1ch tr\u1edf n\u00ean nh\u01b0 m\u1edbi, Mang \u0111\u1ebfn s\u1ef1 h\u00e0i l\u00f2ng cho Qu\u00fd Kh\u00e1ch.<\/p>\n<ul style=\"list-style-type: circle;\">\n<li>Lau ch\u00f9i v\u1ebft b\u1ea9n<\/li>\n<li>\u0110\u00e1nh b\u00f3ng<\/li>\n<li>Th\u1eddi gian ho\u00e0n th\u00e0nh trong ng\u00e0y<\/li>\n<li>Gi\u00e1 ch\u01b0a bao g\u1ed3m d\u1ecbch v\u1ee5 t\u1ea1i nh\u00e0<\/li>\n<\/ul>\n<p>### D\u1ecbch v\u1ee5 n\u00e0y kh\u00f4ng \u00e1p d\u1ee5ng cho \u0111\u00e0n Trung Qu\u1ed1c v\u00e0 H\u00e0n Qu\u1ed1c<\/p>\n","protected":false},"featured_media":5225,"comment_status":"open","ping_status":"closed","template":"","meta":[],"product_cat":[315,320],"product_tag":[319,316,317,318],"class_list":{"0":"post-2975","1":"product","2":"type-product","3":"status-publish","4":"has-post-thumbnail","6":"product_cat-dich-vu-piano","7":"product_cat-dich-vu-dan-co","8":"product_tag-danh-bong","9":"product_tag-dich-vu","10":"product_tag-lau-chui","11":"product_tag-ve-sinh","13":"first","14":"instock","15":"shipping-taxable","16":"purchasable","17":"product-type-simple"},"jetpack_sharing_enabled":true,"_links":{"self":[{"href":"https:\/\/anpiano.com\/index.php?rest_route=\/wp\/v2\/product\/2975"}],"collection":[{"href":"https:\/\/anpiano.com\/index.php?rest_route=\/wp\/v2\/product"}],"about":[{"href":"https:\/\/anpiano.com\/index.php?rest_route=\/wp\/v2\/types\/product"}],"replies":[{"embeddable":true,"href":"https:\/\/anpiano.com\/index.php?rest_route=%2Fwp%2Fv2%2Fcomments&post=2975"}],"version-history":[{"count":0,"href":"https:\/\/anpiano.com\/index.php?rest_route=\/wp\/v2\/product\/2975\/revisions"}],"wp:featuredmedia":[{"embeddable":true,"href":"https:\/\/anpiano.com\/index.php?rest_route=\/wp\/v2\/media\/5225"}],"wp:attachment":[{"href":"https:\/\/anpiano.com\/index.php?rest_route=%2Fwp%2Fv2%2Fmedia&parent=2975"}],"wp:term":[{"taxonomy":"product_cat","embeddable":true,"href":"https:\/\/anpiano.com\/index.php?rest_route=%2Fwp%2Fv2%2Fproduct_cat&post=2975"},{"taxonomy":"product_tag","embeddable":true,"href":"https:\/\/anpiano.com\/index.php?rest_route=%2Fwp%2Fv2%2Fproduct_tag&post=2975"}],"curies":[{"name":"wp","href":"https:\/\/api.w.org\/{rel}","templated":true}]}}