{"id":3044,"date":"2020-07-18T08:44:54","date_gmt":"2020-07-18T01:44:54","guid":{"rendered":"http:\/\/anpiano.com\/?post_type=product&#038;p=3044"},"modified":"2023-07-03T09:47:48","modified_gmt":"2023-07-03T02:47:48","slug":"thay-moi-bao-duong-phim-dan-dien","status":"publish","type":"product","link":"https:\/\/anpiano.com\/?product=thay-moi-bao-duong-phim-dan-dien","title":{"rendered":"THAY M\u1edaI, B\u1ea2O D\u01af\u1ee0NG PH\u00cdM \u0110\u00c0N \u0110I\u1ec6N"},"content":{"rendered":"<p>An Piano cung c\u1ea5p d\u1ecbch v\u1ee5 thay ph\u00edm, b\u1ea3o d\u01b0\u1ee1ng ph\u00edm \u0111\u00e0n \u0111i\u1ec7n:<\/p>\n<ul>\n<li>Gi\u00e1 ni\u00eam y\u1ebft \u00e1p d\u1ee5ng cho 1 ph\u00edm \u0111\u00e0n<\/li>\n<li>Ch\u01b0a bao g\u1ed3m d\u1ecbch v\u1ee5 l\u00e0m t\u1ea1i nh\u00e0<\/li>\n<li>Qu\u00fd Kh\u00e1ch c\u1ea7n thay nhi\u1ec1u ph\u00edm, vui l\u00f2ng li\u00ean h\u1ec7 k\u1ef9 thu\u1eadt \u0111\u1ec3 c\u00f3 gi\u00e1 t\u1ed1t nh\u1ea5t !!<\/li>\n<\/ul>\n<p><em>Nh\u00e2n vi\u00ean K\u1ef9 Thu\u1eadt c\u1ee7a<\/em> ch\u00fang<em> t\u00f4i s\u1ebd c\u00f3 m\u1eb7t \u0111\u1ec3 ki\u1ec3m tra t\u1ea1i nh\u00e0 kh\u00e1ch h\u00e0ng trong 24h k\u1ec3 t\u1eeb l\u00fac nh\u1eadn \u0111\u01b0\u1ee3c cu\u1ed9c g\u1ecdi (Hotline k\u1ef9 thu\u1eadt: <strong>090 326 5826<\/strong>)<\/em><\/p>\n<p>&#8212;&#8212;&#8212;&#8212;&#8212;&#8212;&#8212;&#8212;&#8212;&#8211;<\/p>\n<p>AN PIANO &#8211; H\u1ec6 TH\u1ed0NG SHOWROOM 3 MI\u1ec0N<\/p>\n<p>H\u00c0 N\u1ed8I: 120 Ha\u0300o Nam, \u0110o\u0302\u0301ng \u0110a, Ha\u0300 No\u0323\u0302i &#8211; 0903265826<\/p>\n<p>H\u1ed2 CH\u00cd MINH: 282e Nguye\u0302\u0303n Tro\u0323ng Tuye\u0302\u0309n, Phu\u031bo\u031b\u0300ng 10, Phu\u0301 Nhua\u0323\u0302n, H\u1ed3 Ch\u00ed Minh &#8211; 0902172128<\/p>\n<p>\u0110\u00c0 N\u1eb4NG:163 Huy\u0300nh Ta\u0302\u0301n Pha\u0301t, Ha\u0309i Cha\u0302u, \u0110a\u0300 Na\u0306\u0303ng &#8211; 0936267126<\/p>\n","protected":false},"excerpt":{"rendered":"<p>An Piano cung c\u1ea5p d\u1ecbch v\u1ee5 thay ph\u00edm, b\u1ea3o d\u01b0\u1ee1ng ph\u00edm \u0111\u00e0n \u0111i\u1ec7n:<\/p>\n<ul>\n<li>Gi\u00e1 ni\u00eam y\u1ebft \u00e1p d\u1ee5ng cho 1 ph\u00edm \u0111\u00e0n<\/li>\n<li>Ch\u01b0a bao g\u1ed3m d\u1ecbch v\u1ee5 l\u00e0m t\u1ea1i nh\u00e0<\/li>\n<li>Qu\u00fd Kh\u00e1ch c\u1ea7n thay nhi\u1ec1u ph\u00edm, vui l\u00f2ng li\u00ean h\u1ec7 k\u1ef9 thu\u1eadt \u0111\u1ec3 c\u00f3 gi\u00e1 t\u1ed1t nh\u1ea5t !!<\/li>\n<li>Hotline k\u1ef9 thu\u1eadt: <strong>091.261.38.75<\/strong><\/li>\n<\/ul>\n","protected":false},"featured_media":5222,"comment_status":"open","ping_status":"closed","template":"","meta":[],"product_cat":[315,321],"product_tag":[],"class_list":{"0":"post-3044","1":"product","2":"type-product","3":"status-publish","4":"has-post-thumbnail","6":"product_cat-dich-vu-piano","7":"product_cat-dich-vu-dan-dien","9":"first","10":"instock","11":"sale","12":"shipping-taxable","13":"purchasable","14":"product-type-simple"},"jetpack_sharing_enabled":true,"_links":{"self":[{"href":"https:\/\/anpiano.com\/index.php?rest_route=\/wp\/v2\/product\/3044"}],"collection":[{"href":"https:\/\/anpiano.com\/index.php?rest_route=\/wp\/v2\/product"}],"about":[{"href":"https:\/\/anpiano.com\/index.php?rest_route=\/wp\/v2\/types\/product"}],"replies":[{"embeddable":true,"href":"https:\/\/anpiano.com\/index.php?rest_route=%2Fwp%2Fv2%2Fcomments&post=3044"}],"version-history":[{"count":0,"href":"https:\/\/anpiano.com\/index.php?rest_route=\/wp\/v2\/product\/3044\/revisions"}],"wp:featuredmedia":[{"embeddable":true,"href":"https:\/\/anpiano.com\/index.php?rest_route=\/wp\/v2\/media\/5222"}],"wp:attachment":[{"href":"https:\/\/anpiano.com\/index.php?rest_route=%2Fwp%2Fv2%2Fmedia&parent=3044"}],"wp:term":[{"taxonomy":"product_cat","embeddable":true,"href":"https:\/\/anpiano.com\/index.php?rest_route=%2Fwp%2Fv2%2Fproduct_cat&post=3044"},{"taxonomy":"product_tag","embeddable":true,"href":"https:\/\/anpiano.com\/index.php?rest_route=%2Fwp%2Fv2%2Fproduct_tag&post=3044"}],"curies":[{"name":"wp","href":"https:\/\/api.w.org\/{rel}","templated":true}]}}