{"id":3352,"date":"2020-07-27T17:41:39","date_gmt":"2020-07-27T10:41:39","guid":{"rendered":"https:\/\/anpiano.com\/?post_type=product&#038;p=3352"},"modified":"2023-03-04T10:00:32","modified_gmt":"2023-03-04T03:00:32","slug":"ghe-dien-vang","status":"publish","type":"product","link":"https:\/\/anpiano.com\/?product=ghe-dien-vang","title":{"rendered":"Gh\u1ebf \u0111i\u1ec7n &#8211; v\u00e0ng"},"content":{"rendered":"<p>Gh\u1ebf t\u1eb7ng k\u00e8m v\u00e0 b\u00e1n l\u1ebb.<\/p>\n<ul>\n<li>K\u00edch th\u01b0\u1edbc : (W)47cm x (H)49cm x (W)31cm<\/li>\n<\/ul>\n<p>&nbsp;<\/p>\n","protected":false},"excerpt":{"rendered":"<p>Gh\u1ebf b\u00e1n l\u1ebb v\u00e0 t\u1eb7ng k\u00e8m.<\/p>\n<ul>\n<li>K\u00edch th\u01b0\u1edbc : (W)47cm x (H)49cm x (W)31cm<\/li>\n<\/ul>\n","protected":false},"featured_media":9360,"comment_status":"open","ping_status":"closed","template":"","meta":[],"product_cat":[127,290],"product_tag":[291,357],"class_list":{"0":"post-3352","1":"product","2":"type-product","3":"status-publish","4":"has-post-thumbnail","6":"product_cat-phu-kien","7":"product_cat-ghe","8":"product_tag-ghe","9":"product_tag-phu-kien","11":"first","12":"instock","13":"shipping-taxable","14":"purchasable","15":"product-type-simple"},"jetpack_sharing_enabled":true,"_links":{"self":[{"href":"https:\/\/anpiano.com\/index.php?rest_route=\/wp\/v2\/product\/3352"}],"collection":[{"href":"https:\/\/anpiano.com\/index.php?rest_route=\/wp\/v2\/product"}],"about":[{"href":"https:\/\/anpiano.com\/index.php?rest_route=\/wp\/v2\/types\/product"}],"replies":[{"embeddable":true,"href":"https:\/\/anpiano.com\/index.php?rest_route=%2Fwp%2Fv2%2Fcomments&post=3352"}],"version-history":[{"count":0,"href":"https:\/\/anpiano.com\/index.php?rest_route=\/wp\/v2\/product\/3352\/revisions"}],"wp:featuredmedia":[{"embeddable":true,"href":"https:\/\/anpiano.com\/index.php?rest_route=\/wp\/v2\/media\/9360"}],"wp:attachment":[{"href":"https:\/\/anpiano.com\/index.php?rest_route=%2Fwp%2Fv2%2Fmedia&parent=3352"}],"wp:term":[{"taxonomy":"product_cat","embeddable":true,"href":"https:\/\/anpiano.com\/index.php?rest_route=%2Fwp%2Fv2%2Fproduct_cat&post=3352"},{"taxonomy":"product_tag","embeddable":true,"href":"https:\/\/anpiano.com\/index.php?rest_route=%2Fwp%2Fv2%2Fproduct_tag&post=3352"}],"curies":[{"name":"wp","href":"https:\/\/api.w.org\/{rel}","templated":true}]}}