{"id":4472,"date":"2020-09-30T16:22:27","date_gmt":"2020-09-30T09:22:27","guid":{"rendered":"https:\/\/anpiano.com\/?post_type=product&#038;p=4472"},"modified":"2025-10-02T17:00:14","modified_gmt":"2025-10-02T10:00:14","slug":"yamaha-u3h-trang","status":"publish","type":"product","link":"https:\/\/anpiano.com\/?product=yamaha-u3h-trang","title":{"rendered":"YAMAHA U3H (Tr\u1eafng)"},"content":{"rendered":"<h3><strong>\u0110\u00c0N PIANO YAMAHA U3H<\/strong><\/h3>\n<ul>\n<li>\u0110\u00e0n Piano c\u01a1 Yamaha U3H d\u00e0nh cho nh\u1eefng ngh\u1ec7 s\u1ef9 d\u01b0\u01a1ng c\u1ea7m chuy\u00ean nghi\u1ec7p. Nh\u1eefng ngh\u1ec7 s\u1ef9 \u1ea5y tr\u01b0\u1edbc khi \u0111\u01b0\u1ee3c l\u00ean s\u00e2n kh\u1ea5u l\u1edbn \u0111\u1ec3 bi\u1ec3u di\u1ec5n tr\u01b0\u1edbc h\u00e0ng ngh\u00ecn kh\u00e1n gi\u1ea3 th\u00ec h\u1ecd \u0111\u00e3 tr\u1ea3i qua nh\u1eefng n\u0103m th\u00e1ng luy\u1ec7n t\u1eadp kh\u00f4ng ng\u1eebng ngh\u1ec9.<\/li>\n<li>Nh\u1eefng ng\u00f3n tay v\u1ee5ng v\u1ec1 ng\u00e0y x\u01b0a khi m\u1edbi t\u1eadp ch\u01a1i \u0111\u00e0n \u0111\u00e3 tr\u1edf th\u00e0nh nh\u1eefng ng\u00f3n tay \u0111i\u00eau luy\u1ec7n l\u01b0\u1edbt t\u1eebng ph\u00edm \u0111\u00e0n, vang l\u00ean giai \u0111i\u1ec7u s\u00e2u l\u1eafng ch\u1ea1m \u0111\u00ean tr\u00e1i tim ng\u01b0\u1eddi nghe.<\/li>\n<li>\u0110\u00f3 l\u00e0 m\u1ed9t qu\u00e1 tr\u00ecnh gian nan \u0111\u1ec3 nh\u1eefng ngh\u1ec7 s\u0129 chuy\u00ean nghi\u1ec7p \u0111\u1ea1t \u0111\u01b0\u1ee3c th\u00e0nh t\u1ef1u v\u00e0 \u0111\u1ee9ng tr\u01b0\u1edbc h\u00e0ng ngh\u00ecn kh\u00e1n gi\u1ea3 nh\u01b0 ng\u00e0y h\u00f4m nay. B\u00ean c\u1ea1nh s\u1ef1 r\u00e8n luy\u1ec7n c\u1ef1c kh\u1ed5 \u1ea5y th\u00ec lu\u00f4n c\u00f3 m\u1ed9t ng\u01b0\u1eddi b\u1ea1n \u0111\u00e3 \u0111\u1ed3ng h\u00e0nh v\u00e0 ch\u1ee9ng ki\u1ebfn s\u1ef1 ki\u00ean tr\u00ec, r\u00e8n luy\u1ec7n c\u1ee7a h\u1ecd v\u00e0 v\u1eabn lu\u00f4n b\u00ean c\u1ea1nh khi h\u1ecd nh\u1eadn l\u1ea5y vinh quang, \u0111\u00f3 ch\u00ednh l\u00e0 c\u00e2y<strong>\u00a0<\/strong>\u0111\u00e0n piano c\u01a1 U3H.<\/li>\n<\/ul>\n<p><img fetchpriority=\"high\" decoding=\"async\" class=\"aligncenter wp-image-4473 size-full\" src=\"https:\/\/anpiano.com\/wp-content\/uploads\/2020\/09\/IMG_20200928_112724.jpg\" alt=\"YAMAHA U3H\" width=\"480\" height=\"480\" srcset=\"https:\/\/anpiano.com\/wp-content\/uploads\/2020\/09\/IMG_20200928_112724.jpg 480w, https:\/\/anpiano.com\/wp-content\/uploads\/2020\/09\/IMG_20200928_112724-100x100.jpg 100w, https:\/\/anpiano.com\/wp-content\/uploads\/2020\/09\/IMG_20200928_112724-300x300.jpg 300w, https:\/\/anpiano.com\/wp-content\/uploads\/2020\/09\/IMG_20200928_112724-150x150.jpg 150w, https:\/\/anpiano.com\/wp-content\/uploads\/2020\/09\/IMG_20200928_112724-160x160.jpg 160w, https:\/\/anpiano.com\/wp-content\/uploads\/2020\/09\/IMG_20200928_112724-45x45.jpg 45w, https:\/\/anpiano.com\/wp-content\/uploads\/2020\/09\/IMG_20200928_112724-64x64.jpg 64w\" sizes=\"(max-width: 480px) 100vw, 480px\" \/><\/p>\n<ul>\n<li>M\u1ed9t ng\u01b0\u1eddi b\u1ea1n \u0111\u1ed3ng h\u00e0nh c\u00f9ng h\u1ecd s\u00e1ng t\u1ea1o n\u00ean nh\u1eefng giai \u0111i\u1ec7u bay b\u1ed5ng c\u1ea5t l\u00ean t\u1eeb ph\u00edm \u0111\u00e0n tr\u00ean con \u0111\u01b0\u1eddng chuy\u1ec7n nghi\u1ec7p.<\/li>\n<li>Yamaha U3H\u00a0l\u00e0 lo\u1ea1i \u0111\u00e0n thi\u1ebft k\u1ebf theo d\u00e1ng \u0111\u1ee9ng,\u0111\u00e0n \u0111\u01b0\u1ee3c thi\u1ebft k\u1ebf theo h\u01b0\u1edbng k\u1ebft h\u1ee3p c\u1ea3 v\u1ec1 c\u1ed5 \u0111i\u1ec3n l\u1eabn hi\u1ec7n \u0111\u1ea1i n\u00ean mang \u0111\u1ebfn v\u1ebb m\u1ea1nh m\u1ebd, ph\u00f3ng kho\u00e1ng, sang tr\u1ecdng v\u00e0 kh\u00f4ng k\u00e9m \u0111i ph\u1ea7n tinh t\u1ebf,\u00a0c\u00f3 th\u1ec3 k\u1ebft h\u1ee3p v\u1edbi nh\u1eefng m\u00f3n \u0111\u1ed3 kh\u00e1c trong nh\u00e0 nh\u01b0 b\u00e0n, gh\u1ebf hay t\u1ee7 \u0111\u1ec3 t\u1ea1o ra m\u1ed9t kh\u00f4ng gian h\u00e0i h\u00f2a.<\/li>\n<\/ul>\n<p><img decoding=\"async\" class=\"aligncenter wp-image-4475 size-full\" src=\"https:\/\/anpiano.com\/wp-content\/uploads\/2020\/09\/IMG_20200928_112918.jpg\" alt=\"YAMAHA U3H\" width=\"480\" height=\"480\" srcset=\"https:\/\/anpiano.com\/wp-content\/uploads\/2020\/09\/IMG_20200928_112918.jpg 480w, https:\/\/anpiano.com\/wp-content\/uploads\/2020\/09\/IMG_20200928_112918-100x100.jpg 100w, https:\/\/anpiano.com\/wp-content\/uploads\/2020\/09\/IMG_20200928_112918-300x300.jpg 300w, https:\/\/anpiano.com\/wp-content\/uploads\/2020\/09\/IMG_20200928_112918-150x150.jpg 150w, https:\/\/anpiano.com\/wp-content\/uploads\/2020\/09\/IMG_20200928_112918-160x160.jpg 160w, https:\/\/anpiano.com\/wp-content\/uploads\/2020\/09\/IMG_20200928_112918-45x45.jpg 45w, https:\/\/anpiano.com\/wp-content\/uploads\/2020\/09\/IMG_20200928_112918-64x64.jpg 64w\" sizes=\"(max-width: 480px) 100vw, 480px\" \/><\/p>\n<p><strong>Th\u00f4ng s\u1ed1 k\u0129 thu\u1eadt<\/strong><\/p>\n<p>K\u00edch th\u01b0\u1edbc: (W)154cm x (H)131cm x (S)65cm<\/p>\n<p>Tr\u1ecdng l\u01b0\u1ee3ng : 248kg<\/p>\n<p>&nbsp;<\/p>\n<p><a href=\"https:\/\/www.facebook.com\/Anpiano.hanoi\" target=\"_blank\" rel=\"noopener\">T\u01b0 v\u1ea5n v\u00e0 ch\u1ecdn mua s\u1ea3n\u00a0ph\u1ea9m kh\u00e1c t\u1ea1i \u0111\u00e2y<\/a><\/p>\n<p><a href=\"http:\/\/thumuapiano.com\/\" target=\"_blank\" rel=\"noopener\">Ch\u00fang t\u00f4i nh\u1eadn thu mua Piano, h\u00e3y li\u00ean h\u1ec7 n\u1ebfu b\u1ea1n c\u00f3 nhu c\u1ea7u.<\/a><\/p>\n","protected":false},"excerpt":{"rendered":"<ul>\n<li>\n<h1><strong><span style=\"font-size: 24pt;\">Qu\u00e0 T\u1eb7ng:<\/span><\/strong><\/h1>\n<ul>\n<li>B\u1ea3o h\u00e0nh 10 n\u0103m\u00a0<a href=\"https:\/\/anpiano.com\/chinh-sach-bao-hanh\/\">xem th\u00eam<\/a><\/li>\n<li>Gh\u1ebf<\/li>\n<li>Kh\u0103n ph\u1ee7 ph\u00edm<\/li>\n<li>Kh\u0103n ph\u1ee7 \u0111\u00e0n<\/li>\n<li>\u1ed0ng s\u1ea5y<\/li>\n<li>Freeship HCM &#8211; HN &#8211; \u0110N &#8211; NT &#8211; BMT<\/li>\n<li>Kh\u00f3a h\u1ecdc online<\/li>\n<\/ul>\n<\/li>\n<\/ul>\n<p>\u0110\u00e0n Piano c\u01a1 Yamaha U3H d\u00e0nh cho nh\u1eefng ngh\u1ec7 s\u1ef9 d\u01b0\u01a1ng c\u1ea7m chuy\u00ean nghi\u1ec7p. Nh\u1eefng ngh\u1ec7 s\u1ef9 \u1ea5y tr\u01b0\u1edbc khi \u0111\u01b0\u1ee3c l\u00ean s\u00e2n kh\u1ea5u l\u1edbn \u0111\u1ec3 bi\u1ec3u di\u1ec5n tr\u01b0\u1edbc h\u00e0ng ngh\u00ecn kh\u00e1n gi\u1ea3 th\u00ec h\u1ecd \u0111\u00e3 tr\u1ea3i qua nh\u1eefng n\u0103m th\u00e1ng luy\u1ec7n t\u1eadp kh\u00f4ng ng\u1eebng ngh\u1ec9.<\/p>\n","protected":false},"featured_media":5256,"comment_status":"open","ping_status":"closed","template":"","meta":[],"product_cat":[125,326],"product_tag":[287,40,437],"class_list":{"0":"post-4472","1":"product","2":"type-product","3":"status-publish","4":"has-post-thumbnail","6":"product_cat-piano-upright","7":"product_cat-yamaha-upright","8":"product_tag-u3h","9":"product_tag-yamaha-u3h","10":"product_tag-yamaha-upright","12":"first","13":"instock","14":"shipping-taxable","15":"product-type-simple"},"jetpack_sharing_enabled":true,"_links":{"self":[{"href":"https:\/\/anpiano.com\/index.php?rest_route=\/wp\/v2\/product\/4472"}],"collection":[{"href":"https:\/\/anpiano.com\/index.php?rest_route=\/wp\/v2\/product"}],"about":[{"href":"https:\/\/anpiano.com\/index.php?rest_route=\/wp\/v2\/types\/product"}],"replies":[{"embeddable":true,"href":"https:\/\/anpiano.com\/index.php?rest_route=%2Fwp%2Fv2%2Fcomments&post=4472"}],"version-history":[{"count":2,"href":"https:\/\/anpiano.com\/index.php?rest_route=\/wp\/v2\/product\/4472\/revisions"}],"predecessor-version":[{"id":14516,"href":"https:\/\/anpiano.com\/index.php?rest_route=\/wp\/v2\/product\/4472\/revisions\/14516"}],"wp:featuredmedia":[{"embeddable":true,"href":"https:\/\/anpiano.com\/index.php?rest_route=\/wp\/v2\/media\/5256"}],"wp:attachment":[{"href":"https:\/\/anpiano.com\/index.php?rest_route=%2Fwp%2Fv2%2Fmedia&parent=4472"}],"wp:term":[{"taxonomy":"product_cat","embeddable":true,"href":"https:\/\/anpiano.com\/index.php?rest_route=%2Fwp%2Fv2%2Fproduct_cat&post=4472"},{"taxonomy":"product_tag","embeddable":true,"href":"https:\/\/anpiano.com\/index.php?rest_route=%2Fwp%2Fv2%2Fproduct_tag&post=4472"}],"curies":[{"name":"wp","href":"https:\/\/api.w.org\/{rel}","templated":true}]}}