{"id":4514,"date":"2020-10-02T09:46:09","date_gmt":"2020-10-02T02:46:09","guid":{"rendered":"https:\/\/anpiano.com\/?post_type=product&#038;p=4514"},"modified":"2025-10-02T16:57:51","modified_gmt":"2025-10-02T09:57:51","slug":"tokai","status":"publish","type":"product","link":"https:\/\/anpiano.com\/?product=tokai","title":{"rendered":"TOKAI"},"content":{"rendered":"<h4><span style=\"font-size: 18pt;\"><strong>\u0110\u00c0N PIANO TOKAI<\/strong><\/span><\/h4>\n<ul>\n<li>Piano Tokai l\u00e0 th\u01b0\u01a1ng hi\u1ec7u \u0111\u00e0n Piano \u0111\u01b0\u1ee3c ch\u1ebf t\u00e1c b\u1edfi Tokai Gakki Company, Ltd. (C\u00f4ng ty TNHH Nh\u1ea1c c\u1ee5 Tokai).<\/li>\n<li>Tokai \u0111\u01b0\u1ee3c th\u00e0nh l\u1eadp v\u00e0o n\u0103m 1947 b\u1edfi Tadayouki Adachi do t\u01b0 nh\u00e2n s\u1edf h\u1eefu.<\/li>\n<li>S\u1ea3n ph\u1ea9m l\u00e0 s\u1ef1 k\u1ebft h\u1ee3p tinh t\u1ebf gi\u1eefa hi\u1ec7n \u0111\u1ea1i v\u00e0 c\u1ed5 \u0110i\u1ec3n. Thi\u1ebft k\u1ebf \u0111\u01a1n gi\u1ea3n , gi\u00e1 r\u1ebb gi\u00fap \u0110\u00e0n \u0111\u1ebfn g\u1ea7n h\u01a1n v\u1edbi ng\u01b0\u1eddi ti\u00eau d\u00f9ng.<\/li>\n<\/ul>\n<p><img fetchpriority=\"high\" decoding=\"async\" class=\"wp-image-4515 size-full aligncenter\" src=\"https:\/\/anpiano.com\/wp-content\/uploads\/2020\/10\/tokai-1.jpg\" alt=\"\" width=\"480\" height=\"480\" srcset=\"https:\/\/anpiano.com\/wp-content\/uploads\/2020\/10\/tokai-1.jpg 480w, https:\/\/anpiano.com\/wp-content\/uploads\/2020\/10\/tokai-1-100x100.jpg 100w, https:\/\/anpiano.com\/wp-content\/uploads\/2020\/10\/tokai-1-300x300.jpg 300w, https:\/\/anpiano.com\/wp-content\/uploads\/2020\/10\/tokai-1-150x150.jpg 150w, https:\/\/anpiano.com\/wp-content\/uploads\/2020\/10\/tokai-1-160x160.jpg 160w, https:\/\/anpiano.com\/wp-content\/uploads\/2020\/10\/tokai-1-45x45.jpg 45w, https:\/\/anpiano.com\/wp-content\/uploads\/2020\/10\/tokai-1-64x64.jpg 64w\" sizes=\"(max-width: 480px) 100vw, 480px\" \/><\/p>\n<p><strong>Th\u00f4ng s\u1ed1 k\u0129 thu\u1eadt<\/strong><\/p>\n<p>K\u00edch th\u01b0\u1edbc : (W)151cm x (H)120cm x (63)cm<\/p>\n<p>Tr\u1ecdng l\u01b0\u1ee3ng : 202 kg<\/p>\n<div class=\"product-section\">\n<div class=\"row\">\n<div class=\"large-10 col pb-0 mb-0\">\n<div class=\"panel entry-content\">\n<div data-id=\"9ly1xDmkO1M\" data-query=\"\" data-src=\"https:\/\/www.youtube.com\/embed\/9ly1xDmkO1M\"><a href=\"https:\/\/www.facebook.com\/Anpiano.hanoi\" target=\"_blank\" rel=\"noopener\">T\u01b0 v\u1ea5n v\u00e0 ch\u1ecdn mua s\u1ea3n ph\u1ea9m kh\u00e1c t\u1ea1i \u0111\u00e2y<\/a><\/div>\n<div data-id=\"9ly1xDmkO1M\" data-query=\"\" data-src=\"https:\/\/www.youtube.com\/embed\/9ly1xDmkO1M\"><a href=\"http:\/\/thumuapiano.com\/\" target=\"_blank\" rel=\"noopener\">Ch\u00fang t\u00f4i nh\u1eadn thu mua Piano, h\u00e3y li\u00ean h\u1ec7 n\u1ebfu b\u1ea1n c\u00f3 nhu c\u1ea7u.<\/a><\/div>\n<\/div>\n<\/div>\n<\/div>\n<\/div>\n<div class=\"product-section\">\n<div class=\"row\">\n<div class=\"large-2 col pb-0 mb-0\"><\/div>\n<\/div>\n<\/div>\n<h2 class=\"info_ms\"><\/h2>\n","protected":false},"excerpt":{"rendered":"<ul>\n<li>B\u1ea3o h\u00e0nh 10 n\u0103m\u00a0<a href=\"https:\/\/anpiano.com\/chinh-sach-bao-hanh\/\">xem th\u00eam<\/a><\/li>\n<li>Gh\u1ebf<\/li>\n<li>Kh\u0103n ph\u1ee7 ph\u00edm<\/li>\n<li>Kh\u0103n ph\u1ee7 \u0111\u00e0n<\/li>\n<li>\u1ed0ng s\u1ea5y<\/li>\n<li>Freeship HCM &#8211; HN &#8211; \u0110N &#8211; NT &#8211; BMT<\/li>\n<li>Kh\u00f3a h\u1ecdc online<\/li>\n<\/ul>\n","protected":false},"featured_media":5069,"comment_status":"open","ping_status":"closed","template":"","meta":[],"product_cat":[124],"product_tag":[142,443,445],"class_list":{"0":"post-4514","1":"product","2":"type-product","3":"status-publish","4":"has-post-thumbnail","6":"product_cat-piano-grand","7":"product_tag-piano","8":"product_tag-pianoco","9":"product_tag-tokai","11":"first","12":"instock","13":"shipping-taxable","14":"product-type-simple"},"jetpack_sharing_enabled":true,"_links":{"self":[{"href":"https:\/\/anpiano.com\/index.php?rest_route=\/wp\/v2\/product\/4514"}],"collection":[{"href":"https:\/\/anpiano.com\/index.php?rest_route=\/wp\/v2\/product"}],"about":[{"href":"https:\/\/anpiano.com\/index.php?rest_route=\/wp\/v2\/types\/product"}],"replies":[{"embeddable":true,"href":"https:\/\/anpiano.com\/index.php?rest_route=%2Fwp%2Fv2%2Fcomments&post=4514"}],"version-history":[{"count":3,"href":"https:\/\/anpiano.com\/index.php?rest_route=\/wp\/v2\/product\/4514\/revisions"}],"predecessor-version":[{"id":14512,"href":"https:\/\/anpiano.com\/index.php?rest_route=\/wp\/v2\/product\/4514\/revisions\/14512"}],"wp:featuredmedia":[{"embeddable":true,"href":"https:\/\/anpiano.com\/index.php?rest_route=\/wp\/v2\/media\/5069"}],"wp:attachment":[{"href":"https:\/\/anpiano.com\/index.php?rest_route=%2Fwp%2Fv2%2Fmedia&parent=4514"}],"wp:term":[{"taxonomy":"product_cat","embeddable":true,"href":"https:\/\/anpiano.com\/index.php?rest_route=%2Fwp%2Fv2%2Fproduct_cat&post=4514"},{"taxonomy":"product_tag","embeddable":true,"href":"https:\/\/anpiano.com\/index.php?rest_route=%2Fwp%2Fv2%2Fproduct_tag&post=4514"}],"curies":[{"name":"wp","href":"https:\/\/api.w.org\/{rel}","templated":true}]}}