{"id":5383,"date":"2020-12-17T09:08:55","date_gmt":"2020-12-17T02:08:55","guid":{"rendered":"https:\/\/anpiano.com\/?post_type=product&#038;p=5383"},"modified":"2025-10-02T17:07:15","modified_gmt":"2025-10-02T10:07:15","slug":"kawai-bl61","status":"publish","type":"product","link":"https:\/\/anpiano.com\/?product=kawai-bl61","title":{"rendered":"KAWAI BL61"},"content":{"rendered":"<h4><strong>\u0110\u00e0n Piano c\u01a1 Kawai BL61:<\/strong><\/h4>\n<ul>\n<li>\u0110\u00e0n Piano Kawai BL 61 l\u00e0 m\u1ed9t trong nh\u1eefng phi\u00ean b\u1ea3n \u0111\u00e0n Piano c\u01a1 Kawai d\u00f2ng BL v\u00f4 c\u00f9ng th\u00e0nh c\u00f4ng c\u1ee7a th\u01b0\u01a1ng hi\u1ec7u Kawai.<\/li>\n<\/ul>\n<p><img fetchpriority=\"high\" decoding=\"async\" class=\"aligncenter wp-image-6327 size-medium\" src=\"https:\/\/anpiano.com\/wp-content\/uploads\/2020\/12\/KAWAI-BL612-1-300x225.jpg\" alt=\"Kawai BL61\" width=\"300\" height=\"225\" srcset=\"https:\/\/anpiano.com\/wp-content\/uploads\/2020\/12\/KAWAI-BL612-1-300x225.jpg 300w, https:\/\/anpiano.com\/wp-content\/uploads\/2020\/12\/KAWAI-BL612-1-768x576.jpg 768w, https:\/\/anpiano.com\/wp-content\/uploads\/2020\/12\/KAWAI-BL612-1-247x185.jpg 247w, https:\/\/anpiano.com\/wp-content\/uploads\/2020\/12\/KAWAI-BL612-1-510x383.jpg 510w, https:\/\/anpiano.com\/wp-content\/uploads\/2020\/12\/KAWAI-BL612-1.jpg 800w\" sizes=\"(max-width: 300px) 100vw, 300px\" \/><\/p>\n<p>&nbsp;<\/p>\n<ul>\n<li>\u0110\u00e2y l\u00e0 phi\u00ean b\u1ea3n c\u00f3 thi\u1ebft k\u1ebf \u0111\u01b0\u1ee3c xem l\u00e0 theo phong c\u00e1ch sang tr\u1ecdng nh\u1ea5t t\u1eeb tr\u01b0\u1edbc \u0111\u1ebfn nay. Trong d\u00f2ng piano Kawai series BL, \u00e2m thanh \u0111\u01b0\u1ee3c c\u00e1c chuy\u00ean gia \u00e2m nh\u1ea1c h\u00e0ng \u0111\u1ea7u \u0111\u00e1nh gi\u00e1 l\u00e0 kh\u00e1 hay. \u0110\u1ea1t \u0111\u1ebfn tr\u00ecnh \u0111\u1ed9 chu\u1ea9n<\/li>\n<\/ul>\n<p><img decoding=\"async\" class=\"aligncenter wp-image-6328 size-medium\" src=\"https:\/\/anpiano.com\/wp-content\/uploads\/2020\/12\/KAWAI-BL613-1-300x225.jpg\" alt=\"Kawai BL61\" width=\"300\" height=\"225\" srcset=\"https:\/\/anpiano.com\/wp-content\/uploads\/2020\/12\/KAWAI-BL613-1-300x225.jpg 300w, https:\/\/anpiano.com\/wp-content\/uploads\/2020\/12\/KAWAI-BL613-1-768x576.jpg 768w, https:\/\/anpiano.com\/wp-content\/uploads\/2020\/12\/KAWAI-BL613-1-247x185.jpg 247w, https:\/\/anpiano.com\/wp-content\/uploads\/2020\/12\/KAWAI-BL613-1-510x383.jpg 510w, https:\/\/anpiano.com\/wp-content\/uploads\/2020\/12\/KAWAI-BL613-1.jpg 800w\" sizes=\"(max-width: 300px) 100vw, 300px\" \/><\/p>\n<p>&nbsp;<\/p>\n<ul>\n<li>Thi\u1ebft k\u1ebf t\u00f4ng \u0111en sang tr\u1ecdng v\u00e0 hi\u1ec7n \u0111\u1ea1i, Kawai BL 61 ph\u00f9 h\u1ee3p v\u1edbi nhi\u1ec1u phong c\u00e1ch bi\u1ec3u di\u1ec5n nh\u01b0; vui ch\u01a1i ho\u1eb7c bi\u1ec3u di\u1ec5n tr\u00ean c\u00e1c s\u00e2n kh\u1ea5u chuy\u00ean nghi\u1ec7p \u0111\u1ec1u c\u00f3 th\u1ec3.<\/li>\n<\/ul>\n<h2>Th\u00f4ng s\u1ed1 k\u1ef9 thu\u1eadt c\u1ee7a KAWAI BL61<\/h2>\n<ul>\n<li><strong>K\u00edch th\u01b0\u1edbc<\/strong><\/li>\n<li><label>Chi\u1ec1u cao:<\/label>131 cm<\/li>\n<li><label>Chi\u1ec1u ngang:<\/label>156 cm<\/li>\n<li><label>Chi\u1ec1u s\u00e2u:<\/label>65 cm<\/li>\n<li><strong>\u0110\u1ed9 nh\u1ea1y<\/strong><\/li>\n<li><label>B\u1ec1 m\u1eb7t ph\u00edm tr\u1eafng:<\/label>NEOTEX<\/li>\n<li><label>B\u1ec1 m\u1eb7t ph\u00edm \u0111en:<\/label>NEOTEX<\/li>\n<li><label>B\u1ed9 m\u00e1y:<\/label>Millennium III<\/li>\n<li><label>N\u1ec9 b\u00faa \u0111\u00e0n:<\/label>\u0110\u01b0\u1ee3c \u00e9p ch\u1eb7t b\u1eb1ng n\u1ec9 l\u00f4ng c\u1eebu cao c\u1ea5p<\/li>\n<li><strong>\u00c2m s\u1eafc<\/strong><\/li>\n<li><label>B\u1ea3ng c\u1ed9ng h\u01b0\u1edfng:<\/label>R\u1eafn ch\u1eafn, g\u1ed7 c\u00e2y t\u00f9ng<\/li>\n<li><label>Thanh Cutoff:<\/label>2<\/li>\n<li><label>Agraffes:<\/label>1-51 key<\/li>\n<li><label>Duplex scaling:<\/label>Fore &amp; back<\/li>\n<li><label>Back posts:<\/label>6<\/li>\n<li><strong>Thi\u1ebft k\u1ebf b\u00ean ngo\u00e0i<\/strong><\/li>\n<li><label>Pedal:<\/label>3 &#8211; Soft, Muffler, Damper<\/li>\n<li><label>B\u00e1nh xe:<\/label>B\u00e1nh xe \u0111\u00f4i, \u0111\u1ed3ng thau<\/li>\n<li><label>Softfall:<\/label>C\u00f3<\/li>\n<\/ul>\n<div data-id=\"9ly1xDmkO1M\" data-query=\"\" data-src=\"https:\/\/www.youtube.com\/embed\/9ly1xDmkO1M\"><a href=\"https:\/\/www.facebook.com\/anpiano.saigon\" target=\"_blank\" rel=\"noopener\">T\u01b0 v\u1ea5n v\u00e0 ch\u1ecdn mua s\u1ea3n ph\u1ea9m kh\u00e1c t\u1ea1i \u0111\u00e2y<\/a><\/div>\n<div data-id=\"9ly1xDmkO1M\" data-query=\"\" data-src=\"https:\/\/www.youtube.com\/embed\/9ly1xDmkO1M\"><a href=\"http:\/\/thumuapiano.com\/\" target=\"_blank\" rel=\"noopener\">Ch\u00fang t\u00f4i nh\u1eadn thu mua Piano, h\u00e3y li\u00ean h\u1ec7 n\u1ebfu b\u1ea1n c\u00f3 nhu c\u1ea7u.<\/a><\/div>\n","protected":false},"excerpt":{"rendered":"<ul>\n<li>\n<h1><strong><span style=\"font-size: 24pt;\">Qu\u00e0 T\u1eb7ng:<\/span><\/strong><\/h1>\n<ul>\n<li>B\u1ea3o h\u00e0nh 5 n\u0103m <a href=\"https:\/\/anpiano.com\/chinh-sach-bao-hanh\/\">xem th\u00eam<\/a><\/li>\n<li>Gh\u1ebf<\/li>\n<li>Kh\u0103n ph\u1ee7 ph\u00edm<\/li>\n<li>Kh\u0103n ph\u1ee7 \u0111\u00e0n<\/li>\n<li>\u1ed0ng s\u1ea5y<\/li>\n<li>Freeship HCM &#8211; HN &#8211; \u0110N &#8211; NT &#8211; BMT<\/li>\n<li>Kh\u00f3a h\u1ecdc online<\/li>\n<\/ul>\n<\/li>\n<li><\/li>\n<\/ul>\n","protected":false},"featured_media":11989,"comment_status":"open","ping_status":"closed","template":"","meta":[],"product_cat":[125,327],"product_tag":[474,300,486,283],"class_list":{"0":"post-5383","1":"product","2":"type-product","3":"status-publish","4":"has-post-thumbnail","6":"product_cat-piano-upright","7":"product_cat-kawai-upright","8":"product_tag-an-piano","9":"product_tag-kawai","10":"product_tag-kawai-bl61","11":"product_tag-piano-co","13":"first","14":"instock","15":"sale","16":"shipping-taxable","17":"purchasable","18":"product-type-simple"},"jetpack_sharing_enabled":true,"_links":{"self":[{"href":"https:\/\/anpiano.com\/index.php?rest_route=\/wp\/v2\/product\/5383"}],"collection":[{"href":"https:\/\/anpiano.com\/index.php?rest_route=\/wp\/v2\/product"}],"about":[{"href":"https:\/\/anpiano.com\/index.php?rest_route=\/wp\/v2\/types\/product"}],"replies":[{"embeddable":true,"href":"https:\/\/anpiano.com\/index.php?rest_route=%2Fwp%2Fv2%2Fcomments&post=5383"}],"version-history":[{"count":4,"href":"https:\/\/anpiano.com\/index.php?rest_route=\/wp\/v2\/product\/5383\/revisions"}],"predecessor-version":[{"id":14528,"href":"https:\/\/anpiano.com\/index.php?rest_route=\/wp\/v2\/product\/5383\/revisions\/14528"}],"wp:featuredmedia":[{"embeddable":true,"href":"https:\/\/anpiano.com\/index.php?rest_route=\/wp\/v2\/media\/11989"}],"wp:attachment":[{"href":"https:\/\/anpiano.com\/index.php?rest_route=%2Fwp%2Fv2%2Fmedia&parent=5383"}],"wp:term":[{"taxonomy":"product_cat","embeddable":true,"href":"https:\/\/anpiano.com\/index.php?rest_route=%2Fwp%2Fv2%2Fproduct_cat&post=5383"},{"taxonomy":"product_tag","embeddable":true,"href":"https:\/\/anpiano.com\/index.php?rest_route=%2Fwp%2Fv2%2Fproduct_tag&post=5383"}],"curies":[{"name":"wp","href":"https:\/\/api.w.org\/{rel}","templated":true}]}}