{"id":6347,"date":"2021-01-28T15:59:20","date_gmt":"2021-01-28T08:59:20","guid":{"rendered":"https:\/\/anpiano.com\/?post_type=product&#038;p=6347"},"modified":"2025-10-02T17:03:03","modified_gmt":"2025-10-02T10:03:03","slug":"samick-sc-802sd","status":"publish","type":"product","link":"https:\/\/anpiano.com\/?product=samick-sc-802sd","title":{"rendered":"SAMICK SC-802 SD"},"content":{"rendered":"<h4><strong>\u0110\u00e0n Piano c\u01a1 SAMICK SC-802 SD:<\/strong><\/h4>\n<ul>\n<li>\u0110\u00e0n piano <strong>Samick &#8211; SC802 SD<\/strong> \u0111\u01b0\u1ee3c thi\u1ebft k\u1ebf v\u1edbi phong c\u00e1ch hi\u1ec7n \u0111\u1ea1i, g\u1ed7 thanh l\u1ecbch, \u0111\u00e2y ch\u1eafc ch\u1eafn l\u00e0 s\u1ef1 l\u1ef1a ch\u1ecdn cho nh\u1eefng t\u00edn \u0111\u1ed3 cho s\u1ef1 sang tr\u1ecdng v\u00e0 thanh tao to\u00e1t l\u00ean t\u1eeb ch\u1ea5t li\u1ec7u g\u1ed7 t\u1ef1 nhi\u00ean.<br \/>\n<img fetchpriority=\"high\" decoding=\"async\" class=\"size-medium wp-image-6352 aligncenter\" src=\"https:\/\/anpiano.com\/wp-content\/uploads\/2021\/01\/SAMICK-SC-802SD-2-300x225.jpg\" alt=\"\" width=\"300\" height=\"225\" srcset=\"https:\/\/anpiano.com\/wp-content\/uploads\/2021\/01\/SAMICK-SC-802SD-2-300x225.jpg 300w, https:\/\/anpiano.com\/wp-content\/uploads\/2021\/01\/SAMICK-SC-802SD-2-768x576.jpg 768w, https:\/\/anpiano.com\/wp-content\/uploads\/2021\/01\/SAMICK-SC-802SD-2-247x185.jpg 247w, https:\/\/anpiano.com\/wp-content\/uploads\/2021\/01\/SAMICK-SC-802SD-2-510x383.jpg 510w, https:\/\/anpiano.com\/wp-content\/uploads\/2021\/01\/SAMICK-SC-802SD-2.jpg 800w\" sizes=\"(max-width: 300px) 100vw, 300px\" \/><\/li>\n<li>Samick l\u00e0 nh\u00e0 s\u1ea3n xu\u1ea5t \u0111\u00e0n Piano l\u00e2u \u0111\u1eddi nh\u1ea5t, l\u1edbn nh\u1ea5t H\u00e0n Qu\u1ed1c v\u00e0 \u0111\u1ee9ng th\u1ee9 ba doanh s\u1ed1 b\u00e1n h\u00e0ng \u0111\u00e0n piano tr\u00ean th\u1ebf gi\u1edbi. Trong l\u1ea7n \u0111\u1ea7u ti\u00ean \u0111\u00e0n piano Samick cho ra \u0111\u1eddi b\u1eb1ng c\u00f4ng ngh\u1ec7 CNC, \u0111\u00e2y l\u00e0 m\u1ed9t ph\u00e1t minh \u0111\u1ec3 \u00e1p d\u1ee5ng v\u00e0o vi\u1ec7c s\u1ea3n xu\u1ea5t \u0111\u00e0n piano c\u1ee7a ng\u01b0\u1eddi \u0110\u1ee9c v\u00e0 C.Bechstein. Bechstein \u0111\u00e3 cung c\u1ea5p k\u1ef9 thu\u1eadt v\u00e0 t\u01b0 v\u1ea5n h\u01b0\u1edbng d\u1eabn cho h\u00e3ng Samick s\u1eed d\u1ee5ng c\u00f4ng ngh\u1ec7 n\u00e0y v\u00e0o vi\u1ec7c s\u1ea3n xu\u1ea5t \u0111\u00e0n piano Samick.<\/li>\n<li><img decoding=\"async\" class=\"size-medium wp-image-6351 aligncenter\" src=\"https:\/\/anpiano.com\/wp-content\/uploads\/2021\/01\/SAMICK-SC-802SD-5-300x225.jpg\" alt=\"\" width=\"300\" height=\"225\" srcset=\"https:\/\/anpiano.com\/wp-content\/uploads\/2021\/01\/SAMICK-SC-802SD-5-300x225.jpg 300w, https:\/\/anpiano.com\/wp-content\/uploads\/2021\/01\/SAMICK-SC-802SD-5-768x576.jpg 768w, https:\/\/anpiano.com\/wp-content\/uploads\/2021\/01\/SAMICK-SC-802SD-5-247x185.jpg 247w, https:\/\/anpiano.com\/wp-content\/uploads\/2021\/01\/SAMICK-SC-802SD-5-510x383.jpg 510w, https:\/\/anpiano.com\/wp-content\/uploads\/2021\/01\/SAMICK-SC-802SD-5.jpg 800w\" sizes=\"(max-width: 300px) 100vw, 300px\" \/><\/li>\n<li>\u0110\u00e0n piano <strong>Samick -SC802 SD<\/strong> v\u1edbi m\u00f4 h\u00ecnh \u00e2m thanh \u0111\u1eb7t tr\u01b0ng \u0111\u01b0\u1ee3c \u0111\u01b0a v\u00e0o trong b\u1ec1 m\u1eb7t nghi\u00eang \u0111\u01b0\u1ee3c s\u00e1ng t\u00e1c t\u1ec9 m\u1ec9.<\/li>\n<\/ul>\n<p><strong>Th\u00f4ng s\u1ed1 k\u0129 thu\u1eadt:<\/strong><\/p>\n<ul>\n<li>K\u00edch th\u01b0\u1edbc : (W)130cm x (H)110cm x (S) 50cm<\/li>\n<li>Tr\u1ecdng l\u01b0\u1ee3ng : 200 kg<\/li>\n<\/ul>\n<div data-id=\"9ly1xDmkO1M\" data-query=\"\" data-src=\"https:\/\/www.youtube.com\/embed\/9ly1xDmkO1M\"><a href=\"https:\/\/www.facebook.com\/anpiano.saigon\" target=\"_blank\" rel=\"noopener\">T\u01b0 v\u1ea5n v\u00e0 ch\u1ecdn mua s\u1ea3n ph\u1ea9m kh\u00e1c t\u1ea1i \u0111\u00e2y<\/a><\/div>\n<div data-id=\"9ly1xDmkO1M\" data-query=\"\" data-src=\"https:\/\/www.youtube.com\/embed\/9ly1xDmkO1M\"><a href=\"http:\/\/thumuapiano.com\/\" target=\"_blank\" rel=\"noopener\">Ch\u00fang t\u00f4i nh\u1eadn thu mua Piano, h\u00e3y li\u00ean h\u1ec7 n\u1ebfu b\u1ea1n c\u00f3 nhu c\u1ea7u.<\/a><\/div>\n","protected":false},"excerpt":{"rendered":"<ul>\n<li>\n<h1><strong><span style=\"font-size: 24pt;\">Qu\u00e0 T\u1eb7ng:<\/span><\/strong><\/h1>\n<ul>\n<li>B\u1ea3o h\u00e0nh 5 n\u0103m <a href=\"https:\/\/anpiano.com\/chinh-sach-bao-hanh\/\">xem th\u00eam<\/a><\/li>\n<li>Gh\u1ebf<\/li>\n<li>Kh\u0103n ph\u1ee7 ph\u00edm<\/li>\n<li>Kh\u0103n ph\u1ee7 \u0111\u00e0n<\/li>\n<li>\u1ed0ng s\u1ea5y<\/li>\n<li>Freeship HCM &#8211; HN &#8211; \u0110N &#8211; NT &#8211; BMT<\/li>\n<li>Kh\u00f3a h\u1ecdc online<\/li>\n<\/ul>\n<\/li>\n<\/ul>\n","protected":false},"featured_media":6348,"comment_status":"open","ping_status":"closed","template":"","meta":[],"product_cat":[125,325],"product_tag":[474,360,283,559,558],"class_list":{"0":"post-6347","1":"product","2":"type-product","3":"status-publish","4":"has-post-thumbnail","6":"product_cat-piano-upright","7":"product_cat-thuong-hieu-khac-piano-upright","8":"product_tag-an-piano","9":"product_tag-dan-piano","10":"product_tag-piano-co","11":"product_tag-samick","12":"product_tag-samick-sc-802sd","14":"first","15":"instock","16":"sale","17":"shipping-taxable","18":"purchasable","19":"product-type-simple"},"jetpack_sharing_enabled":true,"_links":{"self":[{"href":"https:\/\/anpiano.com\/index.php?rest_route=\/wp\/v2\/product\/6347"}],"collection":[{"href":"https:\/\/anpiano.com\/index.php?rest_route=\/wp\/v2\/product"}],"about":[{"href":"https:\/\/anpiano.com\/index.php?rest_route=\/wp\/v2\/types\/product"}],"replies":[{"embeddable":true,"href":"https:\/\/anpiano.com\/index.php?rest_route=%2Fwp%2Fv2%2Fcomments&post=6347"}],"version-history":[{"count":4,"href":"https:\/\/anpiano.com\/index.php?rest_route=\/wp\/v2\/product\/6347\/revisions"}],"predecessor-version":[{"id":14519,"href":"https:\/\/anpiano.com\/index.php?rest_route=\/wp\/v2\/product\/6347\/revisions\/14519"}],"wp:featuredmedia":[{"embeddable":true,"href":"https:\/\/anpiano.com\/index.php?rest_route=\/wp\/v2\/media\/6348"}],"wp:attachment":[{"href":"https:\/\/anpiano.com\/index.php?rest_route=%2Fwp%2Fv2%2Fmedia&parent=6347"}],"wp:term":[{"taxonomy":"product_cat","embeddable":true,"href":"https:\/\/anpiano.com\/index.php?rest_route=%2Fwp%2Fv2%2Fproduct_cat&post=6347"},{"taxonomy":"product_tag","embeddable":true,"href":"https:\/\/anpiano.com\/index.php?rest_route=%2Fwp%2Fv2%2Fproduct_tag&post=6347"}],"curies":[{"name":"wp","href":"https:\/\/api.w.org\/{rel}","templated":true}]}}