{"id":6776,"date":"2021-05-24T00:14:50","date_gmt":"2021-05-23T17:14:50","guid":{"rendered":"https:\/\/anpiano.com\/?post_type=product&#038;p=6776"},"modified":"2025-10-02T17:25:45","modified_gmt":"2025-10-02T10:25:45","slug":"yamaha-clp-705","status":"publish","type":"product","link":"https:\/\/anpiano.com\/?product=yamaha-clp-705","title":{"rendered":"Yamaha CLP 705"},"content":{"rendered":"<h3><strong>\u0110\u00e0n Piano Yamaha CLP 705 :<\/strong><\/h3>\n<div>\u0110\u00e0n PianoYAMAHA CLP 705\u00a0 c\u00f3 ch\u1ea5t l\u01b0\u1ee3ng \u00e2m thanh \u0111\u1ea3m b\u1ea3o, thi\u1ebft k\u1ebf v\u1edbi ki\u1ec3u d\u00e1ng sang tr\u1ecdng, b\u1eaft m\u1eaft, m\u00e0u s\u1eafc thanh tho\u00e1t ph\u00f9 h\u1ee3p v\u1edbi m\u1ecdi nhu c\u1ea7u v\u00e0 kh\u00f4ng gian s\u1eed d\u1ee5ng tr\u01b0ng b\u00e0y \u0111\u00e0n.<\/div>\n<div><\/div>\n<h4><strong>T\u00ednh n\u0103ng n\u1ed5i b\u1eadt c\u1ee7a Yamaha CLP 705<\/strong><\/h4>\n<ul>\n<li>\u01afu \u0111i\u1ec3m c\u1ee7a piano k\u1ef9 thu\u1eadt s\u1ed1 l\u00e0 b\u1ea1n kh\u00f4ng c\u1ea7n ph\u1ea3i \u0111i\u1ec1u ch\u1ec9nh d\u00e2y \u0111\u1ecbnh k\u1ef3 nh\u01b0 piano c\u01a1 (th\u01b0\u1eddng v\u1edbi piano c\u01a1 b\u1ea1n ph\u1ea3i ch\u1ec9nh d\u00e2y m\u1ed9t \u0111\u1ebfn hai l\u1ea7n trong m\u1ed9t n\u0103m) b\u1edfi \u00e2m thanh \u0111\u1ec1u \u0111\u01b0\u1ee3c l\u01b0u trong \u1ed5 c\u1ee9ng.<\/li>\n<li>B\u1ea1n kh\u00f4ng s\u1ee3 ti\u1ebfng \u0111\u00e0n piano c\u1ee7a m\u00ecnh l\u00e0m phi\u1ec1n nh\u1eefng ng\u01b0\u1eddi xung quanh khi piano k\u1ef9 thu\u1eadt s\u1ed1 cho ph\u00e9p b\u1ea1n k\u1ebft n\u1ed1i tai nghe.<\/li>\n<\/ul>\n<p><img fetchpriority=\"high\" decoding=\"async\" class=\"size-medium wp-image-6777 aligncenter\" src=\"https:\/\/anpiano.com\/wp-content\/uploads\/2021\/05\/clp-705-300x225.jpg\" alt=\"\" width=\"300\" height=\"225\" srcset=\"https:\/\/anpiano.com\/wp-content\/uploads\/2021\/05\/clp-705-300x225.jpg 300w, https:\/\/anpiano.com\/wp-content\/uploads\/2021\/05\/clp-705-768x576.jpg 768w, https:\/\/anpiano.com\/wp-content\/uploads\/2021\/05\/clp-705-247x185.jpg 247w, https:\/\/anpiano.com\/wp-content\/uploads\/2021\/05\/clp-705-510x383.jpg 510w, https:\/\/anpiano.com\/wp-content\/uploads\/2021\/05\/clp-705.jpg 800w\" sizes=\"(max-width: 300px) 100vw, 300px\" \/><\/p>\n<ul>\n<li>H\u1ed7 tr\u1ee3 m\u00e1y ghi \u00e2m gi\u00fap b\u1ea1n d\u1ec5 d\u00e0ng thu v\u00e0 nghe l\u1ea1i b\u1ea3n \u0111\u00e0n c\u1ee7a m\u00ecnh m\u00e0 kh\u00f4ng b\u1ecb l\u1eabn c\u00e1c t\u1ea1p \u00e2m.<\/li>\n<li>Nhi\u1ec1u d\u00f2ng piano c\u00f3 thi\u1ebft k\u1ebf giao di\u1ec7n MIDI, cho ph\u00e9p k\u1ebft n\u1ed1i \u0111\u00e0n v\u1edbi m\u00e1y t\u00ednh, t\u1eadn h\u01b0\u1edfng th\u1eddi \u0111\u1ea1i c\u00f4ng ngh\u1ec7 ti\u00ean ti\u1ebfn.<\/li>\n<\/ul>\n<div><span style=\"text-decoration: underline;\"><strong>\u00a0K\u00edch th\u01b0\u1edbc<\/strong><\/span><\/div>\n<ul>\n<li>Chi\u1ec1u r\u1ed9ng: 1,420 mm<\/li>\n<li>Chi\u1ec1u cao: 868 mm<\/li>\n<li>Chi\u1ec1u s\u00e2u: 606 mm<\/li>\n<\/ul>\n<div class=\"product-section\">\n<div class=\"row\">\n<div class=\"large-10 col pb-0 mb-0\">\n<div class=\"panel entry-content\">\n<div data-id=\"9ly1xDmkO1M\" data-query=\"\" data-src=\"https:\/\/www.youtube.com\/embed\/9ly1xDmkO1M\"><a href=\"https:\/\/www.facebook.com\/Anpiano.hanoi\" target=\"_blank\" rel=\"noopener\">T\u01b0 v\u1ea5n v\u00e0 ch\u1ecdn mua s\u1ea3n ph\u1ea9m kh\u00e1c t\u1ea1i \u0111\u00e2y<\/a><\/div>\n<div data-id=\"9ly1xDmkO1M\" data-query=\"\" data-src=\"https:\/\/www.youtube.com\/embed\/9ly1xDmkO1M\"><a href=\"http:\/\/thumuapiano.com\/\" target=\"_blank\" rel=\"noopener\">Ch\u00fang t\u00f4i nh\u1eadn thu mua Piano, h\u00e3y li\u00ean h\u1ec7 n\u1ebfu b\u1ea1n c\u00f3 nhu c\u1ea7u.<\/a><\/div>\n<\/div>\n<\/div>\n<\/div>\n<\/div>\n<div class=\"product-section\">\n<div class=\"row\">\n<div class=\"large-2 col pb-0 mb-0\"><\/div>\n<\/div>\n<\/div>\n","protected":false},"excerpt":{"rendered":"<h1><strong>Qu\u00e0 T\u1eb7ng:<\/strong><\/h1>\n<ul>\n<li>B\u1ea3o h\u00e0nh 12 th\u00e1ng <a href=\"https:\/\/anpiano.com\/chinh-sach-bao-hanh\/\">xem th\u00eam<\/a><\/li>\n<li>Gh\u1ebf<\/li>\n<li>Kh\u0103n ph\u1ee7 ph\u00edm<\/li>\n<li>\u0110\u1ed5i ngu\u1ed3n 220V<\/li>\n<li>Freeship HCM \u2013 HN \u2013 \u0110N &#8211; NT &#8211; BMT<\/li>\n<li>Kh\u00f3a h\u1ecdc online<\/li>\n<\/ul>\n","protected":false},"featured_media":6777,"comment_status":"open","ping_status":"closed","template":"","meta":[],"product_cat":[17,129],"product_tag":[474,610],"class_list":{"0":"post-6776","1":"product","2":"type-product","3":"status-publish","4":"has-post-thumbnail","6":"product_cat-piano-dan-dien","7":"product_cat-ya-ma-ha","8":"product_tag-an-piano","9":"product_tag-yamaha-clp-705","11":"first","12":"instock","13":"sale","14":"shipping-taxable","15":"purchasable","16":"product-type-simple"},"jetpack_sharing_enabled":true,"_links":{"self":[{"href":"https:\/\/anpiano.com\/index.php?rest_route=\/wp\/v2\/product\/6776"}],"collection":[{"href":"https:\/\/anpiano.com\/index.php?rest_route=\/wp\/v2\/product"}],"about":[{"href":"https:\/\/anpiano.com\/index.php?rest_route=\/wp\/v2\/types\/product"}],"replies":[{"embeddable":true,"href":"https:\/\/anpiano.com\/index.php?rest_route=%2Fwp%2Fv2%2Fcomments&post=6776"}],"version-history":[{"count":3,"href":"https:\/\/anpiano.com\/index.php?rest_route=\/wp\/v2\/product\/6776\/revisions"}],"predecessor-version":[{"id":14559,"href":"https:\/\/anpiano.com\/index.php?rest_route=\/wp\/v2\/product\/6776\/revisions\/14559"}],"wp:featuredmedia":[{"embeddable":true,"href":"https:\/\/anpiano.com\/index.php?rest_route=\/wp\/v2\/media\/6777"}],"wp:attachment":[{"href":"https:\/\/anpiano.com\/index.php?rest_route=%2Fwp%2Fv2%2Fmedia&parent=6776"}],"wp:term":[{"taxonomy":"product_cat","embeddable":true,"href":"https:\/\/anpiano.com\/index.php?rest_route=%2Fwp%2Fv2%2Fproduct_cat&post=6776"},{"taxonomy":"product_tag","embeddable":true,"href":"https:\/\/anpiano.com\/index.php?rest_route=%2Fwp%2Fv2%2Fproduct_tag&post=6776"}],"curies":[{"name":"wp","href":"https:\/\/api.w.org\/{rel}","templated":true}]}}