{"id":7961,"date":"2022-05-20T09:42:48","date_gmt":"2022-05-20T02:42:48","guid":{"rendered":"https:\/\/anpiano.com\/?post_type=product&#038;p=7961"},"modified":"2025-09-29T11:22:56","modified_gmt":"2025-09-29T04:22:56","slug":"yamaha-mx-100mr","status":"publish","type":"product","link":"https:\/\/anpiano.com\/?product=yamaha-mx-100mr","title":{"rendered":"Yamaha MX 100MR (b\u1ed9 t\u1ef1 ch\u01a1i)"},"content":{"rendered":"<h3>\u0110\u00e0n piano Yamaha MX 100MR (b\u1ed9 t\u1ef1 ch\u01a1i) l\u00e0 series cao c\u1ea5p c\u1ee7a h\u00e3ng Yamaha Nh\u1eadt B\u1ea3n.<\/h3>\n<ul>\n<li>\n<h4>Yamaha MX 100MR (b\u1ed9 t\u1ef1 ch\u01a1i)\u00a0 \u0111\u01b0\u1ee3c thi\u1ebft k\u1ebf l\u1ea1i to\u00e0n di\u1ec7n,s\u1eed d\u1ee5ng c\u00e1c v\u1eadt li\u1ec7u ti\u00eau chu\u1ea9n th\u1ebf gi\u1edbi ch\u1ea5t l\u01b0\u1ee3ng t\u1ed1t nh\u1ea5t, v\u1edbi nh\u1eefng ti\u1ebfn b\u1ed9 r\u1ea5t nhi\u1ec1u trong c\u00e1c thi\u1ebft k\u1ebf v\u00e0 s\u1ea3n xu\u1ea5t. Thi\u1ebft k\u1ebf tinh x\u1ea3o cho c\u00e1c chi ti\u1ebft c\u00e1c th\u00e0nh ph\u1ea7n c\u1ea3i thi\u1ec7n hi\u1ec7u su\u1ea5t \u00e2m, trong khi c\u00e1c s\u1eeda \u0111\u1ed5i kh\u00e1c l\u00e0m t\u0103ng \u0111\u1ed9 m\u1ea1nh m\u1ebd v\u00e0 \u0111\u1ed9 b\u1ec1n c\u1ee7a \u0111\u00e0n. N\u1eafp ph\u00edm r\u1ed9ng th\u00eam cung c\u1ea5p nhi\u1ec1u ch\u1ed7 h\u01a1n cho sheet\u00a0 nh\u1ea1c c\u1ee7a b\u1ea1n. V\u00e0 nh\u00e0 s\u1ea3n xu\u1ea5t \u0111\u1eb7t ra nh\u1eefng ti\u00eau chu\u1ea9n \u0111\u1eb7c bi\u1ec7t kh\u1eaft khe, k\u1ebft h\u1ee3p c\u00e1c tinh t\u00fay chuy\u1ec3n th\u1ec3 t\u1eeb \u0111\u00e0n Piano grand \u0111\u1ec3 ch\u1ebf t\u00e1c ra c\u00e1c c\u00e2y \u0111\u00e0n d\u00f2ng M ti\u00eau chu\u1ea9n t\u1ed1t nh\u1ea5t.<\/h4>\n<\/li>\n<\/ul>\n<p><img decoding=\"async\" class=\"alignnone\" src=\"https:\/\/anpiano.com\/wp-content\/uploads\/2022\/05\/z3428075546432_417d2c6022e0957a84c19dc4a2a61dad-150x150.jpg\" \/><\/p>\n<ul>\n<li>\n<h4><span class=\"s1\">B\u1ea3ng c\u1ed9ng h\u01b0\u1edfng c\u1ee7a Yamaha MX100MR \u0111\u01b0\u1ee3c l\u00e0m t\u1eeb g\u1ed7 v\u00e2n sam ch\u1eafc ch\u1eafn \u0111\u01b0\u1ee3c l\u1ef1a ch\u1ecdn c\u1ea9n th\u1eadn , \u0111\u1ec3 \u0111\u1ea1t ti\u00eau chu\u1ea9n \u0111\u1ed9 ng\u00e2n c\u1ee7a thanh \u00e2m t\u1ed1t nh\u1ea5t. Nh\u1edd \u0111\u00f3 t\u1ea1o ra ti\u1ebfng c\u1ee7a MX100R r\u1ea5t hay v\u1edbi \u00e2m v\u1ef1c chu\u1ea9n h\u01a1n.<br \/>\n<\/span><\/h4>\n<\/li>\n<li class=\"p4\">\n<h4><span class=\"s1\"><span class=\"s1\">V\u1edbi n\u1eafp ph\u00edm r\u1ed9ng b\u1ea1n s\u1ebd c\u00f3 nhi\u1ec1u kh\u00f4ng gian h\u01a1n cho sheet nh\u1ea1c. V\u00e0 nh\u00e0 s\u1ea3n xu\u1ea5t \u0111\u1eb7t ra nh\u1eefng ti\u00eau chu\u1ea9n \u0111\u1eb7c bi\u1ec7t kh\u1eaft khe, k\u1ebft h\u1ee3p c\u00e1c tinh t\u00fay chuy\u1ec3n th\u1ec3 t\u1eeb \u0111\u00e0n piano Yamaha Grand piano \u0111\u1ec3 ch\u1ebf t\u00e1c ra c\u00e1c c\u00e2y \u0111\u00e0n d\u00f2ng M theo ti\u00eau chu\u1ea9n t\u1ed1t nh\u1ea5t.<\/span><\/span><\/h4>\n<\/li>\n<li class=\"p5\"><span class=\"s1\">\u0110\u00e0n piano c\u01a1 cao c\u1ea5p Yamaha MX100MR c\u00f3 \u00e2m thanh tuy\u1ec7t h\u1ea3o, \u0111\u1ed9 nh\u1ea1y ph\u00edm \u0111\u00e0n, l\u1ef1c ph\u1ea3n h\u1ed3i t\u1eeb b\u00e0n ph\u00edm khi ng\u00f3n tay ch\u1ea1m v\u00e0o s\u1ebd nhanh v\u00e0 nh\u1ea1y h\u01a1n x\u1ee9ng \u0111\u00e1ng l\u00e0 l\u1ef1a ch\u1ecdn h\u00e0ng \u0111\u1ea7u cho m\u1ecdi gia \u0111\u00ecnh<\/span>.<br \/>\n<table id=\"tblGeneralAttribute\" class=\"table table-bordered\" style=\"height: 419px;\" width=\"505\">\n<tbody>\n<tr class=\"row-info\">\n<td>Th\u01b0\u01a1ng hi\u1ec7u<\/td>\n<td>Yamaha<\/td>\n<\/tr>\n<tr class=\"row-info\">\n<td>Model<\/td>\n<td>MX100MR<\/td>\n<\/tr>\n<tr class=\"row-info\">\n<td>M\u00e0u s\u1eafc<\/td>\n<td>Polished Ebony<\/td>\n<\/tr>\n<tr class=\"row-info\">\n<td>Ch\u1ea5t li\u1ec7u<\/td>\n<td>G\u1ed7 nguy\u00ean kh\u1ed1i<\/td>\n<\/tr>\n<tr class=\"row-info\">\n<td>Xu\u1ea5t x\u1ee9<\/td>\n<td>Nh\u1eadt B\u1ea3n<\/td>\n<\/tr>\n<tr class=\"row-info\">\n<td>B\u00e0n ph\u00edm<\/td>\n<td>88-ph\u00edm, B\u00e0n ph\u00edm ho\u1ea1t \u0111\u1ed9ng d\u1ea1ng g\u00f5 theo t\u1ec9 l\u1ec7<\/td>\n<\/tr>\n<tr class=\"row-info\">\n<td>K\u00edch th\u01b0\u1edbc<\/td>\n<td>Cao 127cm | R\u1ed9ng 149cm | S\u00e2u 58cm<\/td>\n<\/tr>\n<tr class=\"row-info\">\n<td>Tr\u1ecdng l\u01b0\u1ee3ng<\/td>\n<td>238 Kg<\/td>\n<\/tr>\n<tr class=\"row-info\">\n<td>Pedal<\/td>\n<td>3<\/td>\n<\/tr>\n<tr class=\"row-info\">\n<td>Ch\u1ea5t l\u01b0\u1ee3ng Body (th\u00e2n v\u1ecf)<\/td>\n<td>B+: T\u1ed1t \u2013 m\u00e0u s\u01a1n c\u00f2n s\u00e1ng b\u00f3ng s\u1ea1ch s\u1ebd<\/td>\n<\/tr>\n<tr class=\"row-info\">\n<td>Ch\u1ea5t l\u01b0\u1ee3ng Key (b\u00e0n ph\u00edm)<\/td>\n<td>A : R\u1ea5t t\u1ed1t<\/td>\n<\/tr>\n<tr class=\"row-info\">\n<td>Ch\u1ea5t l\u01b0\u1ee3ng Action ( B\u1ed9 m\u00e1y)<\/td>\n<td>A : R\u1ea5t t\u1ed1t<\/td>\n<\/tr>\n<tr class=\"row-info\">\n<td>Ch\u1ea5t l\u01b0\u1ee3ng Soundboard<\/td>\n<td>A : R\u1ea5t t\u1ed1t<\/td>\n<\/tr>\n<tr class=\"row-info\">\n<td>Xu\u1ea5t x\u1ee9<\/td>\n<td>Nh\u1eadt B\u1ea3n<\/td>\n<\/tr>\n<tr class=\"row-info\">\n<td><\/td>\n<td><\/td>\n<\/tr>\n<\/tbody>\n<\/table>\n<\/li>\n<\/ul>\n<div data-id=\"9ly1xDmkO1M\" data-query=\"\" data-src=\"https:\/\/www.youtube.com\/embed\/9ly1xDmkO1M\"><a href=\"https:\/\/www.facebook.com\/Anpiano.hanoi\" target=\"_blank\" rel=\"noopener\">T\u01b0 v\u1ea5n v\u00e0 ch\u1ecdn mua s\u1ea3n ph\u1ea9m kh\u00e1c t\u1ea1i \u0111\u00e2y<\/a><\/div>\n<div data-id=\"9ly1xDmkO1M\" data-query=\"\" data-src=\"https:\/\/www.youtube.com\/embed\/9ly1xDmkO1M\"><a href=\"http:\/\/thumuapiano.com\/\" target=\"_blank\" rel=\"noopener\">Ch\u00fang t\u00f4i nh\u1eadn thu mua Piano, h\u00e3y li\u00ean h\u1ec7 n\u1ebfu b\u1ea1n c\u00f3 nhu c\u1ea7u.<\/a><\/div>\n","protected":false},"excerpt":{"rendered":"<ul>\n<li>B\u1ea3o h\u00e0nh 10 n\u0103m\u00a0<a href=\"https:\/\/anpiano.com\/chinh-sach-bao-hanh\/\">xem th\u00eam<\/a><\/li>\n<li>Gh\u1ebf<\/li>\n<li>Kh\u0103n ph\u1ee7 ph\u00edm<\/li>\n<li>Kh\u0103n ph\u1ee7 \u0111\u00e0n<\/li>\n<li>\u1ed0ng s\u1ea5y<\/li>\n<li>Freeship HCM \u2013 HN \u2013 \u0110N &#8211; NT &#8211; BMT<\/li>\n<li>Kh\u00f3a h\u1ecdc online<\/li>\n<\/ul>\n","protected":false},"featured_media":7962,"comment_status":"open","ping_status":"closed","template":"","meta":[],"product_cat":[125,326],"product_tag":[938,942,940,941,939],"class_list":{"0":"post-7961","1":"product","2":"type-product","3":"status-publish","4":"has-post-thumbnail","6":"product_cat-piano-upright","7":"product_cat-yamaha-upright","8":"product_tag-dan-piano-yamaha-mx-100mr","9":"product_tag-mx-100","10":"product_tag-mx-100mr","11":"product_tag-piano-co-tu-choi","12":"product_tag-yamaha-mx-100mr","14":"first","15":"instock","16":"sale","17":"shipping-taxable","18":"purchasable","19":"product-type-simple"},"jetpack_sharing_enabled":true,"_links":{"self":[{"href":"https:\/\/anpiano.com\/index.php?rest_route=\/wp\/v2\/product\/7961"}],"collection":[{"href":"https:\/\/anpiano.com\/index.php?rest_route=\/wp\/v2\/product"}],"about":[{"href":"https:\/\/anpiano.com\/index.php?rest_route=\/wp\/v2\/types\/product"}],"replies":[{"embeddable":true,"href":"https:\/\/anpiano.com\/index.php?rest_route=%2Fwp%2Fv2%2Fcomments&post=7961"}],"version-history":[{"count":3,"href":"https:\/\/anpiano.com\/index.php?rest_route=\/wp\/v2\/product\/7961\/revisions"}],"predecessor-version":[{"id":14411,"href":"https:\/\/anpiano.com\/index.php?rest_route=\/wp\/v2\/product\/7961\/revisions\/14411"}],"wp:featuredmedia":[{"embeddable":true,"href":"https:\/\/anpiano.com\/index.php?rest_route=\/wp\/v2\/media\/7962"}],"wp:attachment":[{"href":"https:\/\/anpiano.com\/index.php?rest_route=%2Fwp%2Fv2%2Fmedia&parent=7961"}],"wp:term":[{"taxonomy":"product_cat","embeddable":true,"href":"https:\/\/anpiano.com\/index.php?rest_route=%2Fwp%2Fv2%2Fproduct_cat&post=7961"},{"taxonomy":"product_tag","embeddable":true,"href":"https:\/\/anpiano.com\/index.php?rest_route=%2Fwp%2Fv2%2Fproduct_tag&post=7961"}],"curies":[{"name":"wp","href":"https:\/\/api.w.org\/{rel}","templated":true}]}}