{"id":9344,"date":"2023-02-28T16:22:39","date_gmt":"2023-02-28T09:22:39","guid":{"rendered":"https:\/\/anpiano.com\/?post_type=product&#038;p=9344"},"modified":"2025-09-27T17:28:19","modified_gmt":"2025-09-27T10:28:19","slug":"yamaha-hq300sx","status":"publish","type":"product","link":"https:\/\/anpiano.com\/?product=yamaha-hq300sx","title":{"rendered":"Yamaha HQ300SX (B\u1ed9 t\u1ef1 ch\u01a1i)"},"content":{"rendered":"<h3><strong>Yamaha HQ300SX<\/strong> l\u00e0 m\u1ed9t trong nh\u1eefng s\u1ea3n ph\u1ea9m cao c\u1ea5p nh\u1ea5t c\u1ee7a d\u00f2ng Upright piano Yamaha<\/h3>\n<p>\u0110\u00e0n c\u00f3 thi\u1ebft k\u1ebf sang tr\u1ecdng v\u00e0 \u0111\u01b0\u1ee3c trang b\u1ecb ch\u1ee9c n\u0103ng silent c\u00f9ng ch\u1ee9c n\u0103ng bi\u1ec3u di\u1ec5n t\u1ef1 \u0111\u1ed9ng. \u0110\u00e2y l\u00e0 l\u1ef1a ch\u1ecdn h\u00e0ng \u0111\u1ea7u c\u1ee7a nh\u1eefng ng\u01b0\u1eddi ch\u01a1i \u0111\u00e0n chuy\u00ean nghi\u1ec7p v\u1edbi ch\u1ea5t l\u01b0\u1ee3ng \u00e2m thanh tuy\u1ec7t h\u1ea3o v\u00e0 b\u1ed9 ph\u00edm \u0111\u00e0n c\u00f3 \u0111\u1ed9 nh\u1ea1y r\u1ea5t cao. <strong>Yamaha HQ300SX <\/strong>l\u00e0 m\u1eabu \u0111\u00e0n piano c\u01a1 c\u0169 ch\u1ea5t l\u01b0\u1ee3ng, \u0111\u01b0\u1ee3c thi\u1ebft k\u1ebf theo phong c\u00e1ch sang tr\u1ecdng v\u00e0 k\u1ebf h\u1ee3p v\u1edbi c\u00e1c thi\u1ebft b\u1ecb hi\u1ec7n \u0111\u1ea1i, mang l\u1ea1i cho ng\u01b0\u1eddi d\u00f9ng kh\u00f4ng ch\u1ec9 c\u1ea3m nh\u1eadn ti\u1ebfng du d\u01b0\u01a1ng c\u1ee7a piano m\u00e0 c\u00f2n l\u01b0u gi\u1eef nh\u1eefng b\u1ea3n nh\u1ea1c hay. \u0110\u00e2y l\u00e0 c\u00e2y \u0111\u00e0n piano c\u0169 th\u01b0\u1eddng s\u1eed d\u00f9ng \u0111\u1ec3 h\u1ecdc t\u1eadp v\u00e0 gi\u1ea3i tr\u00ed t\u1ea1i nh\u00e0<\/p>\n<p>.<img fetchpriority=\"high\" decoding=\"async\" class=\"alignnone size-medium wp-image-9435\" src=\"https:\/\/anpiano.com\/wp-content\/uploads\/2023\/02\/4f99521d61c8bb96e2d9-1-300x300.jpg\" alt=\"Yamaha HQ300SX\" width=\"300\" height=\"300\" srcset=\"https:\/\/anpiano.com\/wp-content\/uploads\/2023\/02\/4f99521d61c8bb96e2d9-1-300x300.jpg 300w, https:\/\/anpiano.com\/wp-content\/uploads\/2023\/02\/4f99521d61c8bb96e2d9-1-1024x1024.jpg 1024w, https:\/\/anpiano.com\/wp-content\/uploads\/2023\/02\/4f99521d61c8bb96e2d9-1-150x150.jpg 150w, https:\/\/anpiano.com\/wp-content\/uploads\/2023\/02\/4f99521d61c8bb96e2d9-1-768x768.jpg 768w, https:\/\/anpiano.com\/wp-content\/uploads\/2023\/02\/4f99521d61c8bb96e2d9-1-510x510.jpg 510w, https:\/\/anpiano.com\/wp-content\/uploads\/2023\/02\/4f99521d61c8bb96e2d9-1-100x100.jpg 100w, https:\/\/anpiano.com\/wp-content\/uploads\/2023\/02\/4f99521d61c8bb96e2d9-1.jpg 1276w\" sizes=\"(max-width: 300px) 100vw, 300px\" \/><\/p>\n<p>\u0110\u00e0n \u0111\u01b0\u1ee3c t\u00edch h\u1ee3p c\u00e1c t\u00ednh n\u0103ng c\u00f4ng ngh\u1ec7 n\u1ed5i tr\u1ed9i:<\/p>\n<p>\u2013 Ch\u1ee9c n\u0103ng im l\u1eb7ng (Silent \u2013 c\u1eafm tai nghe): gi\u00fap cho ng\u01b0\u1eddi ch\u01a1i \u0111\u00e0n c\u00f3 th\u1ec3 th\u1ef1c h\u00e0nh ho\u1eb7c th\u01b0\u1edfng th\u1ee9c \u00e2m nh\u1ea1c v\u00e0o b\u1ea5t c\u1ee9 th\u1eddi gian n\u00e0o, kh\u00f4ng k\u1ec3 ng\u00e0y hay \u0111\u00eam.<\/p>\n<p>\u2013 Ch\u1ee9c n\u0103ng bi\u1ec3u di\u1ec5n t\u1ef1 \u0111\u1ed9ng (t\u1ef1 ch\u01a1i): gi\u00fap ng\u01b0\u1eddi s\u1edf h\u1eefu c\u00e2y \u0111\u00e0n th\u01b0 gi\u00e3n sau m\u1ed9t ng\u00e0y b\u1eadn r\u1ed9n hay h\u00e2m n\u00f3ng b\u1ea7u kh\u00f4ng kh\u00ed trong c\u00e1c bu\u1ed5i g\u1eb7p g\u1ee1 b\u1ea1n b\u00e8, \u0111\u1ed3ng nghi\u1ec7p<\/p>\n<p>\u2013 Ch\u1ee9c n\u0103ng ghi l\u1ea1i b\u00e0i nh\u1ea1c r\u1ed3i ph\u00e1t l\u1ea1i: gi\u00fap cho ng\u01b0\u1eddi ch\u01a1i \u0111\u00e0n c\u00f3 th\u1ec3 nghe l\u1ea1i c\u00e1c b\u00e0i nh\u1ea1c m\u00ecnh v\u1eeba \u0111\u00e1nh.<\/p>\n<p>V\u1edbi vi\u1ec7c s\u1edf h\u1eefu b\u1ea3ng c\u1ed9ng h\u01b0\u1edfng l\u1edbn v\u00e0 d\u00e2y d\u00e0i h\u01a1n, c\u00e2y \u0111\u00e0n piano c\u01a1 Yamaha HQ300SX mang l\u1ea1i ch\u1ea5t l\u01b0\u1ee3ng \u00e2m thanh phong ph\u00fa.<\/p>\n<p>B\u00faa \u0111\u00e0n \u0111\u01b0\u1ee3c l\u00e0m ho\u00e0n to\u00e0n t\u1eeb l\u00f4ng c\u1eebu t\u1ef1 nhi\u00ean n\u00e9n ch\u1eb7t v\u1edbi hai l\u1edbp n\u1ec9 \u1edf l\u00f5i b\u00faa. C\u01a1 ch\u1ebf v\u1eadn \u0111\u1ed9ng c\u1ee7a b\u00faa \u0111\u00e0n \u0111\u01b0\u1ee3c thi\u1ebft k\u1ebf v\u00f4 c\u00f9ng chu\u1ea9n x\u00e1c \u0111\u1ec3 lu\u00f4n \u0111\u1eadp v\u00e0o d\u00e2y \u0111\u00e0n t\u1ea1i \u0111\u00fang v\u1ecb tr\u00ed \u0111\u00e3 \u0111\u01b0\u1ee3c \u0111o \u0111\u1ea1c t\u1eeb tr\u01b0\u1edbc.<\/p>\n<p>Ra \u0111\u1eddi v\u00e0o giai \u0111o\u1ea1n 1995-1996, Yamaha HQ300 l\u00e0 m\u1eabu \u0111\u00e0n c\u00f2n kh\u00e1 m\u1edbi, do \u0111\u00f3, c\u00e1c \u1ee9ng d\u1ee5ng c\u00f4ng ngh\u1ec7 v\u00e0 k\u0129 thu\u1eadt ch\u1ebf t\u00e1c hi\u1ec7n \u0111\u1ea1i \u0111\u1ec1u c\u00f3 th\u1ec3 t\u00ecm th\u1ea5y \u1edf m\u1eabu \u0111\u00e0n n\u00e0y.<\/p>\n<p>\u0110\u00e0n \u0111\u01b0\u1ee3c trang b\u1ecb c\u00f4ng ngh\u1ec7 t\u1ef1 ch\u01a1i, ghi \u00e2m qua h\u1ec7 th\u1ed1ng \u0111\u0129a m\u1ec1m v\u00e0 ch\u1ebf \u0111\u1ed9 y\u00ean l\u1eb7ng (\u0111eo tai nghe khi ch\u01a1i), h\u1ed7 tr\u1ee3 \u0111\u1eafc l\u1ef1c cho qu\u00e1 tr\u00ecnh luy\u1ec7n t\u1eadp v\u00e0 gi\u1ea3i tr\u00ed h\u00e0ng ng\u00e0y.<\/p>\n<p>B\u1ea3ng c\u1ed9ng h\u01b0\u1edfng c\u1ee7a\u00a0<strong>Yamaha<\/strong>\u00a0<strong>HQ300<\/strong>\u00a0\u0111\u01b0\u1ee3c ch\u1ebf t\u00e1c t\u1eeb g\u1ed7 v\u00e2n sam, m\u1ed9t lo\u1ea1i g\u1ed7 nh\u1eb9, c\u1ee9ng, \u0111\u1ed9 vang \u00e2m cao, \u0111\u01b0\u1ee3c s\u1eed d\u1ee5ng trong c\u00e1c m\u1eabu \u0111\u00e0n cao c\u1ea5p tr\u00ean to\u00e0n th\u1ebf gi\u1edbi.<\/p>\n<p>Khung \u0111\u00e0n \u0111\u01b0\u1ee3c l\u00e0m b\u1eb1ng kim lo\u1ea1i theo c\u00f4ng ngh\u1ec7 h\u00fat ch\u00e2n kh\u00f4ng V-pro gi\u00fap t\u0103ng \u0111\u1ed9 b\u1ec1n l\u00ean g\u1ea5p nhi\u1ec1u l\u1ea7n so v\u1edbi k\u0129 thu\u1eadt ch\u1ebf t\u00e1c truy\u1ec1n th\u1ed1ng.<\/p>\n<p>V\u1edbi c\u00f4ng ngh\u1ec7 \u0111\u00f9n nh\u00f4m Aluminum Alloy Action Rails, b\u1ed9 c\u01a1 \u0111\u00e0n ho\u1ea1t \u0111\u1ed9ng linh ho\u1ea1t h\u01a1n v\u00e0 b\u1ec1n l\u00e2u h\u01a1n tr\u01b0\u1edbc \u0111i\u1ec1u ki\u1ec7n th\u1eddi ti\u1ebft kh\u1eafc nghi\u1ec7t.<\/p>\n<p>B\u00e0n ph\u00edm HQ300 v\u1edbi 88 ph\u00edm ti\u00eau chu\u1ea9n \u0111\u01b0\u1ee3c g\u1ecdt gi\u0169a b\u1eb1ng tay v\u1edbi s\u1ef1 chu\u1ea9n x\u00e1c g\u1ea7n nh\u01b0 tuy\u1ec7t \u0111\u1ed1i, tr\u1ea3i qua giai \u0111o\u1ea1n ki\u1ec3m tra nghi\u00eam ng\u1eb7t tr\u01b0\u1edbc khi \u0111\u01b0\u1ee3c ph\u1ee7 m\u1ed9t l\u1edbp s\u01a1n cao c\u1ea5p gi\u1ea3 ng\u00e0 voi.<\/p>\n<h3>TH\u00d4NG S\u1ed0 K\u1ef8 THU\u1eacT<\/h3>\n<table border=\"1\">\n<tbody>\n<tr>\n<td><strong>M\u00c3 S\u1ea2N PH\u1ea8M<\/strong><\/td>\n<td><strong>Yamaha HQ300SX<\/strong><\/td>\n<\/tr>\n<tr>\n<td><strong>T\u00ccNH TR\u1ea0NG<\/strong><\/td>\n<td>\u0110\u00e3 qua s\u1eed d\u1ee5ng \u2013 C\u00f2n m\u1edbi tr\u00ean 95%<\/td>\n<\/tr>\n<tr>\n<td><strong>N\u01af\u1edaC S\u1ea2N XU\u1ea4T<\/strong><\/td>\n<td>Nh\u1eadt B\u1ea3n<\/td>\n<\/tr>\n<tr>\n<td><strong>N\u0102M S\u1ea2N XU\u1ea4T<\/strong><\/td>\n<td>1995\u20131996<\/td>\n<\/tr>\n<tr>\n<td><strong>M\u00c0U S\u1eaeC<\/strong><\/td>\n<td>\u0110en \u0111\u00e1nh b\u00f3ng<\/td>\n<\/tr>\n<tr>\n<td><strong>K\u00cdCH TH\u01af\u1edaC<\/strong><\/td>\n<td>Cao 131 x R\u1ed9ng 153 x S\u00e2u 65cm<\/td>\n<\/tr>\n<tr>\n<td><strong>TR\u1eccNG L\u01af\u1ee2NG<\/strong><\/td>\n<td>265 kg<\/td>\n<\/tr>\n<\/tbody>\n<\/table>\n<div data-id=\"9ly1xDmkO1M\" data-query=\"\" data-src=\"https:\/\/www.youtube.com\/embed\/9ly1xDmkO1M\"><\/div>\n<div data-id=\"9ly1xDmkO1M\" data-query=\"\" data-src=\"https:\/\/www.youtube.com\/embed\/9ly1xDmkO1M\"><a href=\"https:\/\/www.facebook.com\/Anpiano.hanoi\" target=\"_blank\" rel=\"noopener\">T\u01b0 v\u1ea5n v\u00e0 ch\u1ecdn mua s\u1ea3n ph\u1ea9m kh\u00e1c t\u1ea1i \u0111\u00e2y<\/a><\/div>\n<div data-id=\"9ly1xDmkO1M\" data-query=\"\" data-src=\"https:\/\/www.youtube.com\/embed\/9ly1xDmkO1M\"><a href=\"http:\/\/thumuapiano.com\/\" target=\"_blank\" rel=\"noopener\">Ch\u00fang t\u00f4i nh\u1eadn thu mua Piano, h\u00e3y li\u00ean h\u1ec7 n\u1ebfu b\u1ea1n c\u00f3 nhu c\u1ea7u.<\/a><\/div>\n","protected":false},"excerpt":{"rendered":"<ul>\n<li>B\u1ea3o h\u00e0nh 10 n\u0103m\u00a0<a href=\"https:\/\/anpiano.com\/chinh-sach-bao-hanh\/\">xem th\u00eam<\/a><\/li>\n<li>Gh\u1ebf<\/li>\n<li>Kh\u0103n ph\u1ee7 ph\u00edm<\/li>\n<li>Kh\u0103n ph\u1ee7 \u0111\u00e0n<\/li>\n<li>\u1ed0ng s\u1ea5y<\/li>\n<li>Freeship HCM \u2013 HN \u2013 \u0110N\u00a0&#8211; NT &#8211; BMT<\/li>\n<li>Kh\u00f3a h\u1ecdc online<\/li>\n<\/ul>\n<p><strong>Yamaha HQ300SX<\/strong> l\u00e0 m\u1ed9t trong nh\u1eefng s\u1ea3n ph\u1ea9m cao c\u1ea5p nh\u1ea5t c\u1ee7a d\u00f2ng Upright piano Yamaha. \u0110\u00e0n c\u00f3 thi\u1ebft k\u1ebf sang tr\u1ecdng v\u00e0 \u0111\u01b0\u1ee3c trang b\u1ecb ch\u1ee9c n\u0103ng silent c\u00f9ng ch\u1ee9c n\u0103ng bi\u1ec3u di\u1ec5n t\u1ef1 \u0111\u1ed9ng. \u0110\u00e2y l\u00e0 l\u1ef1a ch\u1ecdn h\u00e0ng \u0111\u1ea7u c\u1ee7a nh\u1eefng ng\u01b0\u1eddi ch\u01a1i \u0111\u00e0n chuy\u00ean nghi\u1ec7p v\u1edbi ch\u1ea5t l\u01b0\u1ee3ng \u00e2m thanh tuy\u1ec7t h\u1ea3o v\u00e0 b\u1ed9 ph\u00edm \u0111\u00e0n c\u00f3 \u0111\u1ed9 nh\u1ea1y r\u1ea5t cao.<\/p>\n","protected":false},"featured_media":11038,"comment_status":"open","ping_status":"closed","template":"","meta":[],"product_cat":[125,326],"product_tag":[474,672,689,142,283,632,657,298,634,140],"class_list":{"0":"post-9344","1":"product","2":"type-product","3":"status-publish","4":"has-post-thumbnail","6":"product_cat-piano-upright","7":"product_cat-yamaha-upright","8":"product_tag-an-piano","9":"product_tag-dan-co-yamaha","10":"product_tag-dan-yamaha","11":"product_tag-piano","12":"product_tag-piano-co","13":"product_tag-piano-co-gia-re","14":"product_tag-piano-co-yamaha","15":"product_tag-piano-upright","16":"product_tag-piano-yamaha","17":"product_tag-yamaha","19":"first","20":"instock","21":"sale","22":"shipping-taxable","23":"purchasable","24":"product-type-simple"},"jetpack_sharing_enabled":true,"_links":{"self":[{"href":"https:\/\/anpiano.com\/index.php?rest_route=\/wp\/v2\/product\/9344"}],"collection":[{"href":"https:\/\/anpiano.com\/index.php?rest_route=\/wp\/v2\/product"}],"about":[{"href":"https:\/\/anpiano.com\/index.php?rest_route=\/wp\/v2\/types\/product"}],"replies":[{"embeddable":true,"href":"https:\/\/anpiano.com\/index.php?rest_route=%2Fwp%2Fv2%2Fcomments&post=9344"}],"version-history":[{"count":2,"href":"https:\/\/anpiano.com\/index.php?rest_route=\/wp\/v2\/product\/9344\/revisions"}],"predecessor-version":[{"id":14284,"href":"https:\/\/anpiano.com\/index.php?rest_route=\/wp\/v2\/product\/9344\/revisions\/14284"}],"wp:featuredmedia":[{"embeddable":true,"href":"https:\/\/anpiano.com\/index.php?rest_route=\/wp\/v2\/media\/11038"}],"wp:attachment":[{"href":"https:\/\/anpiano.com\/index.php?rest_route=%2Fwp%2Fv2%2Fmedia&parent=9344"}],"wp:term":[{"taxonomy":"product_cat","embeddable":true,"href":"https:\/\/anpiano.com\/index.php?rest_route=%2Fwp%2Fv2%2Fproduct_cat&post=9344"},{"taxonomy":"product_tag","embeddable":true,"href":"https:\/\/anpiano.com\/index.php?rest_route=%2Fwp%2Fv2%2Fproduct_tag&post=9344"}],"curies":[{"name":"wp","href":"https:\/\/api.w.org\/{rel}","templated":true}]}}